Resums Climàtics NOAA


Resum 2020 Octubre
                   Monthly Climatological Summary for oct. 2020

Name: Sant Baldiri   City: Lliçà d'Amunt   State: Barcelona
Elevation: 137 m  Lat: N 41° 36' 11"   Lon: E 002° 14' 24"

                  Temperature (°C), Rain (mm), Wind Speed (km/h)

                                      Heat  Cool        Avg
    Mean                              Deg   Deg         Wind                 Dom
Day Temp  High   Time   Low    Time   Days  Days  Rain  Speed High   Time    Dir
----------------------------------------------------------------------------------
 1  18,3  28,0   15:14  12,7   04:12  11,7  18,3   0,0   1,0  24,1   16:55   ESE
 2  15,0  18,7   13:21   9,4   23:59  14,5  14,4   5,5   0,5  29,0   14:20    SO
 3  13,8  18,9   14:09   7,7   02:15  16,2  13,8   0,3   3,9  37,0   12:40    SO
 4  14,7  22,4   15:12   7,4   07:54  15,3  14,7   0,0   2,3  30,6   12:15    SO
 5  14,4  22,3   15:23   7,3   05:56  15,6  14,4   0,0   0,7  24,1   15:59    SE
 6  16,5  27,2   16:32   8,3   05:30  13,5  16,5   0,0   0,7  24,1   16:45   SSO
 7  18,4  24,2   12:00  14,3   02:55  11,6  18,4   0,0   0,7  22,5   13:39   ESE
 8  19,5  24,1   16:17  16,8   23:48  10,4  19,6   0,0   0,6  25,7   15:39   SSE
 9  18,8  25,4   15:18  13,3   08:38  11,2  18,8   0,0   1,0  24,1   13:44   ESE
10  16,7  20,1   12:45  11,9   23:37  13,3  16,7  47,1   0,5  24,1   21:28     N
11  13,7  20,7   15:28   8,7   08:10  16,3  13,7   7,3   0,6  19,3   16:13     E
12  13,2  23,1   15:23   5,3   07:56  16,8  13,2   0,3   0,5  19,3   17:58   ENE
13  14,1  19,3   12:20   9,0   08:18  15,9  14,1   0,0   0,8  20,9   15:50     E
14  12,0  18,6   15:59   5,5   23:59  16,8  11,2  20,8   0,4  29,0   18:49   NNO
15   9,3  17,9   15:24   3,9   04:39  20,6   9,3   4,4   0,7  24,1   17:48   ENE
16  10,3  19,2   15:27   4,4   08:24  17,6   9,2   0,3   0,2  17,7   14:28    SE
17  10,6  19,7   15:22   3,6   08:11  19,4  10,6   0,0   0,4  14,5   13:51   ESE
18  11,7  19,9   16:53   4,8   08:27  18,1  11,6   0,0   0,1  19,3   13:44     S
19  12,8  20,8   15:00   6,8   06:57  17,2  12,8   0,3   0,2  14,5   15:01   SSE
----------------------------------------------------------------------------------
    14,4  28,0     1     3,6    17   292,0 271,3  86,3   0,8  37,0     3       S

Max >=  30,0:  0
Max <=  10,0:  0
Min <=   0,0:  0
Min <=  -5,0:  0
Max Rain: 47,1 on day 10
Days of Rain: 9 (>= 0,2 mm)  2 (>= 10,0 mm)  2 (>= 20,0 mm)
Heat Base: 30,0  Cool Base: 0,0  Method: Integration