Resums Climàtics NOAA

Selecciona un any o mes per veure el resum
2020: Gen Feb Mar abr Mai Jun jul Ago Set Oct Nov Des
2019: Gen Feb Mar abr Mai Jun jul Ago Set Oct Nov Des
2018: Gen Feb Mar abr Mai Jun jul Ago Set Oct Nov Des
2017: Gen Feb Mar abr Mai Jun jul Ago Set Oct Nov Des
2016: Gen Feb Mar abr Mai Jun jul Ago Set Oct Nov Des

Resum 2016
                   Annual Climatological Summary for 2016

Name: Sant Baldiri   City: Lliçà d'Amunt   State: Barcelona
Elevation: 137 m  Lat: N 41° 36' 11"   Lon: E 002° 14' 24"

                  Temperature (°C), Heat Base: 30,0  Cool Base: 0,0
                          Dep.  Heat  Cool                       Max  Max  Min  Min
        Mean  Mean        From  Deg   Deg                        >=   <=   <=   <=
 YR MO  Max   Min   Mean  Norm  Days  Days  Hi  Date  Low  Date 30,0 10,0  0,0  -5,0
------------------------------------------------------------------------------------
 16  1	15,3   4,6   4,6   0.0   191   	    22,9   8  -3,0   17    0    0    1    0
 16  2  16,6   4,2   9,9   0.0   495   241  22,8  13  -1,7   16    0    0    3    0
 16  3  17,1   4,7  10,4   0.0   601   313  24,2  29  -0,6   10    0    1    2    0
 16  4  19,4   8,1  13,4   0.0   493   396  25,6  16   3,7    9    0    0    0    0
 16  5  22,5  10,3  16,1   0.0   431   498  28,8  27   3,7    1    0    0    0    0
 16  6  27,6  14,8  21,2   0.0   264   630  32,9  23   9,7   19    6    0    0    0
 16  7  31,0  18,2  24,5   0.0   170   746  36,8  20  13,9   19   24    0    0    0
 16  8  30,6  17,9  24,0   0.0   190   742  34,9   4  14,6   14   20    0    0    0
 16  9  28,6  15,8  21,7   0.0   248   643  36,7   4  11,6   15   11    0    0    0
 16 10  22,0  12,9  16,7   0.0   408   511  27,2   1   9,4   12    0    0    0    0
 16 11  17,8   7,1  11,8   0.0   520   341  22,4   1   2,2    8    0    0    0    0
 16 12  15,7   3,1   8,3   0.0   671   258  19,4   9  -1,4   29    0    0    3    0
------------------------------------------------------------------------------------
        22,0  10,1  15,2   0.0  4685  5326  36,8jul.  -3,0gen.    61    1    8    0

                                Precipitation (mm)

              Dep.   Max        Days of Rain
              From   Obs.           >=
 YR MO Total  Norm   Day Date  0,2 10,0 20,0
---------------------------------------------
 16  1   1.4   0.0   1,0   2     1    0    0
 16  2  70,4   0.0  25,0  14    13    2    2
 16  3  26,8   0.0  17,2  20    11    1    0
 16  4  85,6   0.0  28,8  21    16    3    1
 16  5  36,6   0.0  10,0  10    20    1    0
 16  6  16,0   0.0  10,0  18     8    1    0
 16  7   4,2   0.0   4,0  22     2    0    0
 16  8  10,0   0.0   5,2  10     3    0    0
 16  9  52,0   0.0  18,0  25    14    2    0
 16 10  71,0   0.0  23,4  12    20    2    2
 16 11  57,4   0.0  24,4  23    19    3    1
 16 12  24,8   0.0   7,0  20    27    0    0
---------------------------------------------
       456,2   0.0  28,8 abr.  154   15    6

                                Wind Speed (km/h)
                          Dom
 YR MO   Avg.  Hi   Date  Dir
------------------------------
 16  1   0,0  15,0   13   ---  
 16  2   0,0  46,7    9   ---
 16  3   0,0  38,6    4   ---
 16  4   2,2  33,8   20   SSE
 16  5   0,0  38,6   29   ---
 16  6   0,0  33,8   16   ---
 16  7   2,7  35,4   13    SE
 16  8   2,4  32,2   17    SE
 16  9   1,8  33,8   25   SSE
 16 10   0,8  30,6   25   SSE
 16 11   1,1  48,3   23     N
 16 12   0,8  32,2   19   NNE
------------------------------
         1,1  48,3 nov.    SE