Resums Climàtics NOAA

Selecciona un any o mes per veure el resum
2020: Gen Feb Mar abr Mai Jun jul Ago Set Oct Nov Des
2019: Gen Feb Mar abr Mai Jun jul Ago Set Oct Nov Des
2018: Gen Feb Mar abr Mai Jun jul Ago Set Oct Nov Des
2017: Gen Feb Mar abr Mai Jun jul Ago Set Oct Nov Des
2016: Gen Feb Mar abr Mai Jun jul Ago Set Oct Nov Des

Resum 2016 Febrer
                   Monthly Climatological Summary for feb. 2016

Name: Lliçà d'Amunt   City:    State: Barcelona
Elevation: 137 m  Lat: N 41° 36' 11"   Lon: E 002° 14' 24"

                  Temperature (°C), Rain (mm), Wind Speed (km/h)

                                      Heat  Cool        Avg
    Mean                              Deg   Deg         Wind                 Dom
Day Temp  High   Time   Low    Time   Days  Days  Rain  Speed High   Time    Dir
----------------------------------------------------------------------------------
 3  10,5  18,3   13:32   8,0   23:59   2,0   0,4   0,0   0,2  17,7   17:11     N
 4   7,4  15,4   15:54   0,6   07:02  22,6   7,4   0,0   0,6  14,5   14:53     S
 5   9,3  20,5   15:02   0,9   07:23  20,5   9,2   0,0   0,9  19,3   13:47     S
 6   8,9  14,2   14:16   4,4   03:09  18,6   7,9   0,0   0,5  16,1   16:04   SSO
 7   9,2  12,5   15:37   4,2   23:59  20,8   9,1   3,8   1,2  25,7   08:26     O
 8  10,2  18,9   16:00   2,8   01:18  19,8  10,2   0,2   1,2  17,7   12:16     O
 9  14,0  17,9   13:57   6,4   01:16  16,0  14,0   0,0   6,6  46,7   17:34   OSO
10  12,3  16,8   13:13   6,5   08:12  17,7  12,3   0,0   3,3  38,6   12:48    SO
11   9,9  12,3   17:10   8,5   06:34  17,6   8,7   5,8   0,1  16,1   19:59   NNO
12  13,1  18,4   14:32   9,1   03:31  12,7   9,8   0,0   1,5  25,7   13:59     O
13  15,6  22,8   16:01   9,6   07:25  13,2  14,3   5,2   2,7  37,0   16:30   OSO
14  12,2  18,3   14:34   5,9   23:55  12,8   8,8  25,0   3,2  27,4   16:24    NE
15   8,1  15,4   14:29   3,6   23:31  20,2   7,5   6,0   1,4  24,1   00:00    SE
16   7,1  14,0   15:10  -1,7   07:20  15,2   4,8   0,0   1,6  19,3   14:31   SSE
17   5,5  12,3   14:12  -0,6   06:53  24,5   5,5   0,0   1,5  25,7   14:27    SO
18   7,1  11,9   16:43   0,4   05:31  17,2   5,3   0,0   0,1   8,0   11:11     S
19   6,3  14,3   14:58  -0,3   07:49  23,7   6,3   0,0   1,0  17,7   15:08   SSE
20   7,3  17,7   15:08   0,3   07:10  22,7   7,3   0,2   1,0  19,3   13:25   SSE
21   9,6  20,2   14:49   0,1   08:03  20,4   9,6   0,0   0,7  20,9   14:02     S
22  13,3  21,2   15:25   8,5   23:41  16,6  13,3   0,2   1,1  24,1   14:45    SO
23  10,5  18,3   15:31   5,1   08:14  19,5  10,5   0,2   0,5  17,7   15:44    SE
24  10,0  17,7   16:55   4,4   06:53  20,0  10,0   0,2   0,8  22,5   14:55   SSE
25  10,9  19,0   15:55   4,1   07:41  19,1  10,9   0,2   1,6  24,1   14:25   SSO
26  10,4  15,9   13:17   7,3   08:00  19,6  10,4   0,0   0,9  17,7   12:38     S
27   8,8  11,7   12:49   5,8   23:22  21,2   8,8  21,0   4,0  33,8   15:05    NE
28   9,1  14,3   15:02   5,3   01:54  20,9   9,1   2,4   2,9  27,4   11:43   NNE
29  10,0  18,9   15:32   5,0   03:42  20,0  10,0   0,0   2,1  29,0   13:07   OSO
----------------------------------------------------------------------------------
     9,9  22,8    13    -1,7    16   495,1 241,4  70,4   1,7  46,7     9      SO

Max >=  27,0:  0
Max <=   0,0:  0
Min <=   0,0:  3
Min <=  -6,0:  0
Max Rain: 25,0 on day 14
Days of Rain: 13 (>= 0,2 mm)  7 (>= 2,0 mm)  2 (>= 20,0 mm)
Heat Base: 30,0  Cool Base: 0,0  Method: Integration