Resums Climàtics NOAA

Selecciona un any o mes per veure el resum
2020: Gen Feb Mar abr Mai Jun jul Ago Set Oct Nov Des
2019: Gen Feb Mar abr Mai Jun jul Ago Set Oct Nov Des
2018: Gen Feb Mar abr Mai Jun jul Ago Set Oct Nov Des
2017: Gen Feb Mar abr Mai Jun jul Ago Set Oct Nov Des
2016: Gen Feb Mar abr Mai Jun jul Ago Set Oct Nov Des

Resum 2016 Març
                   Monthly Climatological Summary for mar. 2016

Name: Lliçà d'Amunt   City:    State: Barcelona
Elevation: 137 m  Lat: N 41° 36' 11"   Lon: E 002° 14' 24"

                  Temperature (°C), Rain (mm), Wind Speed (km/h)

                                      Heat  Cool        Avg
    Mean                              Deg   Deg         Wind                 Dom
Day Temp  High   Time   Low    Time   Days  Days  Rain  Speed High   Time    Dir
----------------------------------------------------------------------------------
 1  10,7  20,1   15:33   2,8   02:47  19,3  10,7   0,2   1,0  14,5   15:50   ONO
 2  12,8  21,0   15:36   6,4   06:25  17,2  12,8   0,0   1,5  24,1   17:27   OSO
 3  11,3  19,1   15:06   5,5   23:58  18,7  11,3   0,0   3,3  25,7   12:55    SO
 4  10,7  17,8   15:23   4,4   07:31  19,3  10,7   0,0   2,9  38,6   15:29   SSO
 5  11,6  16,2   14:19   6,6   23:34  18,2  11,4   0,0   3,1  33,8   15:14     O
 6   7,4  12,9   13:29   3,2   05:29  22,6   7,4   0,0   1,6  22,5   15:21   SSE
 7   8,1  14,5   13:16   2,7   04:54  21,9   8,1   0,0   1,2  22,5   14:41    SE
 8   9,0  14,8   13:26   5,1   23:59  21,0   9,0   0,0   1,9  25,7   14:33   ESE
 9   5,4   8,5   13:09   1,2   06:57  24,6   5,4   1,2   0,3  14,5   13:45    SO
10   6,9  16,1   14:25  -0,6   07:27  23,1   6,9   0,2   0,8  16,1   17:11     S
11   7,5  15,7   13:37  -0,2   07:17  22,5   7,5   0,0   1,4  24,1   15:00    SE
12   8,1  15,6   14:22   2,8   06:52  21,5   8,0   0,0   1,1  22,5   14:35   SSE
13   8,2  14,6   14:00   2,3   04:33  21,8   8,2   0,0   1,6  20,9   15:11    SE
14   8,9  15,6   13:22   3,0   07:42  21,1   8,9   0,0   2,0  29,0   15:28     E
15   7,9  14,3   12:17   3,1   07:12  22,1   7,9   2,8   0,2  12,9   12:52   SSE
16   8,0  14,4   12:21   4,6   06:49  22,0   8,0   3,2   3,5  35,4   21:52    NE
17   7,8  11,5   13:03   4,5   06:48  22,2   7,8   0,8   1,0  22,5   00:03     N
18   9,2  15,2   13:50   2,4   06:51  20,8   9,2   0,0   1,4  24,1   15:00     S
19  10,1  12,4   17:26   8,2   01:37  19,9  10,1   0,4   0,3  12,9   18:14   NNE
20  11,6  17,4   14:41   8,6   06:26  18,4  11,6  17,2   1,4  17,7   10:25     E
21  10,6  16,7   13:08   5,1   07:00  19,4  10,6   0,2   0,8  20,9   14:11    SE
22  11,6  19,9   14:41   5,2   07:37  18,4  11,6   0,2   0,7  16,1   13:49   SSO
23  11,9  20,8   15:59   6,4   23:34  18,1  11,9   0,0   2,5  25,7   14:26     S
24  10,3  18,3   13:23   2,5   06:07  19,7  10,3   0,0   1,5  22,5   14:04   SSE
25  10,7  16,9   12:32   5,4   04:28  19,3  10,7   0,4   0,8  20,9   13:59    NE
26  12,6  20,0   16:28   5,8   06:01  17,4  12,6   0,0   1,9  25,7   12:36     S
27  12,2  17,1   13:28   7,3   07:44  17,0  11,7   0,0   1,7  24,1   15:03   SSE
28  13,0  21,3   15:02   6,4   07:38  14,6  11,2   0,0   2,0  25,7   11:26     O
29  17,5  24,2   17:03   8,0   07:22   9,0  12,6   0,0   3,5  30,6   14:16    SO
30  14,5  23,0   15:01   7,2   07:34  15,5  14,5   0,0   1,7  22,5   14:19     S
31  15,2  23,5   15:32   9,7   01:15  14,8  15,2   0,0   2,8  35,4   15:25     O
----------------------------------------------------------------------------------
    10,4  24,2    29    -0,6    10   601,4 313,8  26,8   1,6  38,6     4       S

Max >=  27,0:  0
Max <=   0,0:  0
Min <=   0,0:  2
Min <=  -6,0:  0
Max Rain: 17,2 on day 20
Days of Rain: 11 (>= 0,2 mm)  3 (>= 2,0 mm)  0 (>= 20,0 mm)
Heat Base: 30,0  Cool Base: 0,0  Method: Integration