Resums Climàtics NOAA

Selecciona un any o mes per veure el resum
2020: Gen Feb Mar abr Mai Jun jul Ago Set Oct Nov Des
2019: Gen Feb Mar abr Mai Jun jul Ago Set Oct Nov Des
2018: Gen Feb Mar abr Mai Jun jul Ago Set Oct Nov Des
2017: Gen Feb Mar abr Mai Jun jul Ago Set Oct Nov Des
2016: Gen Feb Mar abr Mai Jun jul Ago Set Oct Nov Des

Resum 2016 abril
                   Monthly Climatological Summary for abr. 2016

Name: Lliçà d'Amunt   City:    State: Barcelona
Elevation: 137 m  Lat: N 41° 36' 11"   Lon: E 002° 14' 24"

                  Temperature (°C), Rain (mm), Wind Speed (km/h)

                                      Heat  Cool        Avg
    Mean                              Deg   Deg         Wind                 Dom
Day Temp  High   Time   Low    Time   Days  Days  Rain  Speed High   Time    Dir
----------------------------------------------------------------------------------
 1  11,0  14,3   16:22   8,8   08:54  19,0  11,0  12,2   0,6  14,5   08:47   SSO
 2  11,5  17,7   18:23   8,2   23:58  18,5  11,5   0,4   0,8  12,9   16:44     S
 3  11,5  18,0   16:47   5,5   07:38  18,4  11,6   0,2   2,3  24,1   14:23   SSE
 4  11,8  15,7   13:06   7,4   04:54  18,2  11,8   1,0   1,0  17,7   17:13    SE
 5  12,8  13,8   12:18  11,4   23:28  17,2  12,8  18,6   3,2  29,0   05:09    NE
 6  13,7  22,1   16:04   7,7   07:56  16,3  13,7   0,2   1,3  16,1   13:29   SSE
 7  13,4  19,2   14:33   8,4   07:04  16,6  13,4   0,0   2,0  22,5   15:24    SE
 8   9,8  14,5   15:17   5,8   23:51  20,2   9,8   5,8   1,9  22,5   15:10   SSE
 9  11,1  20,4   14:21   3,7   03:47  18,8  11,2   0,0   2,7  25,7   14:02    NE
10  12,6  20,1   15:26   5,3   07:08  17,4  12,6   0,2   2,2  27,4   15:44   SSE
11  14,4  21,6   14:52   8,9   02:59  15,6  14,4   1,4   2,5  25,7   14:33     S
12  13,8  21,2   15:20   7,6   06:46  16,2  13,8   0,0   2,1  27,4   15:24   SSE
13  15,8  22,2   17:14   8,6   07:23  14,2  15,8   0,0   3,8  32,2   14:22   OSO
14  14,9  23,6   15:02   7,6   06:38   9,9   9,9   0,0   2,7  30,6   12:47     S
15  15,3  22,8   15:47   7,6   07:31  14,7  15,3   0,0   2,2  27,4   16:02   SSE
16  18,8  25,6   14:02   8,2   06:25  11,2  18,8   0,0   3,2  32,2   16:47   SSO
17  18,5  24,3   15:16  12,9   23:56  11,5  18,5   0,0   3,6  25,7   10:55    SO
18  13,4  19,9   13:09   7,9   07:06  16,6  13,4   0,0   2,4  25,7   14:22    SE
19  13,1  22,7   14:07   6,0   06:35  16,9  13,1   0,0   1,6  17,7   15:16    SE
20  16,8  22,9   14:16   9,6   05:22  13,2  16,8   0,0   5,5  33,8   12:33    NE
21  14,1  20,4   17:12  11,3   10:00  15,9  14,1  28,8   2,7  25,7   01:32   NNE
22  14,5  20,1   13:50   9,1   06:45  15,5  14,5   0,2   1,3  19,3   15:13     S
23  13,5  20,9   14:09   8,7   06:48  16,5  13,5   6,4   1,6  30,6   17:18   ESE
24  12,3  19,2   13:22   6,1   06:45  17,7  12,3   0,2   2,8  27,4   14:42    SE
25  12,5  17,9   14:25   6,2   07:03  17,5  12,5   0,0   3,1  30,6   16:12     S
26  12,3  18,6   13:45   5,4   06:16  17,7  12,3   0,0   2,0  22,5   14:37   ESE
27  12,7  15,6   12:49  10,7   07:07  17,3  12,7   0,4   1,4  16,1   13:41     E
28  11,3  14,3   18:09   9,9   03:05  18,7  11,3   8,4   0,8  16,1   10:11     N
29  12,7  17,4   14:24   8,6   01:04  17,3  12,7   0,0   1,8  20,9   12:58   SSE
30  11,5  15,3   14:04   8,6   03:45  18,5  11,5   1,2   1,0  20,9   14:39   NNE
----------------------------------------------------------------------------------
    13,4  25,6    16     3,7     9   493,2 396,6  85,6   2,2  33,8    20      SE

Max >=  27,0:  0
Max <=   0,0:  0
Min <=   0,0:  0
Min <=  -6,0:  0
Max Rain: 28,8 on day 21
Days of Rain: 16 (>= 0,2 mm)  6 (>= 2,0 mm)  1 (>= 20,0 mm)
Heat Base: 30,0  Cool Base: 0,0  Method: Integration