Resums Climàtics NOAA

Selecciona un any o mes per veure el resum
2020: Gen Feb Mar abr Mai Jun jul Ago Set Oct Nov Des
2019: Gen Feb Mar abr Mai Jun jul Ago Set Oct Nov Des
2018: Gen Feb Mar abr Mai Jun jul Ago Set Oct Nov Des
2017: Gen Feb Mar abr Mai Jun jul Ago Set Oct Nov Des
2016: Gen Feb Mar abr Mai Jun jul Ago Set Oct Nov Des

Resum 2016 Maig
                   Monthly Climatological Summary for may. 2016

Name: Sant Baldiri   City: Lliçà d'Amunt   State: Barcelona
Elevation: 137 m  Lat: N 41° 36' 11"   Lon: E 002° 14' 24"

                  Temperature (°C), Rain (mm), Wind Speed (km/h)

                                      Heat  Cool        Avg
    Mean                              Deg   Deg         Wind                 Dom
Day Temp  High   Time   Low    Time   Days  Days  Rain  Speed High   Time    Dir
----------------------------------------------------------------------------------
 1  12,0  20,7   16:53   3,7   06:47  18,0  12,0   0,2   2,3  27,4   18:16   NNO
 2  14,3  25,0   15:21   4,3   06:58  15,7  14,3   0,0   2,0  22,5   18:25    SE
 3  14,1  21,9   12:57   5,8   06:47  15,9  14,1   0,0   1,9  20,9   14:10    SE
 4  14,7  22,9   13:20   7,8   06:21  15,3  14,7   0,2   2,6  25,7   13:36    SE
 5  14,8  22,7   15:06   8,1   06:40  15,2  14,8   0,2   2,0  22,5   16:25   ESE
 6  15,4  19,9   15:33  11,9   06:32  14,6  15,4   0,2   2,3  17,7   02:24    NE
 7  15,1  20,1   17:04  12,3   23:11  14,9  15,1   2,6   0,9  16,1   17:07   ENE
 8  14,2  16,7   15:43  11,1   03:15  15,8  14,2   0,8   2,1  19,3   11:09   NNE
 9  15,9  16,9   15:17  14,7   00:00  14,1  15,9   2,6   4,5  24,1   17:29   NNE
10  14,3  19,5   13:21  10,1   05:44  15,7  14,3  10,0   0,7  24,1   22:01   OSO
11  15,3  22,3   17:01   9,9   07:04  14,7  15,3   0,4   2,4  27,4   15:05    SO
12  15,6  23,1   14:45   8,3   06:29  14,4  15,6   0,0   2,0  27,4   16:36    SO
13  14,1  21,3   14:27   8,2   06:41  15,9  14,1   3,6   1,7  25,7   13:26    SE
14  15,6  23,3   14:12   9,7   06:43  14,4  15,6   3,6   1,4  20,9   15:17   SSE
15  16,5  22,6   12:44  10,3   05:42  13,5  16,5   1,0   2,0  25,7   14:56    SE
16  16,9  21,3   13:14  13,2   07:10  13,0  16,7   0,2   2,2  29,0   14:43    SE
17  15,8  20,2   14:33  12,2   06:36  14,2  15,8   0,0   2,1  33,8   15:09   SSE
18  16,0  23,1   15:12   9,2   06:14  14,0  16,0   1,6   2,5  22,5   14:26   SSE
19  16,4  21,9   13:07  13,0   06:41  13,6  16,4   0,2   2,0  29,0   14:24     E
20  17,3  22,1   12:28  11,6   06:39  12,7  17,3   0,0   2,0  22,5   12:56    SE
21  18,4  25,8   13:13  10,6   06:39  11,6  18,4   0,0   2,8  32,2   13:58     S
22  16,3  24,3   15:01  10,8   06:17  13,7  16,3   3,0   2,0  30,6   17:25     S
23  15,7  21,6   14:39   8,7   04:57  14,3  15,7   0,0   3,3  29,0   16:44   ESE
24  15,5  22,7   16:00   8,5   03:57  14,5  15,5   0,0   2,3  25,7   16:36     S
25  17,8  23,6   12:39  10,7   06:37  12,2  17,8   0,0   1,5  22,5   14:14   SSE
26  20,0  25,7   15:42  14,2   06:23  10,0  20,0   0,0   3,0  22,5   15:44     E
27  19,3  28,8   14:20  11,9   06:08  10,7  19,3   0,0   1,9  22,5   15:09   SSE
28  18,0  23,8   14:24  12,9   06:59  12,0  18,0   1,4   1,7  24,1   18:16    SE
29  19,6  27,4   15:53  14,1   06:55  10,4  19,6   0,2   3,8  38,6   18:52    NO
30  16,7  22,1   13:46  10,6   05:33  13,3  16,7   3,6   2,4  29,0   13:47   ESE
31  17,0  23,0   13:01  11,8   06:09  13,0  17,0   1,0   1,8  27,4   14:02   ESE
----------------------------------------------------------------------------------
    16,1  28,8    27     3,7     1   431,3 498,4  36,6   2,2  38,6    29      SE

Max >=  30,0:  0
Max <=  10,0:  0
Min <=   0,0:  0
Min <=  -5,0:  0
Max Rain: 10,0 on day 10
Days of Rain: 20 (>= 0,2 mm)  1 (>= 10,0 mm)  0 (>= 20,0 mm)
Heat Base: 30,0  Cool Base: 0,0  Method: Integration