Resums Climàtics NOAA

Selecciona un any o mes per veure el resum
2020: Gen Feb Mar abr Mai Jun jul Ago Set Oct Nov Des
2019: Gen Feb Mar abr Mai Jun jul Ago Set Oct Nov Des
2018: Gen Feb Mar abr Mai Jun jul Ago Set Oct Nov Des
2017: Gen Feb Mar abr Mai Jun jul Ago Set Oct Nov Des
2016: Gen Feb Mar abr Mai Jun jul Ago Set Oct Nov Des

Resum 2016 Juny
                   Monthly Climatological Summary for jun. 2016

Name: Sant Baldiri   City: Lliçà d'Amunt   State: Barcelona
Elevation: 137 m  Lat: N 41° 36' 11"   Lon: E 002° 14' 24"

                  Temperature (°C), Rain (mm), Wind Speed (km/h)

                                      Heat  Cool        Avg
    Mean                              Deg   Deg         Wind                 Dom
Day Temp  High   Time   Low    Time   Days  Days  Rain  Speed High   Time    Dir
----------------------------------------------------------------------------------
 1  17,6  24,6   13:51  11,4   06:39  12,4  17,6   0,2   2,4  27,4   15:23    SE
 2  18,2  24,5   13:28  11,7   06:18  11,8  18,2   0,0   2,2  22,5   14:14    SE
 3  18,9  26,1   14:29  11,3   06:24  11,1  18,9   0,0   2,3  25,7   13:18   SSE
 4  18,7  26,3   12:33  11,7   06:05  11,3  18,7   0,4   1,8  25,7   14:02   ESE
 5  20,3  27,5   15:27  12,8   06:07   9,7  20,3   0,0   2,8  30,6   15:02   SSE
 6  21,0  28,1   14:28  13,6   06:05   9,0  21,0   0,0   1,2  19,3   15:33   SSE
 7  22,3  28,7   13:43  15,2   06:37   7,7  22,3   0,0   2,6  22,5   14:01   SSE
 8  22,3  28,9   12:51  15,1   06:03   7,7  22,3   0,0   2,0  22,5   13:19   SSE
 9  23,1  28,8   15:16  16,0   06:36   6,9  23,1   0,0   2,4  29,0   16:08   SSE
10  22,5  28,9   14:51  16,7   05:51   7,5  22,5   0,0   2,2  22,5   16:07    SE
11  20,9  26,7   14:52  17,1   23:58   9,1  20,9   1,0   1,8  25,7   15:22   SSE
12  20,5  27,6   14:17  14,8   03:46   9,4  20,5   0,0   2,1  25,7   15:57   SSE
13  21,2  26,2   13:03  16,1   05:04   8,8  21,2   0,0   1,7  20,9   14:28    SE
14  21,1  27,5   13:35  15,3   07:10   8,9  21,1   0,2   3,8  32,2   14:45    SE
15  21,0  25,8   16:59  16,1   06:28   9,0  21,0   0,0   2,6  24,1   14:27   ESE
16  20,3  26,8   16:52  14,7   07:00   9,7  20,3   1,2   3,2  33,8   16:56   OSO
17  18,1  23,0   13:36  12,2   05:57  11,9  18,1   2,8   1,6  25,7   13:40   SSE
18  16,3  21,9   12:47  12,1   23:59  13,7  16,3  10,0   2,5  29,0   17:13   ESE
19  17,7  25,2   14:34   9,7   04:12  12,3  17,7   0,2   2,1  25,7   15:12   SSE
20  19,2  25,9   13:19  11,4   06:57  10,8  19,2   0,0   2,0  22,5   14:07     S
21  22,6  30,4   14:15  14,1   06:27   7,4  22,6   0,0   2,1  20,9   11:55    SE
22  23,5  31,6   14:48  15,6   06:00   6,6  23,5   0,0   2,2  24,1   15:38    SE
23  24,2  32,9   16:14  14,4   06:42   6,2  24,2   0,0   3,1  30,6   17:01     S
24  23,2  30,1   12:33  14,8   06:22   6,8  23,2   0,0   2,1  24,1   14:16   SSE
25  24,3  30,8   13:45  19,1   07:14   5,7  24,3   0,0   2,7  25,7   14:58    SE
26  22,0  27,8   12:42  16,9   06:13   8,0  22,0   0,0   2,6  29,0   13:39   SSE
27  22,8  27,9   12:39  19,2   23:57   7,2  22,8   0,0   2,8  29,0   13:17    SE
28  23,0  29,2   12:14  16,1   05:18   7,0  23,0   0,0   2,5  27,4   12:25    SE
29  24,3  30,8   14:09  18,4   06:31   5,7  24,1   0,0   1,8  25,7   14:10     S
30  23,7  28,4   15:36  19,7   04:14   5,3  20,0   0,0   2,2  24,1   11:54    SE
----------------------------------------------------------------------------------
    21,2  32,9    23     9,7    19   264,6 630,9  16,0   2,3  33,8    16     SSE

Max >=  30,0:  6
Max <=  10,0:  0
Min <=   0,0:  0
Min <=  -5,0:  0
Max Rain: 10,0 on day 18
Days of Rain: 8 (>= 0,2 mm)  1 (>= 10,0 mm)  0 (>= 20,0 mm)
Heat Base: 30,0  Cool Base: 0,0  Method: Integration