Resums Climàtics NOAA

Selecciona un any o mes per veure el resum
2020: Gen Feb Mar abr Mai Jun jul Ago Set Oct Nov Des
2019: Gen Feb Mar abr Mai Jun jul Ago Set Oct Nov Des
2018: Gen Feb Mar abr Mai Jun jul Ago Set Oct Nov Des
2017: Gen Feb Mar abr Mai Jun jul Ago Set Oct Nov Des
2016: Gen Feb Mar abr Mai Jun jul Ago Set Oct Nov Des

Resum 2016 juliol
                   Monthly Climatological Summary for jul. 2016

Name: Sant Baldiri   City: Lliçà d'Amunt   State: Barcelona
Elevation: 137 m  Lat: N 41° 36' 11"   Lon: E 002° 14' 24"

                  Temperature (°C), Rain (mm), Wind Speed (km/h)

                                      Heat  Cool        Avg
    Mean                              Deg   Deg         Wind                 Dom
Day Temp  High   Time   Low    Time   Days  Days  Rain  Speed High   Time    Dir
----------------------------------------------------------------------------------
 1  24,6  31,1   15:30  17,4   06:24   5,4  24,6   0,0   2,2  25,7   14:34   SSE
 2  22,1  28,8   13:00  17,2   05:57   4,6  12,9   0,0   1,5  20,9   11:58    SE
 3  23,6  26,8   17:19  18,0   02:04   5,2  19,3   0,0   3,0  29,0   12:31     S
 4  23,9  30,3   12:45  17,3   06:26   6,1  23,9   0,0   2,1  27,4   13:17   SSE
 5  25,8  31,9   16:50  19,1   06:49   4,4  25,8   0,0   2,2  24,1   13:18   SSE
 6  25,3  30,5   15:24  18,9   06:36   4,7  25,3   0,0   2,6  27,4   14:48   ESE
 7  25,3  31,8   12:45  18,6   06:22   4,7  25,3   0,0   2,4  27,4   15:21    SE
 8  27,4  33,3   13:27  22,6   06:13   3,0  27,4   0,0   2,8  25,7   14:06   ESE
 9  26,5  34,4   12:24  20,1   05:41   3,9  26,5   0,0   3,0  29,0   14:42    SE
10  27,3  34,2   12:22  20,3   06:13   3,7  27,3   0,0   2,6  24,1   13:46    SE
11  26,4  32,8   16:42  19,7   06:49   4,0  26,4   0,0   2,2  25,7   12:55   SSE
12  25,1  30,1   12:08  20,1   06:53   4,9  25,1   0,0   2,9  24,1   14:41    SE
13  22,5  27,3   13:49  19,5   05:23   7,4  22,4   0,0   3,8  35,4   14:44    SE
14  21,4  24,8   14:19  18,0   06:50   8,6  21,4   0,0   4,4  30,6   13:45   ESE
15  21,4  28,1   13:38  14,4   06:34   8,6  21,4   0,0   2,9  27,4   13:47   SSE
16  21,3  28,3   12:37  14,4   06:34   8,7  21,3   0,0   2,7  25,7   13:11    SE
17  23,5  30,8   12:27  15,8   05:55   6,5  23,5   0,0   2,6  27,4   15:34    SE
18  22,7  29,7   12:24  15,3   06:27   7,3  22,7   0,0   2,5  25,7   17:46    SE
19  23,6  32,1   15:53  13,9   06:52   6,7  23,6   0,0   2,6  24,1   12:29   SSE
20  25,9  36,8   17:14  16,5   05:29   5,3  25,6   0,0   2,7  32,2   17:04     S
21  26,2  30,8   12:28  21,7   07:05   3,8  26,2   0,0   2,3  24,1   13:07   SSE
22  24,2  30,2   16:53  18,6   23:53   5,8  24,2   4,0   3,4  33,8   11:18   NNE
23  22,6  30,0   15:57  16,4   06:46   7,4  22,6   0,2   1,4  22,5   13:51   SSE
24  23,9  31,0   13:32  16,1   06:02   6,1  23,9   0,0   2,4  25,7   15:05    SE
25  25,9  32,2   17:03  18,3   07:04   4,6  25,9   0,0   2,8  35,4   15:00   SSE
26  25,9  33,7   13:57  19,3   05:56   4,7  25,9   0,0   3,1  29,0   16:41    SE
27  24,6  30,3   12:20  18,5   06:27   5,4  24,6   0,0   2,2  25,7   14:51    SE
28  24,8  30,5   14:04  18,9   06:23   5,2  24,8   0,0   3,0  25,7   15:58    SE
29  25,4  31,8   15:19  18,7   05:48   4,8  25,4   0,0   2,6  25,7   13:52   SSE
30  26,1  33,0   13:57  18,7   06:50   4,5  26,1   0,0   3,0  29,0   16:02   SSE
31  25,6  32,7   13:41  20,4   04:53   4,6  25,6   0,0   3,3  29,0   15:22    SE
----------------------------------------------------------------------------------
    24,5  36,8    20    13,9    19   170,6 746,9   4,2   2,7  35,4    13      SE

Max >=  30,0: 24
Max <=  10,0:  0
Min <=   0,0:  0
Min <=  -5,0:  0
Max Rain: 4,0 on day 22
Days of Rain: 2 (>= 0,2 mm)  0 (>= 10,0 mm)  0 (>= 20,0 mm)
Heat Base: 30,0  Cool Base: 0,0  Method: Integration