Resums Climàtics NOAA

Selecciona un any o mes per veure el resum
2020: Gen Feb Mar abr Mai Jun jul Ago Set Oct Nov Des
2019: Gen Feb Mar abr Mai Jun jul Ago Set Oct Nov Des
2018: Gen Feb Mar abr Mai Jun jul Ago Set Oct Nov Des
2017: Gen Feb Mar abr Mai Jun jul Ago Set Oct Nov Des
2016: Gen Feb Mar abr Mai Jun jul Ago Set Oct Nov Des

Resum 2016 Agost
                   Monthly Climatological Summary for ag. 2016

Name: Sant Baldiri   City: Lliçà d'Amunt   State: Barcelona
Elevation: 137 m  Lat: N 41° 36' 11"   Lon: E 002° 14' 24"

                  Temperature (°C), Rain (mm), Wind Speed (km/h)

                                      Heat  Cool        Avg
    Mean                              Deg   Deg         Wind                 Dom
Day Temp  High   Time   Low    Time   Days  Days  Rain  Speed High   Time    Dir
----------------------------------------------------------------------------------
 1  24,6  29,3   14:28  21,6   03:42   5,4  24,6   0,0   3,2  27,4   17:22    SE
 2  25,3  30,6   12:04  20,3   07:25   4,7  25,3   0,0   3,0  27,4   12:31    SE
 3  26,0  32,8   15:09  19,4   07:13   4,5  26,0   0,0   2,9  27,4   15:12   SSE
 4  27,1  34,9   13:13  19,7   05:25   3,9  27,1   0,0   2,8  29,0   15:59   SSE
 5  24,4  28,4   14:53  21,6   10:43   5,6  24,4   1,2   3,1  30,6   16:21    SE
 6  24,4  29,4   15:34  19,9   07:06   5,6  24,4   0,0   2,8  27,4   16:22    SE
 7  23,6  30,6   14:15  16,6   06:02   6,4  23,6   0,0   2,2  25,7   14:36    SE
 8  24,9  34,4   13:06  16,6   07:04   5,6  24,9   0,0   2,8  27,4   12:35    SE
 9  23,8  31,7   12:18  18,1   06:42   6,2  23,8   3,6   3,4  27,4   14:38   ESE
10  21,5  26,0   13:07  18,1   03:46   8,5  21,5   5,2   2,0  30,6   14:37   SSE
11  21,4  27,0   13:20  16,2   06:18   8,6  21,4   0,0   2,5  22,5   14:51   SSE
12  22,3  29,3   13:45  16,3   06:18   7,7  22,3   0,0   2,4  25,7   15:10    SE
13  22,8  29,8   13:09  16,4   07:29   7,2  22,8   0,0   2,1  22,5   13:50    SE
14  22,5  30,6   13:55  14,6   07:14   7,5  22,5   0,0   2,0  22,5   15:49    SE
15  23,4  30,9   14:37  15,4   06:51   6,7  23,4   0,0   2,5  25,7   16:59   SSE
16  24,4  30,3   14:36  18,4   06:57   5,6  24,4   0,0   2,4  30,6   15:23   SSE
17  24,4  33,2   13:20  18,1   07:11   5,9  24,4   0,0   2,1  32,2   19:12    SE
18  23,9  29,2   14:33  18,8   05:33   6,1  23,9   0,0   2,2  27,4   13:56    SE
19  25,3  31,7   13:47  19,3   07:13   4,8  25,3   0,0   2,3  29,0   15:50   SSE
20  24,7  30,0   14:51  19,3   06:53   5,3  24,7   0,0   2,8  29,0   15:33     E
21  23,8  29,4   12:40  20,1   07:27   6,2  23,8   0,0   3,1  32,2   13:28    SE
22  24,1  31,3   13:36  17,9   07:21   6,0  24,0   0,0   2,3  27,4   15:55    SE
23  23,6  31,4   13:27  15,9   06:57   6,5  23,6   0,0   2,0  24,1   15:27    SE
24  24,2  33,4   16:52  14,8   07:09   6,4  23,8   0,0   1,7  22,5   16:20   SSE
25  23,9  31,9   14:38  15,9   06:34   6,3  23,9   0,0   2,1  24,1   13:41    SE
26  23,1  31,1   13:34  15,4   06:56   6,9  23,1   0,0   2,1  20,9   13:50    SE
27  23,4  31,2   13:38  15,0   07:19   6,6  23,5   0,0   2,0  25,7   13:53   SSE
28  24,5  31,3   15:33  17,9   06:35   5,6  24,5   0,0   2,0  27,4   14:32   SSE
29  24,7  29,6   16:05  20,4   06:45   5,3  24,7   0,0   1,7  19,3   13:43     S
30  23,5  27,4   12:37  20,7   06:59   6,5  23,5   0,0   2,4  29,0   16:11     S
31  23,7  30,2   12:29  17,7   06:38   6,3  23,7   0,0   2,1  22,5   12:48    SE
----------------------------------------------------------------------------------
    24,0  34,9     4    14,6    14   190,4 742,8  10,0   2,4  32,2    17      SE

Max >=  30,0: 20
Max <=  10,0:  0
Min <=   0,0:  0
Min <=  -5,0:  0
Max Rain: 5,2 on day 10
Days of Rain: 3 (>= 0,2 mm)  0 (>= 10,0 mm)  0 (>= 20,0 mm)
Heat Base: 30,0  Cool Base: 0,0  Method: Integration