Resums Climàtics NOAA

Selecciona un any o mes per veure el resum
2020: Gen Feb Mar abr Mai Jun jul Ago Set Oct Nov Des
2019: Gen Feb Mar abr Mai Jun jul Ago Set Oct Nov Des
2018: Gen Feb Mar abr Mai Jun jul Ago Set Oct Nov Des
2017: Gen Feb Mar abr Mai Jun jul Ago Set Oct Nov Des
2016: Gen Feb Mar abr Mai Jun jul Ago Set Oct Nov Des

Resum 2016 Setembre
                   Monthly Climatological Summary for set. 2016

Name: Sant Baldiri   City: Lliçà d'Amunt   State: Barcelona
Elevation: 137 m  Lat: N 41° 36' 11"   Lon: E 002° 14' 24"

                  Temperature (°C), Rain (mm), Wind Speed (km/h)

                                      Heat  Cool        Avg
    Mean                              Deg   Deg         Wind                 Dom
Day Temp  High   Time   Low    Time   Days  Days  Rain  Speed High   Time    Dir
----------------------------------------------------------------------------------
 1  25,0  32,1   14:21  19,1   06:18   5,3  25,0   0,0   2,2  29,0   15:15   SSE
 2  25,1  32,8   13:43  17,8   07:31   5,3  25,1   0,0   1,9  25,7   14:29   SSE
 3  25,6  34,5   13:51  18,8   07:19   4,8  25,6   0,0   2,0  25,7   14:53   ESE
 4  26,5  36,7   14:11  18,8   07:20   4,5  26,5   0,0   1,3  19,3   15:40    SE
 5  26,9  33,5   14:38  20,8   07:32   3,8  27,0   0,0   1,8  22,5   13:09   SSE
 6  25,4  33,6   12:52  18,6   07:41   5,0  25,4   0,0   2,2  27,4   14:51   SSE
 7  24,0  30,2   14:12  19,0   05:18   6,0  24,0   0,0   2,3  22,5   16:04    SE
 8  23,4  30,1   13:34  17,1   06:47   6,6  23,4   0,0   1,9  24,1   14:40    SE
 9  24,6  29,8   12:25  20,1   07:06   5,4  24,6   0,0   2,0  25,7   14:22    SE
10  22,7  29,3   15:10  18,1   06:12   7,3  22,7   9,6   1,7  30,6   20:04    SE
11  23,6  31,2   13:54  16,7   06:41   6,5  23,6   0,2   1,6  24,1   16:33   SSE
12  23,5  30,8   13:23  17,2   07:34   6,5  23,5   0,0   2,1  25,7   17:01   SSE
13  23,5  30,1   13:58  17,6   07:48   6,5  23,5   0,2   1,9  24,1   14:34   SSE
14  21,1  26,4   17:01  14,7   23:21   8,8  20,7  14,4   1,4  24,1   00:59   ONO
15  20,4  25,2   15:21  11,6   07:23   6,6  14,1   0,0   2,9  33,8   16:18    SO
16  19,2  26,7   14:03  11,9   07:12  10,8  19,2   0,0   1,7  24,1   15:22   SSE
17  18,1  23,4   15:41  14,5   02:58  11,9  18,1   2,6   1,7  22,5   17:09   SSE
18  17,7  24,2   14:15  11,6   07:45  12,3  17,7   0,2   1,5  25,7   15:37   SSE
19  20,6  28,1   16:00  13,8   07:32   9,4  20,6   0,0   2,2  19,3   15:08   SSE
20  19,8  25,4   15:37  15,3   07:42  10,2  19,8   0,0   1,2  19,3   16:05   SSE
21  20,7  25,8   12:53  15,8   07:54   9,3  20,7   0,0   1,9  27,4   13:37   SSE
22  20,1  26,2   13:12  14,2   07:28   9,9  20,1   0,0   1,7  19,3   13:50    SE
23  20,4  26,7   14:37  15,3   07:35   9,4  19,9   4,8   1,6  20,9   15:18   ESE
24  19,2  26,3   16:21  14,2   07:19  10,4  18,5   0,2   1,3  20,9   13:00    SE
25  18,8  26,3   14:14  13,9   07:00  11,2  18,8  18,0   1,8  33,8   18:40    SE
26  18,5  25,8   14:36  12,7   07:03  11,5  18,5   0,2   0,9  19,3   14:55     S
27  20,0  26,1   15:31  15,4   08:05  10,0  20,0   1,0   1,2  19,3   14:31   SSE
28  19,8  27,7   15:44  13,4   06:42  10,2  19,8   0,2   1,9  24,1   14:28   ENE
29  18,3  25,4   13:37  12,1   07:40  11,7  18,3   0,2   1,6  22,5   12:28   SSE
30  18,9  26,3   14:15  12,9   07:50  11,1  18,9   0,2   1,7  24,1   16:25   SSE
----------------------------------------------------------------------------------
    21,7  36,7     4    11,6    15   248,2 643,6  52,0   1,8  33,8    15     SSE

Max >=  30,0: 11
Max <=  10,0:  0
Min <=   0,0:  0
Min <=  -5,0:  0
Max Rain: 18,0 on day 25
Days of Rain: 14 (>= 0,2 mm)  2 (>= 10,0 mm)  0 (>= 20,0 mm)
Heat Base: 30,0  Cool Base: 0,0  Method: Integration