Resums Climàtics NOAA

Selecciona un any o mes per veure el resum
2020: Gen Feb Mar abr Mai Jun jul Ago Set Oct Nov Des
2019: Gen Feb Mar abr Mai Jun jul Ago Set Oct Nov Des
2018: Gen Feb Mar abr Mai Jun jul Ago Set Oct Nov Des
2017: Gen Feb Mar abr Mai Jun jul Ago Set Oct Nov Des
2016: Gen Feb Mar abr Mai Jun jul Ago Set Oct Nov Des

Resum 2016 Octubre
                   Monthly Climatological Summary for oct. 2016

Name: Sant Baldiri   City: Lliçà d'Amunt   State: Barcelona
Elevation: 137 m  Lat: N 41° 36' 11"   Lon: E 002° 14' 24"

                  Temperature (°C), Rain (mm), Wind Speed (km/h)

                                      Heat  Cool        Avg
    Mean                              Deg   Deg         Wind                 Dom
Day Temp  High   Time   Low    Time   Days  Days  Rain  Speed High   Time    Dir
----------------------------------------------------------------------------------
 1  19,5  27,2   16:45  14,0   06:31  10,5  19,5   0,2   1,2  16,1   17:17   SSE
 2  20,5  25,1   13:10  17,3   06:43   9,5  20,5   0,2   1,1  16,1   14:28    SE
 3  20,5  25,5   15:40  17,0   06:54   9,5  20,5   0,0   1,0  16,1   10:30   SSE
 4  19,7  25,2   12:49  14,9   07:54  10,2  19,5   0,0   1,3  20,9   14:19    SE
 5  18,9  26,4   14:09  14,1   07:33  11,1  18,9   0,0   1,1  17,7   14:50   SSE
 6  15,9  21,2   17:33  12,6   21:25  14,1  15,9   9,6   1,3  27,4   18:59   NNE
 7  16,8  24,2   16:10  10,9   07:19  13,2  16,8   0,4   1,4  22,5   13:29     S
 8  18,1  22,4   14:16  14,7   05:16  11,9  18,1   0,0   1,3  20,9   15:37    SE
 9  16,9  19,8   12:59  14,9   07:06  13,1  16,9   0,0   0,9  16,1   14:29    SO
10  15,1  16,8   14:59  13,7   06:39  14,9  15,1   0,0   0,1  11,3   15:46   OSO
11  14,9  20,4   14:50   9,9   23:05  15,1  14,9   0,0   1,1  17,7   12:35   ESE
12  13,5  19,1   13:51   9,4   08:15  16,4  13,5  23,4   1,0  14,5   17:46     N
13  16,5  20,5   13:58  14,4   08:09  13,5  16,5  23,4   0,6  11,3   21:10     N
14  16,1  21,3   15:22  12,1   07:57  13,9  16,1   1,4   1,2  19,3   19:05   SSO
15  16,2  23,7   16:31  10,6   08:12  13,8  16,2   0,2   1,1  22,5   15:19   SSO
16  16,1  23,7   13:47   9,9   07:41  13,9  16,1   0,2   0,8  20,9   13:18   SSE
17  16,5  21,6   15:58  12,4   07:41  13,5  16,5   0,2   0,2   9,7   12:26   SSO
18  17,6  23,4   14:14  12,8   07:52  12,4  17,6   0,0   1,1  20,9   14:42     S
19  15,8  20,3   13:58  12,5   06:53  14,2  15,8   0,0   0,9  17,7   16:11    SE
20  15,4  17,9   12:57  13,7   08:44  14,6  15,4   0,8   0,8  14,5   14:23   SSE
21  12,8  14,9   13:58  10,4   05:26  17,2  12,8   0,4   0,5  14,5   16:32   SSO
22  14,4  17,7   15:58  12,2   00:34  15,3  14,2   6,0   0,3  11,3   10:47     N
23  17,3  23,5   15:41  14,0   00:56  12,6  17,3   0,0   0,2  14,5   15:43     S
24  18,7  26,3   15:47  14,7   06:26  11,3  18,5   0,2   0,3  14,5   16:40   SSE
25  17,8  20,2   17:12  16,2   00:51  12,2  17,8   3,2   0,7  30,6   01:38   SSO
26  17,4  22,4   17:22  14,3   06:10  12,1  16,6   0,2   0,0   6,4   13:47   SSO
27  18,0  22,7   15:58  12,8   06:26   8,8  13,1   0,0   1,2  16,1   14:08     S
28  15,6  22,3   14:45  10,7   08:09  14,4  15,6   0,4   0,8  12,9   13:51     S
29  15,2  24,3   16:27  10,3   03:39  14,8  15,2   0,2   0,3  11,3   15:49     S
30  15,1  21,8   15:13  10,9   03:13  15,5  15,7   0,2   0,5  12,9   16:03   SSE
31  14,8  20,6   13:52  10,1   05:55  15,2  14,8   0,2   0,9  19,3   14:03     S
----------------------------------------------------------------------------------
    16,7  27,2     1     9,4    12   408,7 511,9  71,0   0,8  30,6    25     SSE

Max >=  30,0:  0
Max <=  10,0:  0
Min <=   0,0:  0
Min <=  -5,0:  0
Max Rain: 23,4 on day 12
Days of Rain: 20 (>= 0,2 mm)  2 (>= 10,0 mm)  2 (>= 20,0 mm)
Heat Base: 30,0  Cool Base: 0,0  Method: Integration