Resums Climàtics NOAA

Selecciona un any o mes per veure el resum
2020: Gen Feb Mar abr Mai Jun jul Ago Set Oct Nov Des
2019: Gen Feb Mar abr Mai Jun jul Ago Set Oct Nov Des
2018: Gen Feb Mar abr Mai Jun jul Ago Set Oct Nov Des
2017: Gen Feb Mar abr Mai Jun jul Ago Set Oct Nov Des
2016: Gen Feb Mar abr Mai Jun jul Ago Set Oct Nov Des

Resum 2016 Novembre
                   Monthly Climatological Summary for nov. 2016

Name: Sant Baldiri   City: Lliçà d'Amunt   State: Barcelona
Elevation: 137 m  Lat: N 41° 36' 11"   Lon: E 002° 14' 24"

                  Temperature (°C), Rain (mm), Wind Speed (km/h)

                                      Heat  Cool        Avg
    Mean                              Deg   Deg         Wind                 Dom
Day Temp  High   Time   Low    Time   Days  Days  Rain  Speed High   Time    Dir
----------------------------------------------------------------------------------
 1  15,1  22,4   14:14  10,4   07:55  14,9  15,1   0,2   1,1  24,1   14:19     S
 2  14,2  22,2   14:58   9,8   06:59  15,8  14,2   0,2   0,2   9,7   14:36     S
 3  13,3  20,9   14:04   7,4   05:47  16,7  13,3   0,2   0,5  12,9   16:03   SSE
 4  14,2  19,9   15:31   9,9   07:16  15,7  14,2   0,2   0,4  17,7   15:01   SSO
 5  16,4  22,1   15:29  13,1   01:11  13,5  16,5   2,0   1,9  30,6   15:36   SSO
 6  11,8  15,9   15:39   6,3   23:41  18,2  11,8   0,8   0,7  16,1   11:09     O
 7   8,0  13,9   15:03   4,3   23:50  22,0   8,0   0,0   0,6  12,9   15:05     S
 8   9,6  16,4   14:18   2,2   03:42  15,9   7,5   0,2   1,3  22,5   15:31   ONO
 9  12,0  19,3   14:59   5,4   00:39  18,0  12,0   0,0   2,3  24,1   10:37     O
10  11,2  19,0   14:24   6,6   06:55  18,8  11,2   0,0   0,9  16,1   13:35     O
11  12,4  19,2   13:58   6,6   01:46  17,6  12,4   0,0   0,8  16,1   07:20    SE
12  12,0  17,3   14:34   8,0   23:56  18,0  12,0   0,0   0,4  11,3   12:43     S
13  10,9  17,3   14:44   6,7   03:07  18,1  10,4   0,2   0,2   9,7   07:53   SSE
14  10,0  17,9   13:05   6,7   23:13   5,4   2,7   0,0   0,7  17,7   14:33     N
15   9,5  17,1   14:02   4,8   07:46  20,5   9,5   0,0   0,5   9,7   02:01    SE
16   8,3  16,8   15:38   2,6   07:39  21,7   8,3   0,2   0,2  12,9   13:23   SSE
17  11,5  18,8   15:22   3,3   07:56  13,5   8,5   0,0   0,4  12,9   13:56     S
18  11,8  19,8   13:31   4,7   05:41  18,2  11,8   0,2   0,6  17,7   13:49   SSO
19  12,4  17,2   12:45   8,2   07:44  17,6  12,4   0,2   1,0  17,7   15:22   SSE
20  12,9  18,7   12:49   8,2   06:29  17,1  12,8   0,0   0,7  19,3   12:55     S
21  15,5  17,4   15:58  13,3   02:21  14,5  15,5  10,6   0,8  27,4   10:33   SSE
22  15,9  18,3   15:52  14,1   07:29  14,1  15,9  11,8   1,1  16,1   18:43     N
23  15,6  18,6   11:46  11,4   23:56  14,4  15,6  24,4   4,9  48,3   16:35   NNE
24  10,0  15,7   13:38   5,3   23:54  20,0  10,0   0,6   0,7  16,1   14:35   SSO
25   7,6  13,9   16:08   3,8   07:55  22,4   7,6   0,4   0,2   9,7   02:45   SSE
26   9,7  15,6   22:16   5,0   00:00  20,3   9,7   4,6   2,7  25,7   17:22   NNE
27  12,8  16,7   13:49   8,2   23:54  17,1  12,8   0,0   3,7  29,0   11:16     N
28  10,4  16,7   13:35   4,9   07:36  19,5  10,4   0,2   0,4  16,1   14:27     S
29  10,4  14,6   12:48   5,7   06:42  19,6  10,4   0,0   3,0  22,5   13:31   NNE
30   9,1  14,9   14:04   4,8   23:51  20,9   9,1   0,2   0,9  14,5   11:27   NNE
----------------------------------------------------------------------------------
    11,8  22,4     1     2,2     8   520,0 341,6  57,4   1,1  48,3    23       N

Max >=  30,0:  0
Max <=  10,0:  0
Min <=   0,0:  0
Min <=  -5,0:  0
Max Rain: 24,4 on day 23
Days of Rain: 19 (>= 0,2 mm)  3 (>= 10,0 mm)  1 (>= 20,0 mm)
Heat Base: 30,0  Cool Base: 0,0  Method: Integration