Resums Climàtics NOAA

Selecciona un any o mes per veure el resum
2020: Gen Feb Mar abr Mai Jun jul Ago Set Oct Nov Des
2019: Gen Feb Mar abr Mai Jun jul Ago Set Oct Nov Des
2018: Gen Feb Mar abr Mai Jun jul Ago Set Oct Nov Des
2017: Gen Feb Mar abr Mai Jun jul Ago Set Oct Nov Des
2016: Gen Feb Mar abr Mai Jun jul Ago Set Oct Nov Des

Resum 2016 Desembre
                   Monthly Climatological Summary for des. 2016

Name: Sant Baldiri   City: Lliçà d'Amunt   State: Barcelona
Elevation: 137 m  Lat: N 41° 36' 11"   Lon: E 002° 14' 24"

                  Temperature (°C), Rain (mm), Wind Speed (km/h)

                                      Heat  Cool        Avg
    Mean                              Deg   Deg         Wind                 Dom
Day Temp  High   Time   Low    Time   Days  Days  Rain  Speed High   Time    Dir
----------------------------------------------------------------------------------
 1   6,8  15,7   14:16   1,6   06:55  23,2   6,8   0,2   0,3  11,3   12:26     S
 2   5,7  15,7   15:51  -0,4   07:02  24,3   5,7   0,2   0,1   6,4   13:43   SSE
 3   5,7  14,8   14:34  -0,5   06:38  24,3   5,8   0,2   0,1   8,0   11:45    SE
 4  11,3  15,5   12:34   6,9   05:10  18,7  11,2   0,4   1,7  14,5   18:02     N
 5  13,2  16,3   15:10   9,2   23:36  16,8  13,2   0,0   5,0  29,0   15:08   NNE
 6  10,9  18,3   14:13   6,0   06:47  19,1  10,9   0,4   0,4  12,9   15:16   SSE
 7   9,7  17,9   15:08   4,5   07:26  20,3   9,7   0,2   0,1   9,7   09:32     E
 8   8,6  17,2   14:49   3,0   06:59  21,4   8,6   0,2   0,0   6,4   14:53   SSE
 9   9,4  19,4   14:12   2,9   06:58  20,6   9,4   0,2   0,7  17,7   15:24   SSO
10   9,4  17,9   15:51   3,9   07:51  20,5   9,3   0,2   0,0   6,4   16:05   SSE
11   8,3  16,2   15:50   3,5   07:59  21,7   8,3   0,2   0,3  11,3   13:57     S
12   7,1  16,8   15:27   1,7   08:15  22,9   7,1   0,2   0,0   6,4   12:15    SE
13   7,8  15,8   14:40   2,3   06:40  22,2   7,8   0,2   0,1   9,7   13:58     S
14   8,3  16,7   14:52   3,3   06:49  21,7   8,3   0,2   0,3  17,7   14:52     S
15   8,1  12,4   15:30   3,3   08:13  21,9   8,1   0,2   0,0   8,0   13:05    SE
16   9,8  13,7   15:42   5,1   06:27  20,1   9,7   3,6   2,9  24,1   18:36   NNE
17  10,9  14,2   14:21   4,4   23:38  19,1  10,9   1,2   5,4  30,6   13:38   NNE
18   7,8  13,3   14:56   3,3   06:14  22,2   7,8   0,0   2,1  19,3   02:02   NNE
19   7,0  11,1   23:48   3,5   06:47  23,0   7,0   6,8   1,9  32,2   12:55     N
20  10,6  12,8   09:25   7,6   23:30  19,4  10,6   7,0   1,7  24,1   00:01     N
21  10,2  17,0   14:34   6,2   23:38  19,8  10,2   1,0   0,7  20,9   01:05    SO
22   8,0  16,6   15:34   2,8   07:26  22,0   8,0   0,2   0,2   9,7   14:35   SSE
23   8,2  16,0   15:41   1,8   07:30  21,8   8,2   0,2   0,0   4,8   11:42   SSE
24   9,5  15,6   14:35   2,3   07:58  20,5   9,5   0,4   0,2   8,0   11:53   SSE
25   6,6  14,9   15:39   1,7   08:36  23,4   6,6   0,0   0,0   8,0   13:28     E
26   7,9  16,9   14:11   2,1   07:24  22,1   7,9   0,2   0,1   8,0   13:13     E
27   8,0  17,4   14:57   2,3   07:30  22,0   8,0   0,4   0,1   9,7   13:01   ESE
28   6,2  15,9   15:01   0,1   08:35  23,8   6,2   0,2   0,2  11,3   14:21   SSE
29   4,6  14,2   16:20  -1,4   07:29  25,4   4,7   0,2   0,1   8,0   20:48    SE
30   6,3  14,7   14:34   0,9   08:21  23,7   6,3   0,0   0,1   9,7   15:04   SSE
31   6,4  15,1   15:02   0,7   08:30  23,6   6,4   0,2   0,5  12,9   15:17     S
----------------------------------------------------------------------------------
     8,3  19,4     9    -1,4    29   671,5 258,2  24,8   0,8  32,2    19     NNE

Max >=  30,0:  0
Max <=  10,0:  0
Min <=   0,0:  3
Min <=  -5,0:  0
Max Rain: 7,0 on day 20
Days of Rain: 27 (>= 0,2 mm)  0 (>= 10,0 mm)  0 (>= 20,0 mm)
Heat Base: 30,0  Cool Base: 0,0  Method: Integration