Resums Climàtics NOAA

Selecciona un any o mes per veure el resum
2020: Gen Feb Mar abr Mai Jun jul Ago Set Oct Nov Des
2019: Gen Feb Mar abr Mai Jun jul Ago Set Oct Nov Des
2018: Gen Feb Mar abr Mai Jun jul Ago Set Oct Nov Des
2017: Gen Feb Mar abr Mai Jun jul Ago Set Oct Nov Des
2016: Gen Feb Mar abr Mai Jun jul Ago Set Oct Nov Des

Resum 2017
                   Annual Climatological Summary for 2017

Name: Sant Baldiri   City: Lliçà d'Amunt   State: Barcelona
Elevation: 137 m  Lat: N 41° 36' 11"   Lon: E 002° 14' 24"

                  Temperature (°C), Heat Base: 30,0  Cool Base: 0,0
                          Dep.  Heat  Cool                       Max  Max  Min  Min
        Mean  Mean        From  Deg   Deg                        >=   <=   <=   <=
 YR MO  Max   Min   Mean  Norm  Days  Days  Hi  Date  Low  Date 30,0 10,0  0,0  -5,0
------------------------------------------------------------------------------------
 17  1  12,4   1,4   6,3   0.0   730   198  17,1  31  -4,6   18    0    6   13    0
 17  2  16,9   5,7  10,8   0.0   496   276  21,3  22  -0,9    9    0    0    1    0
 17  3  19,6   5,8  12,3   0.0   523   358  23,9  17   2,7    5    0    0    0    0
 17  4  20,2   6,7  13,4   0.0   484   390  25,3  11   0,5   28    0    0    0    0
 17  5  24,9  11,8  18,5   0.0   350   552  32,1  25   6,8    1    2    0    0    0
 17  6  30,5  17,3  24,0   0.0   184   699  35,4  15  12,3    6   17    0    0    0
 17  7  30,8  18,5  24,8   0.0   148   705  35,4   7  13,9    1   22    0    0    0
 17  8  31,4  18,9  24,7   0.0   166   726  36,8   5  15,2   13   21    0    0    0
 17  9  25,5  14,3  19,2   0.0   323   574  31,1   5   8,0   17    2    0    0    0
 17 10  24,0  12,7  17,6   0.0   385   544  29,2   5   8,6   30    0    0    0    0
 17 11  17,6   3,9   9,8   0.0   606   293  23,0   4  -1,1   15    0    0    2    0
 17 12  13,9   1,1   6,7   0.0   719   210  19,3  31  -3,2    4    0    2   11    0
------------------------------------------------------------------------------------
        22,3   9,8  15,7   0.0  5121  5530  36,8 ag.  -4,6 gen.   64    8   27    0

                                Precipitation (mm)

              Dep.   Max        Days of Rain
              From   Obs.           >=
 YR MO Total  Norm   Day Date  0,2 10,0 20,0
---------------------------------------------
 17  1  30,0   0.0   9,4  27    17    0    0
 17  2  42,0   0.0  14,6  13    17    2    0
 17  3  85,8   0.0  30,0  25    15    3    2
 17  4  36,2   0.0  13,8  27    18    2    0
 17  5  19,8   0.0  13,2  11     7    1    0
 17  6  11,2   0.0   9,2   4     6    0    0
 17  7  13,2   0.0   5,8  23     6    0    0
 17  8  11,6   0.0   3,2   9     9    0    0
 17  9  58,0   0.0  15,4  14    19    3    0
 17 10  76,0   0.0  49,0  19    22    2    1
 17 11   7,4   0.0   3,4   4    10    0    0
 17 12   8,0   0.0   3,2  11    13    0    0
---------------------------------------------
       399,2   0.0  49,0 oct.  159   13    3

                                Wind Speed (km/h)
                          Dom
 YR MO   Avg.  Hi   Date  Dir
------------------------------
 17  1   2,0  49,9   21   NNE
 17  2   2,2  43,5    6     O
 17  3   1,8  46,7   24     S
 17  4   1,7  35,4    4   SSE
 17  5   1,9  35,4   11   SSE
 17  6   1,9  38,6   28   SSE
 17  7   2,2  30,6    8    SE
 17  8   1,8  33,8   10   SSE
 17  9   1,4  30,6    2    SE
 17 10   0,8  32,2   19   SSE
 17 11   0,6  40,2   13   OSO
 17 12   0,8  40,2   27   OSO
------------------------------
         1,6  49,9 gen.   SSE