Resums Climàtics NOAA

Selecciona un any o mes per veure el resum
2020: Gen Feb Mar abr Mai Jun jul Ago Set Oct Nov Des
2019: Gen Feb Mar abr Mai Jun jul Ago Set Oct Nov Des
2018: Gen Feb Mar abr Mai Jun jul Ago Set Oct Nov Des
2017: Gen Feb Mar abr Mai Jun jul Ago Set Oct Nov Des
2016: Gen Feb Mar abr Mai Jun jul Ago Set Oct Nov Des

Resum 2017 Gener
                   Monthly Climatological Summary for gen. 2017

Name: Sant Baldiri   City: Lliçà d'Amunt   State: Barcelona
Elevation: 137 m  Lat: N 41° 36' 11"   Lon: E 002° 14' 24"

                  Temperature (°C), Rain (mm), Wind Speed (km/h)

                                      Heat  Cool        Avg
    Mean                              Deg   Deg         Wind                 Dom
Day Temp  High   Time   Low    Time   Days  Days  Rain  Speed High   Time    Dir
----------------------------------------------------------------------------------
 1   4,3  11,9   16:08  -0,7   08:20  25,7   4,4   0,2   0,6  16,1   14:17     S
 2   5,2  13,8   14:29  -0,8   07:19  24,8   5,3   0,2   0,8  17,7   15:13   SSO
 3   5,0  11,4   15:05   0,1   05:58  25,0   5,0   0,2   0,1  11,3   12:19     S
 4   8,0  14,4   14:46   1,3   23:57  22,0   8,0   0,0   0,9  20,9   14:20   SSO
 5   4,4  12,7   15:00  -0,4   07:37  25,6   4,4   0,2   0,2  11,3   12:32    NE
 6   3,4  12,1   14:38  -2,6   07:19  26,6   3,8   0,0   0,3   9,7   14:24   SSE
 7   3,9  12,9   14:54  -1,5   08:17  26,1   4,2   0,2   0,2  11,3   15:02   SSE
 8   4,6  14,0   14:53  -1,7   07:30  25,4   4,8   0,2   0,1   9,7   13:37    SE
 9   4,8  12,6   14:20   0,3   03:39  25,2   4,8   0,0   0,6  17,7   15:16     N
10   4,9  12,4   15:42   0,9   01:39  25,1   4,9   0,0   0,2  11,3   22:50    SE
11   6,1  14,0   14:58  -1,1   07:35  23,9   6,2   0,0   1,2  24,1   15:50   SSO
12   9,8  16,7   15:27   4,4   08:01  20,2   9,8   0,0   0,5  16,1   12:28   ONO
13   9,4  15,5   14:16   1,8   23:55  20,6   9,4   0,0   1,9  29,0   13:46   ONO
14   4,6  11,6   12:57  -1,4   03:38  25,4   4,7   0,0   1,2  25,7   14:52   NNO
15   5,2  12,6   14:42  -0,7   07:27  24,8   5,2   0,0   1,6  35,4   13:27     N
16   5,3  13,1   14:51  -0,4   07:32  24,7   5,3   0,0   0,8  14,5   15:06    SE
17   3,5   8,3   14:43  -2,6   23:54  26,5   3,7   0,0   2,6  30,6   07:40     N
18   1,3   9,8   15:00  -4,6   07:35  28,5   2,6   0,0   0,5  16,1   15:10   SSE
19   4,1  10,8   13:09  -2,8   03:01  25,8   4,6   0,0   5,9  41,8   13:39   NNE
20   8,1   9,3   00:19   7,0   02:44  21,8   8,1   5,4  10,1  37,0   04:16   NNE
21  10,0  11,4   20:54   7,3   01:25  20,0  10,0   1,4  12,7  49,9   20:53   NNE
22  10,0  12,4   12:42   6,4   23:25  20,0   9,9   2,4   9,9  43,5   12:27   NNE
23   7,7   9,9   14:46   5,9   08:21  22,2   7,7   3,6   0,2  16,1   01:14    NO
24   7,0  12,5   15:46   3,0   07:16  23,0   7,0   0,2   0,8  12,9   11:50     S
25   4,5   5,7   12:16   2,6   02:29  22,8   4,0   0,0   1,6  17,7   16:23   NNE
26   5,7   9,7   14:42   2,4   05:41  24,3   5,7   1,4   0,3  11,3   10:40     N
27   8,8  12,9   13:05   5,5   00:05  21,2   8,8   9,4   2,0  24,1   13:26   NNE
28  10,2  12,9   14:43   8,7   05:49  19,8  10,2   4,4   1,6  16,1   01:28     N
29   8,0  14,3   15:40   3,1   07:37  22,0   8,0   0,2   1,3  22,5   14:58   SSO
30   8,2  16,7   15:04   1,4   07:39  21,8   8,2   0,2   0,6  12,9   13:39     S
31  10,0  17,1   14:03   4,1   07:35  20,0  10,0   0,2   0,7  16,1   13:38     S
----------------------------------------------------------------------------------
     6,3  17,1    31    -4,6    18   730,8 198,7  30,0   2,0  49,9    21     NNE

Max >=  30,0:  0
Max <=  10,0:  6
Min <=   0,0: 13
Min <=  -5,0:  0
Max Rain: 9,4 on day 27
Days of Rain: 17 (>= 0,2 mm)  0 (>= 10,0 mm)  0 (>= 20,0 mm)
Heat Base: 30,0  Cool Base: 0,0  Method: Integration