Resums Climàtics NOAA

Selecciona un any o mes per veure el resum
2020: Gen Feb Mar abr Mai Jun jul Ago Set Oct Nov Des
2019: Gen Feb Mar abr Mai Jun jul Ago Set Oct Nov Des
2018: Gen Feb Mar abr Mai Jun jul Ago Set Oct Nov Des
2017: Gen Feb Mar abr Mai Jun jul Ago Set Oct Nov Des
2016: Gen Feb Mar abr Mai Jun jul Ago Set Oct Nov Des

Resum 2017 Febrer
                   Monthly Climatological Summary for febr. 2017

Name: Sant Baldiri   City: Lliçà d'Amunt   State: Barcelona
Elevation: 137 m  Lat: N 41° 36' 11"   Lon: E 002° 14' 24"

                  Temperature (°C), Rain (mm), Wind Speed (km/h)

                                      Heat  Cool        Avg
    Mean                              Deg   Deg         Wind                 Dom
Day Temp  High   Time   Low    Time   Days  Days  Rain  Speed High   Time    Dir
----------------------------------------------------------------------------------
 1   9,3  16,3   16:27   5,6   05:06  20,0   8,9   0,2   0,4  14,5   14:06     S
 2  10,1  14,8   14:49   7,4   23:55  19,2   9,8   0,2   1,3  30,6   20:33    SO
 3   9,6  16,7   14:09   3,8   06:50  15,3   7,2   0,2   2,2  33,8   14:19    SO
 4  15,5  19,7   14:36   6,6   04:50   8,9   9,5   0,0   4,4  33,8   12:45    SO
 5  12,1  15,2   15:58   7,6   23:02  17,9  12,1   0,0   5,3  40,2   19:58   OSO
 6  11,4  16,9   15:35   7,3   01:58  17,5  10,7   0,0   5,8  43,5   10:47     O
 7  11,8  20,3   15:16   7,3   03:58  18,2  11,7   0,6   1,0  22,5   22:56     E
 8   9,2  16,8   15:16   3,0   23:59  20,8   9,2   1,8   1,6  22,5   00:04   SSO
 9   5,9  14,1   14:34  -0,9   07:28  23,9   5,9   0,0   1,0  17,7   16:21     S
10   6,8  12,4   14:10   2,3   00:03  23,2   6,8   0,0   0,6  16,1   14:16     S
11   9,3  13,6   13:31   3,4   03:34  20,7   9,3   0,2   2,7  22,5   19:21   NNE
12  12,7  14,3   12:51  11,4   04:43  17,3  12,7   0,0   6,6  35,4   12:35   NNE
13  12,8  14,4   12:57  11,8   22:34  17,2  12,8  14,6   8,8  41,8   10:28   NNE
14  13,0  18,1   14:04   9,5   08:05  17,0  13,0   8,8   1,8  35,4   01:45   ESE
15  12,8  17,9   13:12   8,6   07:50  17,2  12,8   0,2   2,0  19,3   12:48   NNE
16  11,7  17,3   15:39   7,4   07:44  18,3  11,7   0,0   0,9  14,5   13:45     S
17  10,5  18,8   15:25   5,8   08:16  17,8   9,6   0,4   0,6  11,3   13:26     S
18   9,8  16,8   14:10   3,8   08:12   3,7   1,8   0,0   0,0  16,1   14:41   ESE
19  10,2  17,6   14:40   4,4   06:17  19,8  10,2   0,2   0,7  17,7   15:21    SE
20  10,3  18,4   15:54   4,2   07:03  18,4   9,7   0,2   1,2  17,7   16:03   SSO
21  10,3  19,7   14:51   2,8   07:29  17,8   9,3   0,2   1,0  14,5   15:50   SSE
22  13,3  21,3   14:47   3,4   07:42  11,9   9,5   0,0   1,2  17,7   15:28     S
23  10,6  18,1   16:54   5,3   06:24  19,4  10,6   0,2   0,2   9,7   13:23   SSO
24  10,8  12,3   04:36   7,9   22:11  19,2  10,8  13,6   0,3  12,9   17:22   SSO
25   8,8  15,1   15:03   4,1   07:37  21,2   8,8   0,0   0,7  14,5   15:05   SSE
26   9,1  18,2   15:36   2,1   07:33  19,4   8,5   0,2   1,3  20,9   12:07     S
27  11,9  19,4   15:22   5,9   05:02  17,7  11,7   0,2   2,4  27,4   15:32    SO
28  12,3  17,8   15:49   6,7   02:45  17,7  12,3   0,0   3,8  40,2   12:41   OSO
----------------------------------------------------------------------------------
    10,8  21,3    22    -0,9     9   496,6 276,9  42,0   2,2  43,5     6     OSO

Max >=  30,0:  0
Max <=  10,0:  0
Min <=   0,0:  1
Min <=  -5,0:  0
Max Rain: 14,6 on day 13
Days of Rain: 17 (>= 0,2 mm)  2 (>= 10,0 mm)  0 (>= 20,0 mm)
Heat Base: 30,0  Cool Base: 0,0  Method: Integration