Resums Climàtics NOAA

Selecciona un any o mes per veure el resum
2020: Gen Feb Mar abr Mai Jun jul Ago Set Oct Nov Des
2019: Gen Feb Mar abr Mai Jun jul Ago Set Oct Nov Des
2018: Gen Feb Mar abr Mai Jun jul Ago Set Oct Nov Des
2017: Gen Feb Mar abr Mai Jun jul Ago Set Oct Nov Des
2016: Gen Feb Mar abr Mai Jun jul Ago Set Oct Nov Des

Resum 2017 Març
                   Monthly Climatological Summary for març 2017

Name: Sant Baldiri   City: Lliçà d'Amunt   State: Barcelona
Elevation: 137 m  Lat: N 41° 36' 11"   Lon: E 002° 14' 24"

                  Temperature (°C), Rain (mm), Wind Speed (km/h)

                                      Heat  Cool        Avg
    Mean                              Deg   Deg         Wind                 Dom
Day Temp  High   Time   Low    Time   Days  Days  Rain  Speed High   Time    Dir
----------------------------------------------------------------------------------
 1  10,3  17,9   15:11   4,6   07:21  19,7  10,3   0,0   1,4  19,3   17:08   SSE
 2  10,5  19,7   14:37   3,8   07:39  19,5  10,5   0,0   0,9  14,5   14:13   SSE
 3  11,6  14,9   14:49   8,5   00:18  18,4  11,6   2,6   1,5  22,5   23:45    NE
 4   9,5  15,0   14:54   4,8   07:00  20,5   9,5  16,4   4,9  38,6   00:41    SO
 5   9,8  17,4   15:32   2,7   07:24  20,2   9,8   0,0   2,0  32,2   13:40    SO
 6  14,7  23,6   16:10   6,0   07:05  15,3  14,7   0,0   3,7  33,8   11:25     O
 7  11,4  18,0   13:00   4,9   07:01  18,6  11,4   0,0   2,1  24,1   00:49   SSE
 8  12,5  19,9   14:53   6,3   01:22  17,5  12,5   0,0   0,5  12,9   10:06   OSO
 9  13,8  20,7   13:40   7,2   06:44  14,6  12,4   0,0   0,9  12,9   12:50   SSE
10  14,3  23,2   15:21   6,6   07:12  15,7  14,3   0,2   0,8  16,1   14:41   SSE
11  13,5  22,5   13:17   6,6   07:16  16,5  13,5   0,2   1,0  17,7   13:37   SSE
12  12,3  16,7   12:22   7,7   07:37  17,3  12,0   1,4   0,6  12,9   12:45   SSE
13  15,7  20,0   14:07   9,2   05:25   8,6   9,4   0,0   5,9  35,4   15:12   NNE
14  13,8  22,6   14:32   5,6   06:47  12,4  10,6   0,2   1,8  22,5   16:14    SE
15  12,1  21,1   13:35   4,9   07:09  16,5  11,2   0,2   1,3  17,7   14:26    SE
16  12,3  21,9   14:41   5,1   06:34  17,7  12,3   0,2   1,0  16,1   12:57   SSE
17  13,3  23,9   15:14   4,3   07:18  16,2  13,0   0,0   1,5  20,9   12:26     S
18  12,7  22,2   12:51   5,5   05:19  17,3  12,7   0,0   1,1  17,7   14:45    SE
19  13,7  23,1   14:47   6,7   06:50  16,3  13,7   0,0   1,2  24,1   13:35   SSE
20  13,8  21,6   12:05   6,3   06:39  14,0  11,9   0,0   1,7  24,1   13:08    SE
21  12,5  17,6   15:06   6,7   06:56  16,4  11,7   0,0   1,5  17,7   12:20   SSE
22  13,4  18,8   12:37   7,6   07:35  16,6  13,4   3,6   2,5  30,6   16:36   SSO
23  12,4  16,4   13:14   6,6   23:55  15,3  10,7   0,0   2,5  29,0   14:27   SSO
24   8,6  13,6   23:40   5,6   00:55  21,4   8,6  29,4   2,8  46,7   23:21   NNE
25   8,2  14,8   14:24   3,8   06:53  21,8   8,2  30,0   2,3  27,4   00:05     S
26  10,5  18,5   15:08   3,6   08:08  18,7  10,1   0,2   1,2  20,9   15:26     S
27  10,4  17,0   15:21   5,9   05:00  19,6  10,4   0,8   1,3  17,7   15:44   ENE
28  11,1  19,8   16:02   3,1   08:03  17,9  10,5   0,0   1,4  17,7   15:00   SSE
29  15,9  22,2   14:11   5,5   08:00  10,0  11,3   0,2   1,9  19,3   16:27     S
30  14,1  23,1   15:19   6,2   07:44  15,9  14,1   0,0   1,9  25,7   16:11   SSE
31  12,5  18,9   16:21   7,2   08:03  17,5  12,5   0,2   1,4  19,3   16:51     S
----------------------------------------------------------------------------------
    12,3  23,9    17     2,7     5   523,9 358,8  85,8   1,8  46,7    24       S

Max >=  30,0:  0
Max <=  10,0:  0
Min <=   0,0:  0
Min <=  -5,0:  0
Max Rain: 30,0 on day 25
Days of Rain: 15 (>= 0,2 mm)  3 (>= 10,0 mm)  2 (>= 20,0 mm)
Heat Base: 30,0  Cool Base: 0,0  Method: Integration