Resums Climàtics NOAA

Selecciona un any o mes per veure el resum
2020: Gen Feb Mar abr Mai Jun jul Ago Set Oct Nov Des
2019: Gen Feb Mar abr Mai Jun jul Ago Set Oct Nov Des
2018: Gen Feb Mar abr Mai Jun jul Ago Set Oct Nov Des
2017: Gen Feb Mar abr Mai Jun jul Ago Set Oct Nov Des
2016: Gen Feb Mar abr Mai Jun jul Ago Set Oct Nov Des

Resum 2017 abril
                   Monthly Climatological Summary for abr. 2017

Name: Sant Baldiri   City: Lliçà d'Amunt   State: Barcelona
Elevation: 137 m  Lat: N 41° 36' 11"   Lon: E 002° 14' 24"

                  Temperature (°C), Rain (mm), Wind Speed (km/h)

                                      Heat  Cool        Avg
    Mean                              Deg   Deg         Wind                 Dom
Day Temp  High   Time   Low    Time   Days  Days  Rain  Speed High   Time    Dir
----------------------------------------------------------------------------------
 1  10,5  13,7   13:37   6,3   23:41  19,5  10,5  11,2   0,9  20,9   03:21   OSO
 2   9,8  18,3   15:25   3,7   06:57  20,1   9,8   1,2   1,4  24,1   16:15    SE
 3  13,3  22,5   17:16   6,7   08:13  16,7  13,3   0,2   1,8  24,1   16:49     S
 4  14,2  22,8   15:50   6,2   07:34  14,7  13,2   0,0   1,8  35,4   16:12     S
 5  14,4  19,8   15:41   9,3   23:55  14,7  13,6   3,2   1,9  25,7   20:08     S
 6  13,0  21,8   14:59   5,8   07:29  17,0  12,9   0,2   1,6  22,5   16:47   SSE
 7  13,2  21,3   13:38   5,9   07:42  16,8  13,2   0,0   1,5  24,1   14:22    SE
 8  14,2  23,0   14:43   6,3   07:37  15,8  14,2   0,2   1,4  22,5   15:16   SSE
 9  13,8  22,3   14:07   5,6   07:31  16,2  13,8   0,0   1,5  25,7   16:10   SSE
10  17,6  24,9   15:33   6,3   07:45   9,2  13,0   0,6   2,4  25,7   19:28     S
11  15,5  25,3   13:41   8,9   06:00  14,5  15,5   0,2   1,4  24,1   14:03    SE
12  15,0  21,9   13:58   8,2   06:41  15,0  15,0   0,2   1,2  24,1   14:20   SSE
13  15,7  24,0   13:37   8,2   06:51  14,3  15,6   0,0   1,4  22,5   14:27    SE
14  16,1  23,6   13:22   8,7   07:36  13,6  15,8   0,2   1,5  27,4   16:07    SE
15  15,5  20,3   12:27  10,5   07:12  14,5  15,5   0,0   1,7  25,7   15:20     S
16  14,7  21,4   14:23   8,4   07:27  15,2  14,8   0,2   1,3  24,1   14:27    SE
17  15,3  22,4   14:48   8,3   07:25  14,7  15,3   0,0   1,3  22,5   16:23   SSE
18  15,1  20,6   13:25   9,7   06:43  14,9  15,1   0,2   1,8  19,3   14:37    SE
19  12,4  17,0   18:04   7,1   23:56  17,6  12,4   0,4   2,6  22,5   04:48   NNE
20  10,5  17,7   13:45   5,1   05:10  19,5  10,5   0,0   2,8  25,7   14:52     E
21  10,1  17,8   14:13   1,7   07:04  19,9  10,1   0,0   1,9  25,7   13:55   SSE
22  12,3  20,9   15:54   3,4   07:18  17,7  12,3   0,0   2,1  22,5   12:18   SSE
23  14,5  22,4   16:36   6,2   07:34  15,5  14,5   0,0   1,2  19,3   12:34    SE
24  14,7  23,2   13:07   6,8   07:04  15,3  14,7   0,0   1,5  24,1   15:25    SE
25  14,2  21,2   15:26   6,6   06:17  15,8  14,2   0,4   2,3  30,6   17:22   SSE
26  12,6  14,2   06:40  10,1   23:32  17,4  12,6   2,6   1,2  19,3   18:11   NNE
27   7,9  10,1   00:00   4,7   23:55  22,0   7,8  13,8   0,3   9,7   05:10     N
28   8,7  16,0   14:19   0,5   06:25  20,7   8,4   0,2   1,5  22,5   15:22    SE
29  14,1  18,0   13:08   3,7   07:06  10,2   9,1   0,0   3,9  29,0   15:42     S
30  14,2  18,7   14:46  11,1   06:19  15,8  14,2   1,0   1,6  30,6   15:16     S
----------------------------------------------------------------------------------
    13,4  25,3    11     0,5    28   484,8 390,9  36,2   1,7  35,4     4     SSE

Max >=  30,0:  0
Max <=  10,0:  0
Min <=   0,0:  0
Min <=  -5,0:  0
Max Rain: 13,8 on day 27
Days of Rain: 18 (>= 0,2 mm)  2 (>= 10,0 mm)  0 (>= 20,0 mm)
Heat Base: 30,0  Cool Base: 0,0  Method: Integration