Resums Climàtics NOAA

Selecciona un any o mes per veure el resum
2020: Gen Feb Mar abr Mai Jun jul Ago Set Oct Nov Des
2019: Gen Feb Mar abr Mai Jun jul Ago Set Oct Nov Des
2018: Gen Feb Mar abr Mai Jun jul Ago Set Oct Nov Des
2017: Gen Feb Mar abr Mai Jun jul Ago Set Oct Nov Des
2016: Gen Feb Mar abr Mai Jun jul Ago Set Oct Nov Des

Resum 2017 Maig
                   Monthly Climatological Summary for maig 2017

Name: Sant Baldiri   City: Lliçà d'Amunt   State: Barcelona
Elevation: 137 m  Lat: N 41° 36' 11"   Lon: E 002° 14' 24"

                  Temperature (°C), Rain (mm), Wind Speed (km/h)

                                      Heat  Cool        Avg
    Mean                              Deg   Deg         Wind                 Dom
Day Temp  High   Time   Low    Time   Days  Days  Rain  Speed High   Time    Dir
----------------------------------------------------------------------------------
 1  12,4  16,8   16:21   6,8   06:05  17,6  12,4   0,0   2,2  24,1   14:52    SE
 2  13,7  21,7   14:57   6,9   02:39  16,3  13,7   0,0   2,3  32,2   15:21   SSO
 3  13,5  16,2   13:07  10,9   06:49  16,5  13,5   2,0   0,1  12,9   00:07   NNE
 4  14,8  20,6   13:04   8,4   06:58  15,2  14,8   0,2   1,7  24,1   12:35   SSE
 5  16,8  22,9   14:10  11,4   06:09  13,2  16,8   0,0   3,1  29,0   15:29    NE
 6  18,4  26,4   14:59  12,4   04:29  11,6  18,4   0,0   2,8  27,4   10:05   ONO
 7  15,7  23,2   13:38   9,2   06:42  14,3  15,7   0,0   2,0  20,9   15:04    SE
 8  15,7  22,1   14:12   8,6   06:42  14,3  15,7   0,0   1,6  22,5   13:56    SE
 9  16,1  22,3   15:39   9,6   06:38  13,9  16,1   0,2   1,7  22,5   15:39   SSE
10  16,9  22,7   14:31  10,7   06:56  13,0  16,8   0,0   1,6  20,9   17:26   ESE
11  16,4  21,2   14:53  13,9   06:27  13,6  16,4  13,2   1,4  35,4   15:03     S
12  18,4  25,5   14:54  10,2   06:44  11,6  18,4   0,4   3,0  30,6   16:23    SO
13  19,8  26,8   16:57  12,2   06:20  10,2  19,8   0,0   2,8  32,2   15:10    SO
14  19,3  24,7   11:57  13,8   06:50  10,7  19,3   0,0   1,7  22,5   12:59    SE
15  19,5  26,4   13:15  12,0   06:18  10,5  19,5   0,0   1,6  22,5   14:46    SE
16  20,8  27,7   13:02  13,3   06:38   9,2  20,8   0,0   1,4  20,9   14:34    SE
17  20,3  27,5   14:06  13,0   06:31   9,7  20,3   0,0   1,6  20,9   14:37   SSE
18  18,2  25,3   14:31  11,9   06:37  11,8  18,2   0,8   1,2  19,3   14:16    SE
19  16,1  23,5   14:50   9,6   06:54  13,9  16,1   0,0   2,6  29,0   16:30   SSE
20  16,9  22,3   13:57  10,4   07:02  13,1  16,9   0,0   2,3  24,1   14:22    SE
21  17,6  24,6   16:19   9,3   06:39  12,4  17,6   0,0   1,7  20,9   13:48   SSE
22  19,4  25,6   14:58  12,5   06:21  10,6  19,4   0,0   2,1  22,5   12:04    SE
23  21,0  28,8   13:23  13,4   06:22   8,9  20,7   0,0   1,7  20,9   16:06   SSE
24  22,7  30,3   12:59  14,5   06:27   7,3  22,7   0,0   1,8  25,7   15:50    SE
25  23,8  32,1   14:55  14,7   06:49   5,7  21,2   0,0   1,8  20,9   14:01    SE
26  24,3  28,2   12:37  13,5   06:36   3,5  15,1   0,0   2,4  17,7   14:39    SE
27  21,8  27,3   15:08  16,2   00:24   7,9  21,0   0,0   3,4  20,9   04:55   ESE
28  24,7  29,2   14:14  13,7   05:59   3,2  15,3   0,0   2,5  22,5   15:32    SE
29  20,8  27,8   15:11  13,5   05:49   9,2  20,8   0,0   1,6  24,1   16:34   SSE
30  18,8  23,3   15:50  14,7   05:13  11,2  18,7   3,0   0,6  14,5   09:32   NNE
31  20,1  27,7   14:17  13,2   05:59   9,9  20,1   0,0   1,7  24,1   14:30    SE
----------------------------------------------------------------------------------
    18,5  32,1    25     6,8     1   350,0 552,2  19,8   1,9  35,4    11     SSE

Max >=  30,0:  2
Max <=  10,0:  0
Min <=   0,0:  0
Min <=  -5,0:  0
Max Rain: 13,2 on day 11
Days of Rain: 7 (>= 0,2 mm)  1 (>= 10,0 mm)  0 (>= 20,0 mm)
Heat Base: 30,0  Cool Base: 0,0  Method: Integration