Resums Climàtics NOAA

Selecciona un any o mes per veure el resum
2020: Gen Feb Mar abr Mai Jun jul Ago Set Oct Nov Des
2019: Gen Feb Mar abr Mai Jun jul Ago Set Oct Nov Des
2018: Gen Feb Mar abr Mai Jun jul Ago Set Oct Nov Des
2017: Gen Feb Mar abr Mai Jun jul Ago Set Oct Nov Des
2016: Gen Feb Mar abr Mai Jun jul Ago Set Oct Nov Des

Resum 2017 Juny
                   Monthly Climatological Summary for juny 2017

Name: Sant Baldiri   City: Lliçà d'Amunt   State: Barcelona
Elevation: 137 m  Lat: N 41° 36' 11"   Lon: E 002° 14' 24"

                  Temperature (°C), Rain (mm), Wind Speed (km/h)

                                      Heat  Cool        Avg
    Mean                              Deg   Deg         Wind                 Dom
Day Temp  High   Time   Low    Time   Days  Days  Rain  Speed High   Time    Dir
----------------------------------------------------------------------------------
 1  21,1  27,6   15:20  14,8   03:10   8,9  21,0   0,0   1,7  27,4   13:00   SSE
 2  21,7  28,3   12:21  14,8   05:42   7,9  20,8   0,0   1,9  24,1   13:33    SE
 3  25,2  28,8   17:57  18,7   06:02   2,9  15,2   0,2   2,3  24,1   12:28   SSO
 4  19,8  25,4   13:19  15,9   06:36  10,2  19,8   9,2   1,1  22,5   15:16     S
 5  19,2  24,6   17:27  16,1   07:29  10,8  19,2   0,0   1,7  22,5   13:38   SSE
 6  19,8  28,3   13:11  12,3   06:10  10,2  19,8   0,0   2,2  27,4   15:04   ESE
 7  18,7  21,4   19:15  15,8   05:28  11,3  18,7   0,0   1,8  22,5   12:46     S
 8  21,1  27,3   12:46  14,2   06:25   8,9  21,1   0,0   2,3  24,1   18:25    SE
 9  21,7  28,9   14:10  16,6   05:25   8,3  21,7   0,2   1,7  20,9   17:03   SSE
10  23,6  31,3   15:59  15,7   06:09   6,6  23,6   0,0   1,4  25,7   17:35    SE
11  25,0  33,7   14:49  16,1   06:23   5,7  25,0   0,0   1,6  24,1   16:16   SSE
12  25,2  31,5   12:14  16,4   05:59   5,0  25,2   0,0   1,7  19,3   13:44    SE
13  26,2  33,6   13:22  18,1   06:28   4,6  26,2   0,0   1,6  22,5   15:25     S
14  26,9  35,2   15:43  17,7   06:56   4,5  26,9   0,0   1,8  27,4   14:20   SSE
15  27,3  35,4   15:40  18,5   06:15   4,2  27,3   0,0   1,1  17,7   14:58   SSE
16  27,8  34,0   13:39  21,6   06:28   3,1  27,8   0,0   1,8  25,7   15:04   SSE
17  26,3  32,6   12:08  20,4   06:18   3,9  26,3   0,0   1,7  20,9   14:26    SE
18  25,8  32,5   14:04  18,6   05:56   4,7  25,7   0,0   1,8  22,5   13:28   SSE
19  24,7  30,8   14:31  17,4   06:34   5,3  24,7   0,0   1,6  20,9   13:25    SE
20  26,0  33,4   14:23  18,2   05:31   4,5  26,0   0,0   2,2  27,4   15:38     S
21  25,7  32,9   12:39  18,6   06:16   4,6  25,7   0,0   1,0  20,9   15:39   ESE
22  26,6  34,2   12:24  19,3   06:07   4,0  26,6   0,0   1,7  24,1   13:49   ESE
23  27,4  33,8   13:30  19,3   05:54   3,5  27,4   0,0   1,9  24,1   15:12   SSE
24  25,9  31,2   16:06  19,1   06:32   4,1  25,5   0,0   1,9  27,4   15:50   SSE
25  25,3  28,9   16:39  22,5   08:10   2,8  15,3   0,2   1,1  22,5   16:15     S
26  26,2  33,0   12:47  19,6   06:38   4,5  26,2   0,0   2,0  24,1   13:19    SE
27  24,5  29,6   15:17  18,3   06:39   5,5  24,5   0,0   1,8  25,7   15:23    SE
28  24,6  31,2   15:44  18,0   23:58   5,4  24,4   0,4   3,8  38,6   16:04    SO
29  21,1  27,9   15:01  13,9   06:32   8,9  21,1   1,0   3,9  35,4   13:42    SO
30  20,8  28,0   15:54  13,9   06:21   9,2  20,8   0,0   3,8  32,2   13:17   OSO
----------------------------------------------------------------------------------
    24,0  35,4    15    12,3     6   184,0 699,5  11,2   1,9  38,6    28     SSE

Max >=  30,0: 17
Max <=  10,0:  0
Min <=   0,0:  0
Min <=  -5,0:  0
Max Rain: 9,2 on day 4
Days of Rain: 6 (>= 0,2 mm)  0 (>= 10,0 mm)  0 (>= 20,0 mm)
Heat Base: 30,0  Cool Base: 0,0  Method: Integration