Resums Climàtics NOAA

Selecciona un any o mes per veure el resum
2020: Gen Feb Mar abr Mai Jun jul Ago Set Oct Nov Des
2019: Gen Feb Mar abr Mai Jun jul Ago Set Oct Nov Des
2018: Gen Feb Mar abr Mai Jun jul Ago Set Oct Nov Des
2017: Gen Feb Mar abr Mai Jun jul Ago Set Oct Nov Des
2016: Gen Feb Mar abr Mai Jun jul Ago Set Oct Nov Des

Resum 2017 juliol
                   Monthly Climatological Summary for jul. 2017

Name: Sant Baldiri   City: Lliçà d'Amunt   State: Barcelona
Elevation: 137 m  Lat: N 41° 36' 11"   Lon: E 002° 14' 24"

                  Temperature (°C), Rain (mm), Wind Speed (km/h)

                                      Heat  Cool        Avg
    Mean                              Deg   Deg         Wind                 Dom
Day Temp  High   Time   Low    Time   Days  Days  Rain  Speed High   Time    Dir
----------------------------------------------------------------------------------
 1  18,2  25,8   13:11  13,9   06:02   0,4   0,6   0,0   1,3  29,0   13:40     N
 2  21,7  28,5   14:40  15,5   06:10   8,3  21,7   0,0   2,1  27,4   13:28    SE
 3  25,1  29,7   15:01  14,7   05:42   3,6  18,5   0,0   3,0  27,4   14:02   SSE
 4  23,9  31,1   13:50  16,3   05:56   6,2  23,8   0,0   1,7  24,1   15:02   SSE
 5  22,9  29,4   12:16  14,9   05:49   7,1  22,9   0,0   1,9  22,5   13:19    SE
 6  24,7  34,8   13:17  16,2   05:17   5,7  24,6   0,0   1,6  25,7   14:03    SE
 7  29,9  35,4   13:18  18,7   07:01   1,5  21,7   0,0   1,9  19,3   13:41    SE
 8  26,3  31,7   09:51  21,5   03:35   3,8  26,3   0,6   3,7  30,6   13:59    NE
 9  24,7  30,3   12:35  18,9   06:04   5,3  24,6   0,0   2,5  30,6   14:26    SE
10  24,5  30,2   15:09  18,6   05:18   5,5  24,5   0,0   1,8  27,4   15:34    SE
11  25,0  30,7   17:01  18,3   06:03   5,0  25,0   0,0   1,9  20,9   14:16    SE
12  26,0  32,7   14:23  19,6   06:50   4,4  26,0   0,0   2,5  25,7   16:01    SE
13  25,5  31,2   12:19  19,7   06:27   4,6  25,5   0,0   3,1  30,6   12:38    SE
14  24,3  28,1   14:28  21,7   07:34   4,7  20,0   0,6   1,8  22,5   14:40   SSE
15  25,5  30,9   12:43  19,4   05:15   4,3  24,0   0,0   2,3  24,1   11:34    SE
16  28,0  30,4   11:11  19,4   06:54   1,1  15,5   0,0   3,8  24,1   13:28    SE
17  25,5  31,7   15:08  19,7   06:03   4,6  25,5   0,0   2,0  27,4   14:43   SSE
18  26,9  32,5   13:40  18,0   06:44   2,8  21,2   0,0   2,6  25,7   14:49   SSE
19  25,7  33,3   12:04  18,9   06:15   4,5  25,6   0,0   2,2  25,7   12:52    SE
20  25,5  30,7   15:06  21,3   06:27   4,5  25,5   0,0   3,5  29,0   10:05   ENE
21  24,0  28,4   11:36  18,3   07:02   5,4  21,5   0,0   1,1  20,9   11:42     N
22  24,8  31,1   15:38  18,2   06:47   5,0  23,7   0,2   1,9  25,7   12:34    SE
23  24,1  29,4   14:27  19,4   23:22   5,9  24,0   5,8   1,9  22,5   14:56    SE
24  23,3  30,0   13:54  17,5   06:03   6,6  23,3   0,2   2,1  24,1   13:56   ESE
25  22,5  28,2   13:42  20,2   22:13   7,5  22,5   5,8   2,1  25,7   15:18    SE
26  22,3  27,7   13:47  18,0   07:56   7,7  22,3   0,0   1,7  27,4   15:14   SSE
27  24,0  30,4   15:59  16,5   06:50   6,0  24,0   0,0   2,0  22,5   13:46   SSE
28  25,2  30,6   15:27  19,8   06:25   4,8  25,1   0,0   2,2  24,1   12:04    SE
29  25,7  32,0   14:33  18,6   06:00   4,6  24,9   0,0   1,9  25,7   15:41   SSE
30  26,5  34,1   14:53  18,8   07:05   4,0  24,8   0,0   1,7  20,9   12:59    SE
31  27,5  34,8   13:25  21,5   07:07   3,4  26,2   0,0   2,6  22,5   15:13     E
----------------------------------------------------------------------------------
    24,8  35,4     7    13,9     1   148,8 705,3  13,2   2,2  30,6     8      SE

Max >=  30,0: 22
Max <=  10,0:  0
Min <=   0,0:  0
Min <=  -5,0:  0
Max Rain: 5,8 on day 23
Days of Rain: 6 (>= 0,2 mm)  0 (>= 10,0 mm)  0 (>= 20,0 mm)
Heat Base: 30,0  Cool Base: 0,0  Method: Integration