Resums Climàtics NOAA

Selecciona un any o mes per veure el resum
2020: Gen Feb Mar abr Mai Jun jul Ago Set Oct Nov Des
2019: Gen Feb Mar abr Mai Jun jul Ago Set Oct Nov Des
2018: Gen Feb Mar abr Mai Jun jul Ago Set Oct Nov Des
2017: Gen Feb Mar abr Mai Jun jul Ago Set Oct Nov Des
2016: Gen Feb Mar abr Mai Jun jul Ago Set Oct Nov Des

Resum 2017 Agost
                   Monthly Climatological Summary for ag. 2017

Name: Sant Baldiri   City: Lliçà d'Amunt   State: Barcelona
Elevation: 137 m  Lat: N 41° 36' 11"   Lon: E 002° 14' 24"

                  Temperature (°C), Rain (mm), Wind Speed (km/h)

                                      Heat  Cool        Avg
    Mean                              Deg   Deg         Wind                 Dom
Day Temp  High   Time   Low    Time   Days  Days  Rain  Speed High   Time    Dir
----------------------------------------------------------------------------------
 1  23,6  30,7   15:15  22,1   07:24   0,5   1,8   0,0   0,3  11,3   01:39     N
 2  27,9  36,1   13:20  20,8   05:48   3,4  27,8   0,0   1,3  20,9   15:11    SE
 3  28,9  36,0   12:09  21,7   06:59   2,6  28,9   0,0   1,6  22,5   12:31   SSE
 4  28,6  36,7   13:16  20,8   07:06   3,0  28,6   0,0   1,8  22,5   15:29    SE
 5  28,2  36,8   15:08  21,8   06:57   2,7  23,6   0,0   1,6  30,6   14:25   SSE
 6  26,8  33,1   12:58  21,9   06:58   3,6  26,5   0,0   2,0  33,8   17:21   SSE
 7  27,8  30,8   12:01  20,4   07:08   1,5  18,6   0,0   3,3  27,4   13:58   SSE
 8  24,5  28,0   17:24  20,2   00:00   5,2  23,5   2,8   1,6  20,9   11:48   NNE
 9  20,8  27,2   12:49  16,5   05:16   9,1  20,7   3,2   1,7  24,1   12:34    SE
10  20,5  27,6   15:28  15,3   08:25   9,5  20,5   0,2   2,5  33,8   15:52    SE
11  20,5  26,0   13:30  15,5   06:14   9,5  20,5   0,0   2,7  27,4   13:40    SE
12  21,9  26,7   14:23  16,7   07:07   8,1  21,9   0,0   2,0  24,1   16:54    SE
13  22,5  29,0   14:41  15,2   07:34   7,5  22,5   0,0   1,6  22,5   14:58   SSE
14  23,7  31,4   12:43  16,3   06:56   6,4  23,7   0,2   2,1  30,6   16:37   SSE
15  23,0  29,7   13:24  16,1   06:56   6,6  21,9   0,0   1,4  27,4   13:44    SE
16  25,0  32,1   15:01  19,8   07:18   5,1  24,9   0,0   1,3  20,9   15:04    SE
17  25,2  33,6   13:23  18,4   07:24   5,2  25,2   0,0   2,2  25,7   14:42   SSE
18  26,5  34,8   14:41  18,7   07:10   4,5  26,5   0,0   2,3  29,0   15:22   SSE
19  24,1  28,0   16:02  21,8   07:33   5,9  24,1   1,0   1,2  19,3   16:15   SSE
20  24,2  28,9   15:47  20,6   03:33   5,8  24,2   0,0   2,3  27,4   13:17   SSE
21  23,6  30,5   13:28  17,8   06:28   6,4  23,6   0,0   1,8  27,4   15:52    SE
22  24,9  31,8   13:00  17,9   06:55   5,3  24,9   0,0   2,1  25,7   16:44   SSE
23  24,6  32,0   17:41  16,6   06:36   5,7  24,6   0,8   1,5  24,1   14:08   SSE
24  24,5  32,9   14:31  18,3   04:31   5,8  24,5   0,2   1,5  22,5   15:52    SE
25  24,5  32,7   13:38  16,7   06:50   5,8  24,5   0,0   1,4  19,3   14:58    SE
26  25,1  31,6   12:29  19,1   06:19   5,0  25,1   0,0   1,6  20,9   13:53    SE
27  25,6  32,8   13:40  20,8   07:14   4,5  24,8   0,0   1,6  19,3   14:25    SE
28  26,0  36,7   14:14  19,8   07:11   4,5  26,0   0,0   1,7  22,5   14:41   SSE
29  26,5  34,5   14:19  19,9   07:23   4,1  26,5   0,0   2,0  25,7   12:46   SSO
30  25,1  31,0   16:22  19,7   06:41   4,9  25,1   0,2   2,5  27,4   13:48    SO
31  20,8  24,2   15:33  17,4   23:59   9,2  20,8   3,0   1,0  20,9   18:07     E
----------------------------------------------------------------------------------
    24,7  36,8     5    15,2    13   166,9 726,3  11,6   1,8  33,8     6     SSE

Max >=  30,0: 21
Max <=  10,0:  0
Min <=   0,0:  0
Min <=  -5,0:  0
Max Rain: 3,2 on day 9
Days of Rain: 9 (>= 0,2 mm)  0 (>= 10,0 mm)  0 (>= 20,0 mm)
Heat Base: 30,0  Cool Base: 0,0  Method: Integration