Resums Climàtics NOAA

Selecciona un any o mes per veure el resum
2020: Gen Feb Mar abr Mai Jun jul Ago Set Oct Nov Des
2019: Gen Feb Mar abr Mai Jun jul Ago Set Oct Nov Des
2018: Gen Feb Mar abr Mai Jun jul Ago Set Oct Nov Des
2017: Gen Feb Mar abr Mai Jun jul Ago Set Oct Nov Des
2016: Gen Feb Mar abr Mai Jun jul Ago Set Oct Nov Des

Resum 2017 Setembre
                   Monthly Climatological Summary for set. 2017

Name: Sant Baldiri   City: Lliçà d'Amunt   State: Barcelona
Elevation: 137 m  Lat: N 41° 36' 11"   Lon: E 002° 14' 24"

                  Temperature (°C), Rain (mm), Wind Speed (km/h)

                                      Heat  Cool        Avg
    Mean                              Deg   Deg         Wind                 Dom
Day Temp  High   Time   Low    Time   Days  Days  Rain  Speed High   Time    Dir
----------------------------------------------------------------------------------
 1  20,6  27,3   15:00  15,8   05:14   9,4  20,6   0,0   2,0  25,7   15:45     S
 2  20,4  26,4   14:02  14,4   07:38   9,6  20,4   1,0   2,5  30,6   15:30    SE
 3  20,8  26,9   14:07  16,5   05:00   9,2  20,8   0,0   1,6  27,4   14:15    SE
 4  21,8  27,6   13:37  18,1   07:25   8,2  21,8   1,2   1,2  20,9   15:21     E
 5  23,1  31,1   13:20  15,8   07:35   6,9  23,1   0,0   1,9  22,5   12:45   SSE
 6  22,8  27,5   12:16  18,8   05:03   7,2  22,8   0,0   1,6  27,4   15:49   SSE
 7  21,7  26,3   15:07  17,2   07:58   8,3  21,7   2,6   2,0  29,0   13:49   SSE
 8  19,6  23,6   13:56  15,6   06:07  10,4  19,6   0,2   1,6  24,1   17:03    SE
 9  18,0  24,8   11:48  14,3   21:47  12,0  18,0  13,4   1,0  25,7   13:00     N
10  17,5  25,6   14:15  11,2   07:17  12,5  17,5   0,2   1,5  25,7   14:59    SE
11  19,4  28,0   14:22  13,1   07:08  10,1  18,6   0,0   1,6  27,4   16:01   ESE
12  20,7  24,1   12:41  18,1   23:48   9,3  20,7   0,0   2,3  22,5   13:44   SSE
13  21,9  30,0   14:59  15,9   07:36   8,1  21,8   0,0   2,3  27,4   17:37     S
14  20,5  28,8   13:57  16,3   23:10   9,5  20,5  15,4   1,4  30,6   16:32     E
15  13,8  16,4   00:00  11,9   23:58  16,2  13,8  12,0   0,4  17,7   02:02     N
16  14,5  21,6   16:48   8,5   07:13  15,5  14,5   0,2   1,2  24,1   16:16     S
17  16,3  25,6   16:01   8,0   07:13  13,7  16,3   0,0   2,0  27,4   14:50   SSO
18  17,4  21,6   17:39  15,2   03:29  12,6  17,4   2,2   1,3  19,3   17:42    NE
19  18,1  23,3   14:15  13,8   08:10  11,9  18,1   0,0   1,8  25,7   15:22    SE
20  17,4  23,7   14:56  11,9   07:22  12,6  17,4   0,0   1,4  17,7   13:29    SE
21  18,6  25,7   14:46  12,1   07:31  11,4  18,6   0,0   1,2  24,1   16:06   SSE
22  18,6  24,7   13:05  14,9   07:47  11,4  18,5   3,0   0,6  16,1   13:05   SSE
23  19,2  25,4   14:04  13,8   07:43  10,8  19,2   0,2   1,3  22,5   15:05   SSE
24  20,4  28,5   14:46  14,8   07:12   9,6  20,4   0,2   1,1  17,7   14:48   ESE
25  19,3  25,7   14:43  15,2   06:31  10,7  19,3   3,8   2,0  30,6   20:01   ENE
26  18,2  25,1   13:50  13,4   06:51  11,8  18,2   0,2   0,9  22,5   14:30    SE
27  19,0  24,7   14:16  13,9   07:38  11,0  19,0   0,2   1,1  24,1   14:47   SSE
28  18,7  25,9   14:02  13,4   08:01  11,3  18,7   0,2   0,9  17,7   17:12   SSE
29  19,4  25,8   13:47  14,2   07:08  10,6  19,4   0,2   1,1  22,5   15:13   SSE
30  18,0  24,6   14:16  13,6   07:30  12,0  18,0   1,6   0,1  12,9   13:05    SE
----------------------------------------------------------------------------------
    19,2  31,1     5     8,0    17   323,8 574,7  58,0   1,4  30,6     2      SE

Max >=  30,0:  2
Max <=  10,0:  0
Min <=   0,0:  0
Min <=  -5,0:  0
Max Rain: 15,4 on day 14
Days of Rain: 19 (>= 0,2 mm)  3 (>= 10,0 mm)  0 (>= 20,0 mm)
Heat Base: 30,0  Cool Base: 0,0  Method: Integration