Resums Climàtics NOAA

Selecciona un any o mes per veure el resum
2020: Gen Feb Mar abr Mai Jun jul Ago Set Oct Nov Des
2019: Gen Feb Mar abr Mai Jun jul Ago Set Oct Nov Des
2018: Gen Feb Mar abr Mai Jun jul Ago Set Oct Nov Des
2017: Gen Feb Mar abr Mai Jun jul Ago Set Oct Nov Des
2016: Gen Feb Mar abr Mai Jun jul Ago Set Oct Nov Des

Resum 2017 Octubre
                   Monthly Climatological Summary for oct. 2017

Name: Sant Baldiri   City: Lliçà d'Amunt   State: Barcelona
Elevation: 137 m  Lat: N 41° 36' 11"   Lon: E 002° 14' 24"

                  Temperature (°C), Rain (mm), Wind Speed (km/h)

                                      Heat  Cool        Avg
    Mean                              Deg   Deg         Wind                 Dom
Day Temp  High   Time   Low    Time   Days  Days  Rain  Speed High   Time    Dir
----------------------------------------------------------------------------------
 1  18,0  20,1   15:18  16,6   00:39  12,0  18,0   3,4   0,3  12,9   15:26     S
 2  19,3  23,8   14:24  15,8   04:05  10,7  19,3   0,0   0,4  11,3   16:03   SSE
 3  20,9  25,8   15:20  17,3   23:41   9,1  20,9   0,0   0,6  16,1   16:40    SE
 4  19,4  23,0   17:09  16,2   02:03  10,6  19,4   0,0   0,4  14,5   14:20   SSE
 5  21,2  29,2   14:49  15,1   08:18   8,8  21,2   0,2   1,2  17,7   15:39   SSE
 6  19,9  24,5   15:10  15,8   07:48  10,1  19,9   0,2   0,9  16,1   15:25    SE
 7  17,4  23,3   14:23  12,4   23:59  12,6  17,4   0,0   1,7  19,3   15:35   ESE
 8  16,5  24,7   14:56   9,9   07:09  13,5  16,5   0,0   0,9  17,7   16:34    SE
 9  17,5  23,6   12:49  10,7   07:25  12,5  17,5   0,2   1,3  24,1   14:11   SSE
10  18,6  24,4   13:17  13,9   06:55  11,4  18,6   0,0   1,1  22,5   17:47    SE
11  18,8  26,7   14:39  12,5   07:28  11,1  18,7   0,4   1,3  24,1   15:03     S
12  18,7  25,7   14:55  12,9   08:06  11,3  18,7   0,2   0,9  27,4   13:46   SSE
13  18,8  26,1   14:22  13,6   05:56  11,2  18,8   0,2   0,5  16,1   15:43    SE
14  18,2  24,9   13:54  13,8   05:37  11,4  17,6   0,2   0,6  12,9   15:31    SE
15  18,9  26,2   14:36  13,0   08:30  11,1  18,9   0,4   0,9  24,1   13:33     S
16  19,1  25,2   15:07  14,2   07:13  10,9  19,1   0,2   0,9  19,3   13:59   SSE
17  18,0  24,7   15:17  12,6   08:05  12,0  18,0   0,0   0,9  17,7   13:28    SE
18  17,9  23,8   13:14  13,8   01:41  12,1  17,9  16,8   1,0  24,1   19:32    SE
19  15,8  17,1   19:33  14,2   07:31  14,2  15,8  49,0   2,7  32,2   19:21   NNE
20  17,9  23,7   16:23  14,3   08:14  12,1  17,9   1,4   0,4  12,9   15:11    SO
21  18,0  25,7   16:09  12,4   05:45  12,0  18,0   0,4   0,4  14,5   13:55     S
22  16,6  21,1   16:26  11,7   23:29  13,4  16,5   0,8   0,8  19,3   12:22   OSO
23  14,4  22,5   16:26   9,1   08:16  15,6  14,4   0,0   1,1  25,7   13:46     S
24  15,4  24,2   16:03   9,4   08:15  14,6  15,4   0,2   0,3  11,3   16:17   SSE
25  16,1  24,7   15:28   9,9   07:18  13,9  16,1   0,2   0,4  11,3   15:32   SSE
26  16,4  24,4   15:59  12,2   04:52  13,6  16,4   0,4   0,3  12,9   16:35     S
27  17,0  24,4   14:38  12,1   08:57  13,0  17,0   0,4   0,4  14,5   15:29   ESE
28  15,9  23,1   15:34  11,3   07:40  14,1  15,9   0,2   0,7  17,7   15:15     S
29  15,2  25,1   14:59   8,8   07:27  15,5  15,8   0,2   0,7  14,5   13:36   SSO
30  14,3  21,0   14:43   8,6   06:46  15,7  14,3   0,0   0,7  14,5   15:51   SSE
31  14,2  20,2   15:29   9,8   23:46  15,8  14,2   0,4   0,6  14,5   16:27   SSE
----------------------------------------------------------------------------------
    17,6  29,2     5     8,6    30   385,9 544,1  76,0   0,8  32,2    19     SSE

Max >=  30,0:  0
Max <=  10,0:  0
Min <=   0,0:  0
Min <=  -5,0:  0
Max Rain: 49,0 on day 19
Days of Rain: 22 (>= 0,2 mm)  2 (>= 10,0 mm)  1 (>= 20,0 mm)
Heat Base: 30,0  Cool Base: 0,0  Method: Integration