Resums Climàtics NOAA

Selecciona un any o mes per veure el resum
2020: Gen Feb Mar abr Mai Jun jul Ago Set Oct Nov Des
2019: Gen Feb Mar abr Mai Jun jul Ago Set Oct Nov Des
2018: Gen Feb Mar abr Mai Jun jul Ago Set Oct Nov Des
2017: Gen Feb Mar abr Mai Jun jul Ago Set Oct Nov Des
2016: Gen Feb Mar abr Mai Jun jul Ago Set Oct Nov Des

Resum 2017 Novembre
                   Monthly Climatological Summary for nov. 2017

Name: Sant Baldiri   City: Lliçà d'Amunt   State: Barcelona
Elevation: 137 m  Lat: N 41° 36' 11"   Lon: E 002° 14' 24"

                  Temperature (°C), Rain (mm), Wind Speed (km/h)

                                      Heat  Cool        Avg
    Mean                              Deg   Deg         Wind                 Dom
Day Temp  High   Time   Low    Time   Days  Days  Rain  Speed High   Time    Dir
----------------------------------------------------------------------------------
 1  13,7  21,1   14:23   7,0   07:11  16,3  13,7   0,2   0,6  17,7   14:26     S
 2  16,3  21,9   12:41  12,1   07:21  13,7  16,3   0,0   0,8  22,5   12:44   SSO
 3  15,3  22,2   14:28  10,3   06:09  14,7  15,3   0,2   0,5  17,7   14:38     S
 4  16,2  23,0   14:11  12,3   01:42  13,8  16,2   3,4   0,6  17,7   19:15    SO
 5  14,6  21,3   13:32   9,3   23:06  15,4  14,6   0,2   0,7  14,5   13:34    NO
 6  10,5  16,7   14:54   4,6   07:31  19,5  10,5   0,0   2,2  35,4   11:58    NO
 7   8,0  16,4   15:00   1,2   07:11  22,0   8,0   0,0   0,5  16,1   14:22   OSO
 8   7,4  13,0   15:39   2,6   03:48  22,6   7,4   0,0   0,1   9,7   11:49   SSE
 9   8,2  14,9   13:44   3,6   07:40  21,8   8,2   0,0   0,4  11,3   14:46    SE
10   7,9  15,8   13:50   1,4   06:44  22,1   7,9   0,0   0,3  12,9   11:07   SSE
11   8,8  16,2   16:31   3,8   06:07  21,2   8,8   0,0   0,0  14,5   23:51    SO
12  12,6  18,9   13:50   7,8   05:03  17,4  12,6   0,0   1,0  22,5   14:12   ONO
13  10,1  15,0   14:54   2,8   23:48  19,9  10,1   0,0   3,8  40,2   12:40     N
14   6,9  16,3   15:11   0,3   07:55  23,1   6,9   0,0   0,3  12,9   05:24     S
15   6,2  16,5   15:14  -1,1   06:51  23,7   6,3   0,0   0,3  14,5   12:37     S
16   7,7  17,2   14:41   0,6   07:07  22,3   7,7   0,0   0,5  16,1   13:49     S
17   9,0  20,0   16:10   1,4   07:13  21,0   9,0   0,0   0,0   6,4   14:52    SE
18   9,8  18,9   14:32   3,3   07:47  20,2   9,8   0,0   0,2  12,9   15:08   SSE
19   9,0  17,9   14:33   1,8   07:34  21,0   9,0   0,4   0,0   8,0   12:54    SE
20   9,0  18,7   14:41   2,4   06:15  21,0   9,0   0,2   0,0   6,4   12:48    SE
21   9,2  20,1   14:48   2,0   07:39  20,8   9,2   0,2   0,0   6,4   12:47    SE
22   9,6  18,7   14:01   2,3   06:57  20,4   9,6   0,0   0,4  14,5   14:43     S
23  10,5  19,6   15:04   5,1   07:51  19,4  10,5   0,4   0,3  14,5   15:30     S
24  12,6  22,4   14:54   6,6   06:59  17,2  12,6   0,0   0,6  20,9   15:32    SO
25  11,7  17,6   14:52   7,0   07:52  18,2  11,6   2,0   0,4  14,5   14:53    SE
26   8,6  14,8   14:58   4,2   23:48  21,4   8,6   0,0   0,7  17,7   14:45     S
27   6,4  13,7   14:08   0,4   08:14  23,6   6,4   0,0   0,3  11,3   13:53     S
28   6,6  15,9   13:39   1,1   08:17  23,4   6,6   0,0   0,4  17,7   14:49     S
29   5,6  10,7   15:14   0,7   07:07  24,4   5,6   0,0   0,2  12,9   15:55   NNE
30   5,3  13,4   15:17   0,0   07:18  24,7   5,3   0,2   0,4  11,3   10:30     S
----------------------------------------------------------------------------------
     9,8  23,0     4    -1,1    15   606,2 293,3   7,4   0,6  40,2    13     OSO

Max >=  30,0:  0
Max <=  10,0:  0
Min <=   0,0:  2
Min <=  -5,0:  0
Max Rain: 3,4 on day 4
Days of Rain: 10 (>= 0,2 mm)  0 (>= 10,0 mm)  0 (>= 20,0 mm)
Heat Base: 30,0  Cool Base: 0,0  Method: Integration