Resums Climàtics NOAA

Selecciona un any o mes per veure el resum
2020: Gen Feb Mar abr Mai Jun jul Ago Set Oct Nov Des
2019: Gen Feb Mar abr Mai Jun jul Ago Set Oct Nov Des
2018: Gen Feb Mar abr Mai Jun jul Ago Set Oct Nov Des
2017: Gen Feb Mar abr Mai Jun jul Ago Set Oct Nov Des
2016: Gen Feb Mar abr Mai Jun jul Ago Set Oct Nov Des

Resum 2017 Desembre
                   Monthly Climatological Summary for des. 2017

Name: Sant Baldiri   City: Lliçà d'Amunt   State: Barcelona
Elevation: 137 m  Lat: N 41° 36' 11"   Lon: E 002° 14' 24"

                  Temperature (°C), Rain (mm), Wind Speed (km/h)

                                      Heat  Cool        Avg
    Mean                              Deg   Deg         Wind                 Dom
Day Temp  High   Time   Low    Time   Days  Days  Rain  Speed High   Time    Dir
----------------------------------------------------------------------------------
 1   2,7   9,8   11:37  -2,4   23:40  27,3   3,0   0,0   1,0  24,1   14:57   NNO
 2   3,9  10,3   15:02  -2,8   00:50  26,1   4,4   0,0   1,3  19,3   13:20     O
 3   4,9  13,4   15:01  -1,4   08:01  25,1   5,0   0,0   0,6  14,5   14:45   SSO
 4   3,8  13,6   16:10  -3,2   08:06  25,6   4,3   0,0   0,1   9,7   13:30     S
 5   4,5  13,4   15:11  -2,1   07:53  24,7   4,6   0,0   0,3  11,3   14:20     S
 6   4,6  14,2   15:28  -2,0   07:18  25,4   4,9   0,0   0,2  12,9   15:22     S
 7   6,3  15,0   14:37   0,4   05:29  23,7   6,3   0,2   0,5  20,9   14:18   SSO
 8   6,5  13,1   15:31   1,2   06:20  23,5   6,5   0,0   0,3  12,9   17:01   SSO
 9   6,7  11,2   14:11   3,7   21:36  23,3   6,7   0,0   0,1   9,7   15:49   SSE
10  10,3  16,1   13:38   4,8   07:32  19,7  10,3   0,0   0,9  25,7   16:07    SO
11  11,6  15,6   09:11   4,2   23:59  18,3  11,7   3,2   2,9  30,6   10:15    SO
12   6,3  12,2   15:24   2,3   03:17  23,6   6,3   0,2   0,7  16,1   07:40    NO
13   5,0  11,8   13:57  -0,4   06:32  24,9   5,0   0,2   1,0  22,5   13:06    SO
14  11,0  14,7   15:25   6,1   00:00  18,8  11,0   0,0   2,4  33,8   02:59     O
15   9,5  15,4   14:11   4,6   22:10  20,5   9,5   1,2   1,0  24,1   09:57    SO
16   7,6  14,8   14:27   0,4   23:57  22,4   7,6   0,0   1,4  22,5   14:33     O
17   4,6  14,4   14:16  -2,1   07:58  25,4   4,8   0,0   0,7  19,3   15:24   OSO
18   4,2   8,3   15:49  -0,3   06:11  25,8   4,2   0,0   0,5  19,3   14:26   NNO
19   5,2  12,6   13:51  -0,7   06:19  24,8   5,2   0,2   0,1   9,7   23:18     N
20   6,3  13,1   15:08   0,5   06:21  23,7   6,3   0,0   0,1   8,0   10:47     S
21   8,6  14,9   14:59   4,4   23:43  21,4   8,6   0,0   0,3  11,3   13:22   SSO
22   7,5  15,4   14:10   1,9   08:26  22,5   7,5   0,0   0,1   8,0   11:40   SSO
23   6,6  15,1   15:35   1,6   07:46  23,4   6,6   0,2   0,2  11,3   13:36     S
24   5,8  15,3   15:30  -0,3   07:50  24,2   5,8   0,2   0,2   8,0   15:14     S
25   5,8  12,8   15:14   0,8   08:44  24,2   5,8   0,2   0,0   4,8   14:21     N
26   6,9  14,8   14:36   2,4   06:03  23,0   6,9   0,2   0,5  20,9   14:52   OSO
27   7,8  13,2   15:23   3,2   22:41  22,2   7,8   1,6   3,0  40,2   13:40   OSO
28   5,7  14,2   14:56   0,3   08:06  24,3   5,7   0,0   0,7  17,7   15:06    SO
29   5,9  13,6   14:51   0,8   06:38  24,1   5,9   0,2   0,2  11,3   11:55     O
30  11,4  18,8   15:41   4,1   00:55  18,6  11,4   0,0   1,1  20,9   15:28     N
31  10,5  19,3   14:42   3,9   08:07  19,5  10,5   0,2   0,7  20,9   20:54     O
----------------------------------------------------------------------------------
     6,7  19,3    31    -3,2     4   720,0 210,1   8,0   0,8  40,2    27     OSO

Max >=  30,0:  0
Max <=  10,0:  2
Min <=   0,0: 11
Min <=  -5,0:  0
Max Rain: 3,2 on day 11
Days of Rain: 13 (>= 0,2 mm)  0 (>= 10,0 mm)  0 (>= 20,0 mm)
Heat Base: 30,0  Cool Base: 0,0  Method: Integration