Resums Climàtics NOAA

Selecciona un any o mes per veure el resum
2020: Gen Feb Mar abr Mai Jun jul Ago Set Oct Nov Des
2019: Gen Feb Mar abr Mai Jun jul Ago Set Oct Nov Des
2018: Gen Feb Mar abr Mai Jun jul Ago Set Oct Nov Des
2017: Gen Feb Mar abr Mai Jun jul Ago Set Oct Nov Des
2016: Gen Feb Mar abr Mai Jun jul Ago Set Oct Nov Des

Resum 2018
                   Annual Climatological Summary for 2018

Name: Sant Baldiri   City: Lliçà d'Amunt   State: Barcelona
Elevation: 137 m  Lat: N 41° 36' 11"   Lon: E 002° 14' 24"

                  Temperature (°C), Heat Base: 30,0  Cool Base: 0,0
                          Dep.  Heat  Cool                       Max  Max  Min  Min
        Mean  Mean        From  Deg   Deg                        >=   <=   <=   <=
 YR MO  Max   Min   Mean  Norm  Days  Days  Hi  Date  Low  Date 30,0 10,0  0,0  -5,0
------------------------------------------------------------------------------------
 18  1  15,8   4,4   9,4   0.0   636   292  21,7   4  -0,7   13    0    0    1    0
 18  2  12,1   1,7   6,3   0.0   664   177  19,0  15  -3,0    9    0    7   10    0
 18  3  17,3   5,0  10,5   0.0   594   319  23,7  10  -1,1   22    0    1    3    0
 18  4  20,6   8,6  14,4   0.0   467   432  27,1  25   1,3    1    0    0    0    0
 18  5  22,9  11,5  16,6   0.0   413   514  27,3  24   2,8    2    0    0    0    0
 18  6  27,3  15,9  21,6   0.0   254   646  31,6  21  12,6   14    5    0    0    0
 18  7  31,4  18,4  24,9   0.0   166   771  34,5  26  16,2   23   23    0    0    0
 18  8  31,5  19,5  24,9   0.0   168   772  38,4   4  16,2   18   20    0    0    0
 18  9  28,2  16,9  21,9   0.0   244   654  31,8  21  10,9   27    6    0    0    0
 18 10  22,3  11,7  16,4   0.0   418   504  27,1   4   3,0   30    0    0    0    0
 18 11  16,7   7,4  11,3   0.0   557   339  22,8  11   2,0   27    0    0    0    0
 18 12  15,3   3,8   8,4   0.0   669   260  18,8   5  -1,5   30    0    1    3    0
------------------------------------------------------------------------------------
        21,8  10,4  15,6   0.0  5255  5685  38,4 ag.  -3,0febr.   54    9   17    0

                                Precipitation (mm)

              Dep.   Max        Days of Rain
              From   Obs.           >=
 YR MO Total  Norm   Day Date  0,2 10,0 20,0
---------------------------------------------
 18  1  81,4   0.0  47,4  26    14    2    2
 18  2  81,8   0.0  24,0   5    16    3    1
 18  3  83,2   0.0  42,4  24    15    2    1
 18  4  79,2   0.0  36,0  11    12    2    1
 18  5  38,0   0.0  11,2  13    19    1    0
 18  6  86,2   0.0  47,8   5     8    2    2
 18  7  16,2   0.0   7,6  16     7    0    0
 18  8  26,0   0.0  12,2  17    10    1    0
 18  9  58,0   0.0  49,0   7    15    1    1
 18 10 193,6   0.0  44,2  31    24    6    5
 18 11 141,5   0.0  68,4  15    26    4    1
 18 12  11,0   0.0   3,4  13    24    0    0
---------------------------------------------
       896,1   0.0  68,4 nov.  190   24   14

                                Wind Speed (km/h)
                          Dom
 YR MO   Avg.  Hi   Date  Dir
------------------------------
 18  1   1,0  37,0    1     O
 18  2   1,4  37,0    4   NNE
 18  3   2,1  48,3    2    SO
 18  4   2,0  66,0   11    SE
 18  5   1,5  37,0   27   ESE
 18  6   1,5  33,8   11    SE
 18  7   1,7  33,8    5    SE
 18  8   1,6  33,8    9    SE
 18  9   1,3  43,5    7    SE
 18 10   1,3  59,5   15   ENE
 18 11   0,8  27,4   13   NNE
 18 12   0,2  24,1   19    SO
------------------------------
         1,4  66,0 abr.    SE