Resums Climàtics NOAA

Selecciona un any o mes per veure el resum
2020: Gen Feb Mar abr Mai Jun jul Ago Set Oct Nov Des
2019: Gen Feb Mar abr Mai Jun jul Ago Set Oct Nov Des
2018: Gen Feb Mar abr Mai Jun jul Ago Set Oct Nov Des
2017: Gen Feb Mar abr Mai Jun jul Ago Set Oct Nov Des
2016: Gen Feb Mar abr Mai Jun jul Ago Set Oct Nov Des

Resum 2018 Gener
                   Monthly Climatological Summary for gen. 2018

Name: Sant Baldiri   City: Lliçà d'Amunt   State: Barcelona
Elevation: 137 m  Lat: N 41° 36' 11"   Lon: E 002° 14' 24"

                  Temperature (°C), Rain (mm), Wind Speed (km/h)

                                      Heat  Cool        Avg
    Mean                              Deg   Deg         Wind                 Dom
Day Temp  High   Time   Low    Time   Days  Days  Rain  Speed High   Time    Dir
----------------------------------------------------------------------------------
 1  11,3  14,7   14:43   5,1   08:30  18,7  11,3   0,0   4,2  37,0   15:38   OSO
 2  10,5  17,1   14:35   3,7   08:14  19,5  10,5   0,0   1,3  30,6   01:05   OSO
 3  14,5  21,6   15:04  10,6   09:36  15,5  14,5   0,0   1,1  27,4   15:15    NO
 4  15,6  21,7   14:07  10,9   08:12  14,4  15,5   0,0   1,1  22,5   13:17     O
 5  13,0  19,4   13:36   6,7   23:50  17,0  13,0   0,0   1,6  32,2   14:45   OSO
 6  10,4  15,4   14:27   4,2   05:45  19,6  10,4   0,0   3,6  29,0   20:11   NNE
 7   9,7  13,6   00:00   4,8   23:59  20,3   9,7  23,8   1,6  25,7   10:01     N
 8   5,8  12,7   15:36   0,9   07:46  24,2   5,8   0,4   0,1   9,7   16:33   SSO
 9   7,0  13,8   13:31   1,5   08:32  23,0   7,0   0,0   0,9  19,3   14:58   SSO
10   8,0  14,4   14:53   3,2   07:22  22,0   8,0   0,0   0,9  17,7   13:56   OSO
11   8,6  14,5   15:06   4,6   22:10  21,4   8,6   1,4   0,7  24,1   04:12   NNO
12   6,1  13,0   14:29   1,4   07:12  23,9   6,1   0,2   0,3  16,1   00:25   OSO
13   5,3  10,4   16:07  -0,7   08:01  24,7   5,4   4,0   0,0   8,0   12:03     E
14   7,8  12,1   13:24   4,5   23:53  22,2   7,8   2,4   0,4  16,1   13:49   NNO
15   6,0  12,8   15:34   0,8   08:03  24,0   6,0   0,2   1,0  17,7   21:36   SSO
16  10,1  15,4   14:56   4,9   07:51  19,9  10,1   0,0   1,6  20,9   10:27    NO
17  11,9  17,7   13:40   7,4   21:55  18,1  11,9   0,0   1,4  24,1   16:41   NNE
18   9,5  15,7   15:27   4,7   23:11  20,5   9,5   0,0   0,8  19,3   14:23   SSO
19   6,2  13,1   16:24   1,3   07:59  23,8   6,2   0,0   0,1   8,0   13:25     S
20   9,0  16,3   16:00   2,1   08:29  21,0   9,0   0,2   0,4  17,7   13:51    SO
21  14,2  21,3   15:33  10,2   03:38  15,8  14,2   0,0   1,1  19,3   08:27    SO
22  13,0  18,7   14:26   8,1   23:58  17,0  13,0   0,0   1,7  19,3   11:33   NNO
23  10,1  18,4   14:45   4,6   08:12  19,9  10,1   0,2   0,5  11,3   12:26   SSO
24   9,4  17,8   14:17   3,5   07:38  20,6   9,4   0,4   0,7  16,1   14:34   SSE
25   9,8  13,3   15:42   5,7   01:48  20,1   9,7   0,2   0,0   8,0   15:06    SO
26   7,7  11,3   04:29   5,3   10:45  22,2   7,6  47,4   1,6  27,4   05:31     N
27   8,3  13,2   16:48   4,9   02:06  21,7   8,2   0,0   0,6  20,9   18:56   NNE
28  10,7  18,3   14:36   5,2   08:19  19,2  10,7   0,0   0,9  20,9   14:46    NE
29   8,5  17,3   15:14   2,6   08:17  21,5   8,5   0,2   0,5  14,5   14:11   SSE
30   7,6  17,0   15:00   1,6   08:23  22,4   7,6   0,4   0,5  16,1   14:39   SSE
31   7,3  16,9   15:38   0,6   08:03  22,7   7,3   0,0   1,3  24,1   16:05   SSO
----------------------------------------------------------------------------------
     9,4  21,7     4    -0,7    13   636,8 292,6  81,4   1,0  37,0     1     ONO

Max >=  30,0:  0
Max <=  10,0:  0
Min <=   0,0:  1
Min <=  -5,0:  0
Max Rain: 47,4 on day 26
Days of Rain: 14 (>= 0,2 mm)  2 (>= 10,0 mm)  2 (>= 20,0 mm)
Heat Base: 30,0  Cool Base: 0,0  Method: Integration