Resums Climàtics NOAA

Selecciona un any o mes per veure el resum
2020: Gen Feb Mar abr Mai Jun jul Ago Set Oct Nov Des
2019: Gen Feb Mar abr Mai Jun jul Ago Set Oct Nov Des
2018: Gen Feb Mar abr Mai Jun jul Ago Set Oct Nov Des
2017: Gen Feb Mar abr Mai Jun jul Ago Set Oct Nov Des
2016: Gen Feb Mar abr Mai Jun jul Ago Set Oct Nov Des

Resum 2018 Febrer
                   Monthly Climatological Summary for febr. 2018

Name: Sant Baldiri   City: Lliçà d'Amunt   State: Barcelona
Elevation: 137 m  Lat: N 41° 36' 11"   Lon: E 002° 14' 24"

                  Temperature (°C), Rain (mm), Wind Speed (km/h)

                                      Heat  Cool        Avg
    Mean                              Deg   Deg         Wind                 Dom
Day Temp  High   Time   Low    Time   Days  Days  Rain  Speed High   Time    Dir
----------------------------------------------------------------------------------
 1   5,5   9,6   12:57   2,9   04:24  24,5   5,5   6,6   0,8  20,9   17:03     N
 2   5,8  10,6   16:39   1,9   23:58  24,2   5,8   0,4   0,6  14,5   19:00   OSO
 3   5,1  13,7   13:31  -1,6   08:16  24,9   5,2   0,0   1,0  24,1   13:49   OSO
 4   6,2   8,7   12:08   3,9   03:21  23,8   6,2   5,6   5,8  37,0   18:15   NNE
 5   6,9   9,3   14:19   5,2   01:53  23,0   7,0  24,0   3,4  27,4   14:34   NNE
 6   7,7  12,5   13:08   4,1   23:46  22,3   7,7   9,6   1,6  25,7   07:38     N
 7   5,7  11,3   16:24   1,1   23:54  24,3   5,7   0,0   0,6  17,7   19:02    SE
 8   1,7   6,3   12:19  -0,8   05:07  28,3   1,8   0,0   1,1  17,7   11:41   NNE
 9   3,2  11,3   15:07  -3,0   07:21  26,8   4,0   0,2   0,9  19,3   14:20    SO
10   5,1  12,7   14:08  -0,9   06:20  24,9   5,1   0,0   1,4  19,3   11:35    NO
11   6,4  16,3   15:04  -2,1   08:16  23,6   6,7   0,0   0,8  20,9   12:33    SO
12   6,5  10,6   00:11   1,2   21:15  23,5   6,5  17,4   0,6  17,7   11:29   NNO
13   3,5   9,4   14:32  -1,7   07:58  26,5   3,7   0,4   2,0  25,7   16:04   OSO
14   5,7  12,1   16:23  -0,1   07:53  24,2   5,7   0,0   0,3  12,9   17:43   SSO
15   9,7  19,0   15:03   3,3   07:51  20,3   9,7   0,0   0,4  12,9   13:35   SSE
16  11,0  18,1   15:29   6,9   02:36  19,0  11,0   0,2   0,1   9,7   12:17   SSE
17  10,4  13,7   14:09   7,2   06:24  19,6  10,4   1,0   0,4  16,1   14:46   NNE
18   9,6  16,1   16:41   5,2   07:17  20,4   9,6   3,0   0,9  17,7   14:00   SSO
19   8,5  13,4   14:46   4,4   06:20  21,5   8,5   0,0   0,5  14,5   14:48     S
20  10,4  15,8   14:00   6,6   23:58  19,6  10,4   0,0   0,7  19,3   14:19   SSE
21   8,5  14,8   12:38   2,8   23:56  21,5   8,5   0,2   2,5  35,4   13:28     N
22   4,4  10,2   13:51  -1,4   07:55  25,6   4,6   0,0   1,2  19,3   13:28    SE
23   5,3  11,6   14:36   0,8   06:48  24,7   5,3   0,0   1,4  24,1   14:50    SE
24   5,6  13,4   14:31  -1,2   07:56  24,4   5,7   0,2   1,2  16,1   11:43   SSE
25   8,3  16,0   14:08   2,3   07:57  21,7   8,3   0,0   0,9  19,3   16:32   SSE
26   4,8  10,3   13:09   0,8   23:48  25,2   4,8   0,4   2,8  33,8   23:58    NE
27   1,5   5,2   14:39  -0,7   03:37  28,4   1,6   0,6   3,0  33,8   00:12   NNE
28   2,7   5,8   23:47   0,1   06:24  27,3   2,7  12,0   2,6  22,5   14:18   NNE
----------------------------------------------------------------------------------
     6,3  19,0    15    -3,0     9   664,0 177,7  81,8   1,4  37,0     4     NNE

Max >=  30,0:  0
Max <=  10,0:  7
Min <=   0,0: 10
Min <=  -5,0:  0
Max Rain: 24,0 on day 5
Days of Rain: 16 (>= 0,2 mm)  3 (>= 10,0 mm)  1 (>= 20,0 mm)
Heat Base: 30,0  Cool Base: 0,0  Method: Integration