Resums Climàtics NOAA

Selecciona un any o mes per veure el resum
2020: Gen Feb Mar abr Mai Jun jul Ago Set Oct Nov Des
2019: Gen Feb Mar abr Mai Jun jul Ago Set Oct Nov Des
2018: Gen Feb Mar abr Mai Jun jul Ago Set Oct Nov Des
2017: Gen Feb Mar abr Mai Jun jul Ago Set Oct Nov Des
2016: Gen Feb Mar abr Mai Jun jul Ago Set Oct Nov Des

Resum 2018 Març
                   Monthly Climatological Summary for març 2018

Name: Sant Baldiri   City: Lliçà d'Amunt   State: Barcelona
Elevation: 137 m  Lat: N 41° 36' 11"   Lon: E 002° 14' 24"

                  Temperature (°C), Rain (mm), Wind Speed (km/h)

                                      Heat  Cool        Avg
    Mean                              Deg   Deg         Wind                 Dom
Day Temp  High   Time   Low    Time   Days  Days  Rain  Speed High   Time    Dir
----------------------------------------------------------------------------------
 1  10,0  14,9   15:16   5,8   00:00  20,0  10,0   3,2   0,5  14,5   15:51    SE
 2  11,4  15,7   15:10   8,5   07:13  18,6  11,4   3,4   6,0  48,3   02:39   OSO
 3  12,4  18,9   15:32   6,8   07:14  17,6  12,4   0,6   2,9  35,4   10:56    SO
 4  11,4  19,6   14:22   6,7   06:11  17,2  10,5   0,2   1,1  27,4   15:37   OSO
 5   9,1  14,3   15:05   5,7   03:33  20,9   9,1   6,2   0,6  25,7   09:21   OSO
 6  11,2  17,9   13:31   6,2   23:51  18,8  11,2   0,0   3,4  35,4   16:22   OSO
 7   9,4  17,3   14:43   2,6   07:37  20,6   9,4   0,0   1,3  24,1   12:24     O
 8   9,1  17,3   15:31   3,6   04:17  20,9   9,1   0,0   1,1  27,4   14:19     S
 9  11,3  19,6   12:59   3,9   07:18  18,7  11,3   0,2   1,5  25,7   13:42   SSE
10  15,1  23,7   15:05   8,9   05:54  14,8  15,2   1,6   2,3  35,4   14:04   SSO
11  13,6  18,9   14:50   8,7   07:54  16,4  13,6   0,4   3,5  37,0   15:47    SO
12  13,3  19,6   15:08   7,6   23:59  16,7  13,3   0,0   3,5  35,4   15:21     O
13   9,9  16,4   14:09   4,9   02:54  20,1   9,9   0,0   0,8  22,5   15:51    SO
14  10,5  17,9   13:27   3,7   07:23  16,3   8,8   0,0   1,5  25,7   13:14     S
15  14,1  19,1   14:24   9,1   22:32  11,8  10,5   1,0   3,5  37,0   14:24   OSO
16  11,8  18,8   14:23   5,7   05:21  18,2  11,8   0,0   1,8  24,1   13:43    SO
17   8,4  15,2   12:46   3,5   05:44  21,6   8,4   0,0   2,2  24,1   10:36    SO
18   8,0  15,7   14:32   2,6   06:03  22,0   8,0   0,0   1,9  24,1   15:12   SSE
19   7,3  15,3   14:20   0,0   06:34  22,7   7,3   4,6   2,4  32,2   17:51    SO
20   6,7  13,7   16:37   2,3   05:48  23,3   6,7  18,2   1,2  14,5   13:15     S
21   6,7  13,8   13:48  -0,2   07:10  23,3   6,7   0,0   2,1  24,1   13:50    SE
22   7,8  16,8   16:51  -1,1   07:00  22,2   7,9   0,0   1,6  25,7   15:45    SO
23  10,1  18,4   14:31   3,7   05:57  19,9  10,1   0,0   1,5  22,5   14:54    SE
24   7,2   8,8   08:49   5,5   17:15  22,8   7,2  42,4   1,5  22,5   16:11   NNO
25   9,2  12,7   16:38   7,1   07:05  19,9   8,8   0,6   0,4   9,7   01:13     O
26  10,2  18,6   14:40   3,6   07:34  19,8  10,2   0,4   1,1  19,3   14:51    NO
27  10,5  18,6   15:47   3,9   07:53  19,5  10,5   0,2   1,3  24,1   16:35   SSO
28  14,1  21,7   16:14   7,4   08:07  15,8  14,2   0,0   1,2  19,3   14:31    SE
29  12,5  18,9   13:09   8,5   23:21  17,5  12,5   0,0   2,3  27,4   15:07   SSE
30  12,0  19,2   15:11   6,3   23:50  17,9  12,1   0,0   3,6  33,8   17:04   OSO
31  11,0  17,8   16:04   3,8   04:49  19,0  11,0   0,0   5,1  43,5   11:01     O
----------------------------------------------------------------------------------
    10,5  23,7    10    -1,1    22   594,8 319,1  83,2   2,1  48,3     2      SO

Max >=  30,0:  0
Max <=  10,0:  1
Min <=   0,0:  3
Min <=  -5,0:  0
Max Rain: 42,4 on day 24
Days of Rain: 15 (>= 0,2 mm)  2 (>= 10,0 mm)  1 (>= 20,0 mm)
Heat Base: 30,0  Cool Base: 0,0  Method: Integration