Resums Climàtics NOAA

Selecciona un any o mes per veure el resum
2020: Gen Feb Mar abr Mai Jun jul Ago Set Oct Nov Des
2019: Gen Feb Mar abr Mai Jun jul Ago Set Oct Nov Des
2018: Gen Feb Mar abr Mai Jun jul Ago Set Oct Nov Des
2017: Gen Feb Mar abr Mai Jun jul Ago Set Oct Nov Des
2016: Gen Feb Mar abr Mai Jun jul Ago Set Oct Nov Des

Resum 2018 abril
                   Monthly Climatological Summary for abr. 2018

Name: Sant Baldiri   City: Lliçà d'Amunt   State: Barcelona
Elevation: 137 m  Lat: N 41° 36' 11"   Lon: E 002° 14' 24"

                  Temperature (°C), Rain (mm), Wind Speed (km/h)

                                      Heat  Cool        Avg
    Mean                              Deg   Deg         Wind                 Dom
Day Temp  High   Time   Low    Time   Days  Days  Rain  Speed High   Time    Dir
----------------------------------------------------------------------------------
 1   9,7  16,7   14:00   1,3   07:30  20,3   9,7   0,0   1,6  22,5   15:13    SE
 2  11,4  18,6   14:28   4,7   07:19  18,6  11,4   0,0   1,3  19,3   16:46    SE
 3  13,4  20,7   16:38   7,1   08:10  16,6  13,4   0,0   1,5  22,5   15:20     S
 4  15,5  21,8   15:32   8,9   07:40  14,5  15,5   0,0   3,7  40,2   12:59   OSO
 5  13,0  19,9   13:53   6,7   07:45  17,0  13,0   0,0   1,9  30,6   14:39   ESE
 6  12,2  19,1   12:48   4,6   07:21  17,8  12,2   0,4   1,5  22,5   16:48   ESE
 7  14,2  18,6   15:55  10,4   03:17  15,8  14,2   0,0   6,9  38,6   16:40   NNE
 8  12,5  14,4   00:22  10,2   23:37  17,5  12,5   5,2   2,5  22,5   00:47     N
 9  12,7  18,6   15:58   8,1   07:38  17,3  12,7   1,8   2,5  30,6   16:34     S
10  10,3  15,8   13:22   3,2   07:12  19,7  10,3   1,4   2,8  27,4   13:36   SSE
11  10,7  13,3   18:16   8,0   23:57  19,1  10,7  36,0   6,2  66,0   06:30   ESE
12   9,9  16,1   14:34   4,7   07:35  20,1   9,9   3,2   1,9  29,0   15:39    SE
13  11,1  14,3   11:55   7,6   05:24  18,9  11,1   6,4   0,9  17,7   12:11     E
14  11,9  13,7   19:25  10,6   07:16  18,1  11,9  15,6   0,7  17,7   13:04     N
15  15,7  23,6   16:58   9,8   05:38  14,3  15,7   0,0   1,2  22,5   18:11   SSO
16  14,8  19,8   15:02  11,1   04:58  15,2  14,8   0,0   1,1  27,4   15:14     E
17  16,6  24,1   14:53   9,8   07:46  13,4  16,6   0,2   1,3  20,9   15:59   ESE
18  17,2  25,6   14:34   9,8   07:26  12,8  17,2   0,0   1,2  24,1   16:36   ESE
19  16,9  23,8   13:40  10,7   07:00  13,1  16,9   0,0   2,8  29,0   16:01   ENE
20  16,3  23,6   13:42   9,2   06:58  13,7  16,3   0,0   1,3  19,3   14:23    SE
21  17,0  24,8   16:52   9,2   07:18  13,0  17,0   0,0   1,3  22,5   13:53   SSE
22  17,2  25,1   15:06  10,1   06:42  12,8  17,2   0,0   1,6  25,7   14:35     S
23  17,5  24,7   14:39  10,9   05:48  12,5  17,5   0,0   0,9  17,7   16:57   SSE
24  18,1  26,0   15:19  11,5   07:33  11,9  18,1   0,0   1,3  22,5   15:46   SSE
25  18,5  27,1   13:28  11,4   06:55  11,5  18,5   0,0   1,4  20,9   16:09    SE
26  17,6  24,2   14:22  12,6   06:01  12,4  17,6   0,0   1,5  24,1   15:26   SSE
27  16,7  24,7   14:20  10,7   06:54  13,3  16,7   0,2   2,2  25,7   14:48    SE
28  17,5  22,5   13:21  12,1   07:12  12,5  17,5   0,0   1,5  20,9   13:35   SSE
29  13,4  16,9   00:00   8,2   23:56  16,6  13,4   8,6   1,5  32,2   15:19   SSO
30  12,6  19,2   16:27   5,3   07:01  17,4  12,6   0,2   2,2  35,4   13:59    SO
----------------------------------------------------------------------------------
    14,4  27,1    25     1,3     1   467,7 432,1  79,2   2,0  66,0    11      SE

Max >=  30,0:  0
Max <=  10,0:  0
Min <=   0,0:  0
Min <=  -5,0:  0
Max Rain: 36,0 on day 11
Days of Rain: 12 (>= 0,2 mm)  2 (>= 10,0 mm)  1 (>= 20,0 mm)
Heat Base: 30,0  Cool Base: 0,0  Method: Integration