Resums Climàtics NOAA

Selecciona un any o mes per veure el resum
2020: Gen Feb Mar abr Mai Jun jul Ago Set Oct Nov Des
2019: Gen Feb Mar abr Mai Jun jul Ago Set Oct Nov Des
2018: Gen Feb Mar abr Mai Jun jul Ago Set Oct Nov Des
2017: Gen Feb Mar abr Mai Jun jul Ago Set Oct Nov Des
2016: Gen Feb Mar abr Mai Jun jul Ago Set Oct Nov Des

Resum 2018 Maig
                   Monthly Climatological Summary for maig 2018

Name: Sant Baldiri   City: Lliçà d'Amunt   State: Barcelona
Elevation: 137 m  Lat: N 41° 36' 11"   Lon: E 002° 14' 24"

                  Temperature (°C), Rain (mm), Wind Speed (km/h)

                                      Heat  Cool        Avg
    Mean                              Deg   Deg         Wind                 Dom
Day Temp  High   Time   Low    Time   Days  Days  Rain  Speed High   Time    Dir
----------------------------------------------------------------------------------
 1  10,1  15,8   14:53   6,8   23:25  19,8  10,1   2,4   1,0  22,5   15:52   NNE
 2  11,6  19,7   15:34   2,8   07:08  18,4  11,6   0,2   1,5  22,5   16:10    SE
 3  13,6  23,4   13:55   6,6   06:50  16,4  13,6   4,0   0,9  20,9   12:15     S
 4  15,0  20,2   17:36  11,3   06:34  15,0  15,0   0,2   0,5  14,5   17:37   SSO
 5  15,4  20,3   18:41  12,7   03:48  14,6  15,4   1,8   0,0   8,0   09:20   SSO
 6  15,7  22,9   15:31  10,8   06:56  14,3  15,7   4,0   0,5  16,1   18:12    SE
 7  18,1  23,9   15:03  14,7   05:54  11,9  18,1   0,2   1,0  17,7   14:44    SE
 8  17,2  24,4   14:39  13,4   04:43  12,8  17,2   0,2   0,8  24,1   16:38    SE
 9  15,9  22,9   13:07  10,7   06:37  14,1  15,8   1,2   0,8  20,9   14:11   SSE
10  16,2  19,9   15:19  12,9   04:16  13,8  16,2   0,2   1,3  24,1   15:11    SE
11  18,1  23,8   15:48  13,6   06:22  11,9  18,1   0,0   2,9  29,0   15:34   SSO
12  15,7  20,3   12:40  11,0   07:01  14,3  15,7   7,2   1,3  19,3   23:33   SSE
13  11,8  16,1   16:58   8,5   07:17  18,2  11,8  11,2   1,5  20,9   13:48   ESE
14  11,7  18,4   13:00   5,7   06:46  18,3  11,7   0,2   2,1  22,5   13:36     E
15  14,6  23,4   14:15   6,7   06:30  15,3  14,6   0,0   1,6  29,0   14:53    SE
16  15,8  23,3   15:12   9,3   05:39  14,2  15,8   0,0   0,7  17,7   16:10    SE
17  17,6  24,4   13:29  11,8   06:46  12,4  17,6   0,0   1,8  27,4   14:20    SE
18  16,9  21,9   11:51  11,9   06:51  13,1  16,9   0,0   0,5  14,5   16:54     E
19  16,3  24,7   12:59  10,1   06:29  13,7  16,3   1,0   0,8  20,9   13:42   ESE
20  17,0  25,0   12:27  10,8   06:21  12,7  16,7   0,0   1,1  22,5   13:42   NNE
21  16,9  23,2   15:03  11,1   06:03  12,8  16,6   0,0   1,3  20,9   15:24    SE
22  16,8  23,1   16:02  13,4   04:38  13,2  16,8   1,0   0,6  17,7   16:44    SE
23  18,1  25,3   13:10  11,3   05:56  11,9  18,1   0,2   1,6  20,9   15:23   SSE
24  19,5  27,3   14:47  13,0   06:45  10,5  19,5   0,0   1,7  24,1   16:31   SSE
25  19,7  26,2   15:59  13,3   04:20  10,3  19,7   0,0   1,9  27,4   14:44    NE
26  20,0  25,3   13:33  16,2   03:35  10,0  20,0   1,6   4,1  33,8   11:14    NE
27  21,3  26,8   15:32  16,2   07:04   8,7  21,3   0,0   4,7  37,0   12:43   NNE
28  20,0  23,4   11:11  16,4   02:42  10,0  20,0   0,0   2,9  29,0   16:09   ESE
29  20,7  25,6   13:48  16,8   04:12   9,3  20,7   0,0   1,9  25,7   14:21   SSO
30  19,5  24,2   15:11  15,4   23:58  10,5  19,5   1,0   1,9  25,7   12:32   SSE
31  18,7  24,8   15:02  11,9   06:27  11,3  18,7   0,2   1,6  22,5   13:48    SE
----------------------------------------------------------------------------------
    16,6  27,3    24     2,8     2   413,7 514,8  38,0   1,5  37,0    27     ESE

Max >=  30,0:  0
Max <=  10,0:  0
Min <=   0,0:  0
Min <=  -5,0:  0
Max Rain: 11,2 on day 13
Days of Rain: 19 (>= 0,2 mm)  1 (>= 10,0 mm)  0 (>= 20,0 mm)
Heat Base: 30,0  Cool Base: 0,0  Method: Integration