Resums Climàtics NOAA

Selecciona un any o mes per veure el resum
2020: Gen Feb Mar abr Mai Jun jul Ago Set Oct Nov Des
2019: Gen Feb Mar abr Mai Jun jul Ago Set Oct Nov Des
2018: Gen Feb Mar abr Mai Jun jul Ago Set Oct Nov Des
2017: Gen Feb Mar abr Mai Jun jul Ago Set Oct Nov Des
2016: Gen Feb Mar abr Mai Jun jul Ago Set Oct Nov Des

Resum 2018 Juny
                   Monthly Climatological Summary for juny 2018

Name: Sant Baldiri   City: Lliçà d'Amunt   State: Barcelona
Elevation: 137 m  Lat: N 41° 36' 11"   Lon: E 002° 14' 24"

                  Temperature (°C), Rain (mm), Wind Speed (km/h)

                                      Heat  Cool        Avg
    Mean                              Deg   Deg         Wind                 Dom
Day Temp  High   Time   Low    Time   Days  Days  Rain  Speed High   Time    Dir
----------------------------------------------------------------------------------
 1  19,5  26,4   12:50  13,2   05:50  10,5  19,5   0,0   1,9  22,5   17:21    SE
 2  19,2  24,3   17:04  14,8   05:28  10,8  19,2   0,0   1,2  17,7   15:11   SSE
 3  17,5  20,6   11:32  14,7   05:26  12,5  17,5   4,0   1,7  22,5   12:41   NNE
 4  19,0  24,9   12:35  12,8   06:07  11,0  19,0   0,4   1,8  24,1   14:04    SE
 5  17,8  23,8   13:33  14,1   05:42  12,2  17,8  47,8   1,1  22,5   13:42    SE
 6  17,4  22,0   18:55  13,7   03:25  12,6  17,4   2,8   1,0  27,4   12:55   ESE
 7  18,2  23,6   12:30  14,8   05:04  11,8  18,2  21,8   0,7  27,4   13:28     S
 8  19,8  25,8   13:02  12,9   06:19  10,2  19,8   0,0   1,6  20,9   15:02     S
 9  21,3  27,9   16:12  14,5   06:02   8,6  21,3   0,0   1,8  24,1   14:52     S
10  21,1  28,7   15:18  16,3   02:10   8,9  21,1   0,0   1,7  25,7   14:54   ENE
11  22,8  28,9   15:43  17,2   03:31   7,2  22,8   0,0   2,6  33,8   16:32   SSO
12  21,3  25,6   17:42  17,3   06:44   8,7  21,3   5,6   2,8  32,2   14:33    SO
13  20,8  27,7   14:29  13,9   06:42   9,2  20,7   0,0   1,0  20,9   18:20    SE
14  19,7  24,9   15:06  12,6   06:24  10,3  19,7   0,0   1,6  29,0   14:00    SE
15  20,7  27,1   15:17  15,2   06:31   9,3  20,7   0,0   1,3  19,3   15:46    SE
16  21,2  27,2   14:55  14,5   06:38   8,8  21,2   0,0   1,8  22,5   17:18    SE
17  21,5  25,9   13:17  16,3   06:30   8,5  21,5   0,0   0,0   0,0   00:00   ---
18  23,1  28,8   14:35  17,4   06:23   6,9  23,1   0,0   0,0   0,0   00:00   ---
19  22,4  29,7   13:30  15,3   06:19   7,6  22,4   0,0   1,9  25,7   14:44   ESE
20  23,7  30,8   15:03  15,6   06:11   6,4  23,7   0,0   1,6  19,3   15:47    SE
21  24,4  31,6   16:15  15,3   06:33   5,9  24,4   0,0   1,2  20,9   16:26    SE
22  25,0  31,2   12:40  19,3   05:24   5,1  25,0   0,0   2,3  29,0   14:04    SE
23  23,4  27,2   13:36  18,7   06:58   6,6  23,4   0,0   1,6  19,3   13:40   SSE
24  22,9  27,7   13:18  18,1   06:45   7,1  22,9   0,0   1,4  22,5   16:32    SE
25  23,3  27,9   12:41  18,3   06:48   6,7  23,3   0,0   2,1  24,1   15:41   ESE
26  24,1  28,7   17:14  19,2   05:10   5,9  24,1   0,0   1,8  22,5   14:26    SE
27  25,1  31,2   12:54  18,1   03:38   5,1  25,1   0,0   1,7  24,1   15:18   SSE
28  23,2  29,7   13:22  18,4   23:02   6,8  23,2   3,6   1,5  20,9   13:08   ESE
29  22,9  28,8   17:08  17,3   06:07   7,1  22,9   0,2   1,6  24,1   13:02   SSE
30  24,3  30,7   14:38  17,3   06:11   5,8  24,3   0,0   1,5  22,5   12:41    SE
----------------------------------------------------------------------------------
    21,6  31,6    21    12,6    14   254,1 646,5  86,2   1,5  33,8    11      SE

Max >=  30,0:  5
Max <=  10,0:  0
Min <=   0,0:  0
Min <=  -5,0:  0
Max Rain: 47,8 on day 5
Days of Rain: 8 (>= 0,2 mm)  2 (>= 10,0 mm)  2 (>= 20,0 mm)
Heat Base: 30,0  Cool Base: 0,0  Method: Integration