Resums Climàtics NOAA

Selecciona un any o mes per veure el resum
2020: Gen Feb Mar abr Mai Jun jul Ago Set Oct Nov Des
2019: Gen Feb Mar abr Mai Jun jul Ago Set Oct Nov Des
2018: Gen Feb Mar abr Mai Jun jul Ago Set Oct Nov Des
2017: Gen Feb Mar abr Mai Jun jul Ago Set Oct Nov Des
2016: Gen Feb Mar abr Mai Jun jul Ago Set Oct Nov Des

Resum 2018 juliol
                   Monthly Climatological Summary for jul. 2018

Name: Sant Baldiri   City: Lliçà d'Amunt   State: Barcelona
Elevation: 137 m  Lat: N 41° 36' 11"   Lon: E 002° 14' 24"

                  Temperature (°C), Rain (mm), Wind Speed (km/h)

                                      Heat  Cool        Avg
    Mean                              Deg   Deg         Wind                 Dom
Day Temp  High   Time   Low    Time   Days  Days  Rain  Speed High   Time    Dir
----------------------------------------------------------------------------------
 1  23,5  29,7   13:38  17,3   05:50   6,5  23,5   0,0   1,7  20,9   14:49    SE
 2  24,1  29,8   12:40  18,3   05:50   5,9  24,1   0,2   1,8  22,5   15:42   ESE
 3  25,8  32,5   15:40  19,4   05:54   4,4  25,8   0,0   1,8  32,2   16:17   SSE
 4  24,6  31,1   12:21  16,9   06:51   5,5  24,7   0,0   1,8  22,5   15:05    SE
 5  23,9  30,6   13:39  18,2   06:19   6,1  23,9   0,0   3,2  33,8   15:00   SSE
 6  23,7  28,3   12:36  19,9   06:32   6,3  23,7   0,0   2,1  24,1   13:53    SE
 7  24,1  29,9   14:46  17,7   06:06   5,9  24,1   0,0   1,8  27,4   13:38    SE
 8  25,7  32,8   13:17  18,0   06:27   4,7  25,7   0,0   1,5  22,5   15:17     S
 9  25,1  32,6   13:04  18,8   06:02   5,3  25,1   4,2   1,8  24,1   18:29     E
10  24,8  31,8   13:26  18,3   06:14   5,4  24,8   0,2   1,6  25,7   14:44   SSE
11  24,5  29,6   14:20  18,9   06:39   5,5  24,4   0,0   1,7  24,1   13:52   SSE
12  25,0  31,9   13:24  19,1   06:29   5,1  25,0   0,0   1,9  27,4   15:33     E
13  24,4  31,7   13:07  17,3   06:43   5,7  24,4   0,0   1,1  20,9   16:07   ESE
14  26,0  32,7   15:41  18,4   06:53   4,6  26,0   0,0   1,3  20,9   15:28   SSE
15  25,4  32,1   13:59  17,4   06:36   5,0  25,4   0,0   1,3  20,9   14:45    SE
16  23,4  30,8   16:30  18,7   11:21   6,6  23,4   7,6   1,1  24,1   17:06   SSE
17  24,2  29,6   15:32  18,0   06:34   5,8  24,2   0,0   2,0  27,4   14:26   SSE
18  24,8  31,4   13:28  17,5   06:40   5,4  24,8   0,0   1,3  22,5   15:12    SE
19  25,1  31,7   13:35  17,9   06:35   5,0  25,1   0,0   1,5  22,5   15:38    SE
20  24,8  31,6   15:19  17,5   06:18   5,3  24,8   0,0   1,5  20,9   12:52    SE
21  24,1  29,4   16:04  19,4   05:45   5,9  24,1   0,0   1,8  24,1   16:10     S
22  22,4  28,7   14:41  18,2   23:57   7,6  22,4   3,6   1,2  27,4   15:32    SE
23  23,3  30,3   13:21  16,2   06:11   6,7  23,3   0,2   1,2  20,9   14:59    SE
24  24,7  31,1   13:49  19,4   06:22   5,4  24,7   0,2   1,9  24,1   16:47   SSE
25  25,4  33,3   15:34  17,3   06:18   5,2  25,4   0,0   1,3  20,9   13:41   SSE
26  26,7  34,5   15:23  18,0   06:33   4,5  26,7   0,0   1,8  27,4   15:57   SSE
27  26,7  34,4   15:02  18,2   06:03   4,4  26,7   0,0   1,8  27,4   18:14     S
28  25,2  31,9   13:20  18,7   06:05   5,0  25,2   0,0   2,0  22,5   16:08   ESE
29  25,7  31,7   13:23  19,3   06:34   4,6  25,7   0,0   1,4  20,9   15:21   SSE
30  26,5  32,8   14:15  20,6   06:47   3,9  26,5   0,0   1,5  24,1   13:31   SSE
31  27,4  34,1   15:09  20,8   06:45   3,5  27,4   0,0   1,6  20,9   15:11    SE
----------------------------------------------------------------------------------
    24,9  34,5    26    16,2    23   166,7 771,0  16,2   1,7  33,8     5      SE

Max >=  30,0: 23
Max <=  10,0:  0
Min <=   0,0:  0
Min <=  -5,0:  0
Max Rain: 7,6 on day 16
Days of Rain: 7 (>= 0,2 mm)  0 (>= 10,0 mm)  0 (>= 20,0 mm)
Heat Base: 30,0  Cool Base: 0,0  Method: Integration