Resums Climàtics NOAA

Selecciona un any o mes per veure el resum
2020: Gen Feb Mar abr Mai Jun jul Ago Set Oct Nov Des
2019: Gen Feb Mar abr Mai Jun jul Ago Set Oct Nov Des
2018: Gen Feb Mar abr Mai Jun jul Ago Set Oct Nov Des
2017: Gen Feb Mar abr Mai Jun jul Ago Set Oct Nov Des
2016: Gen Feb Mar abr Mai Jun jul Ago Set Oct Nov Des

Resum 2018 Agost
                   Monthly Climatological Summary for ag. 2018

Name: Sant Baldiri   City: Lliçà d'Amunt   State: Barcelona
Elevation: 137 m  Lat: N 41° 36' 11"   Lon: E 002° 14' 24"

                  Temperature (°C), Rain (mm), Wind Speed (km/h)

                                      Heat  Cool        Avg
    Mean                              Deg   Deg         Wind                 Dom
Day Temp  High   Time   Low    Time   Days  Days  Rain  Speed High   Time    Dir
----------------------------------------------------------------------------------
 1  27,8  35,1   13:21  20,8   06:43   3,4  27,8   0,0   1,6  27,4   13:37   SSE
 2  28,4  34,9   15:48  22,3   06:54   2,8  28,4   0,0   1,4  20,9   13:26   SSE
 3  29,2  35,7   13:10  22,7   06:33   2,4  29,2   0,0   1,6  22,5   13:57    SE
 4  29,2  38,4   13:57  22,1   06:35   2,7  29,2   0,0   1,1  24,1   14:20   ESE
 5  29,0  36,8   12:55  22,3   07:05   2,7  29,0   0,0   1,4  25,7   13:41    SE
 6  27,8  33,8   12:10  21,5   07:15   3,0  27,8   0,0   1,4  24,1   13:47    SE
 7  27,4  32,6   14:50  21,1   07:02   3,1  27,4   0,0   1,9  27,4   12:52    SE
 8  27,0  31,1   12:21  22,8   06:29   3,1  27,0   0,0   1,8  24,1   13:49   ESE
 9  23,5  30,1   14:34  19,6   21:13   6,5  23,5   6,4   1,7  33,8   15:42   NNE
10  23,0  28,7   13:22  18,3   07:07   7,0  23,0   0,0   1,6  20,9   13:58    SE
11  23,4  29,4   15:09  17,4   06:43   6,6  23,4   0,0   1,4  22,5   14:24    SE
12  25,9  32,1   15:30  20,3   07:10   4,4  25,9   0,0   2,3  27,4   15:45     S
13  25,2  30,6   14:36  19,9   06:56   4,8  25,2   0,0   1,4  22,5   16:31   ESE
14  23,7  29,9   14:45  20,2   04:49   6,3  23,7   3,4   2,2  27,4   14:37   SSE
15  23,9  29,5   13:47  18,6   06:56   6,0  23,9   0,2   2,2  27,4   16:53    SE
16  24,7  30,4   14:26  19,9   07:02   5,3  24,7   0,0   1,4  24,1   15:18    SE
17  21,0  28,1   10:25  18,3   14:25   9,0  21,0  12,2   1,0  22,5   13:26   NNE
18  21,3  29,1   15:48  16,2   07:11   8,7  21,3   0,2   0,9  20,9   16:23   SSE
19  23,6  32,8   14:24  16,4   06:56   6,5  23,6   0,2   1,3  25,7   15:23    SE
20  24,8  35,2   14:55  17,8   06:56   5,7  24,8   0,0   1,5  25,7   15:53   ESE
21  25,1  33,9   15:05  18,2   06:19   5,5  25,1   0,0   1,6  32,2   18:02   SSE
22  25,0  33,3   13:23  17,6   07:01   5,4  25,0   0,0   1,4  20,9   14:02    SE
23  25,1  33,2   13:15  18,0   07:13   5,2  25,1   0,0   1,3  22,5   14:49    SE
24  24,2  31,2   14:17  18,3   06:18   5,9  24,2   0,0   2,1  22,5   14:35    SE
25  22,5  26,9   14:40  18,3   07:53   7,5  22,5   0,6   1,8  25,7   14:11    SE
26  21,8  25,9   16:35  18,4   09:04   8,2  21,8   0,0   1,8  29,0   16:22   SSE
27  23,2  29,3   13:09  17,6   06:43   6,8  23,2   0,0   1,5  20,9   14:18    SE
28  25,1  33,0   14:45  18,9   07:08   5,1  25,1   0,2   2,3  27,4   11:39     S
29  25,6  32,1   13:36  21,3   23:38   4,4  25,6   0,0   2,6  27,4   16:23    SE
30  23,6  28,8   11:38  19,6   04:13   6,4  23,6   1,6   2,4  29,0   15:53    SE
31  21,8  23,8   16:57  19,4   10:02   8,2  21,8   1,0   0,8  17,7   17:19    NE
----------------------------------------------------------------------------------
    24,9  38,4     4    16,2    18   168,6 772,8  26,0   1,6  33,8     9      SE

Max >=  30,0: 20
Max <=  10,0:  0
Min <=   0,0:  0
Min <=  -5,0:  0
Max Rain: 12,2 on day 17
Days of Rain: 10 (>= 0,2 mm)  1 (>= 10,0 mm)  0 (>= 20,0 mm)
Heat Base: 30,0  Cool Base: 0,0  Method: Integration