Resums Climàtics NOAA

Selecciona un any o mes per veure el resum
2020: Gen Feb Mar abr Mai Jun jul Ago Set Oct Nov Des
2019: Gen Feb Mar abr Mai Jun jul Ago Set Oct Nov Des
2018: Gen Feb Mar abr Mai Jun jul Ago Set Oct Nov Des
2017: Gen Feb Mar abr Mai Jun jul Ago Set Oct Nov Des
2016: Gen Feb Mar abr Mai Jun jul Ago Set Oct Nov Des

Resum 2018 Setembre
                   Monthly Climatological Summary for set. 2018

Name: Sant Baldiri   City: Lliçà d'Amunt   State: Barcelona
Elevation: 137 m  Lat: N 41° 36' 11"   Lon: E 002° 14' 24"

                  Temperature (°C), Rain (mm), Wind Speed (km/h)

                                      Heat  Cool        Avg
    Mean                              Deg   Deg         Wind                 Dom
Day Temp  High   Time   Low    Time   Days  Days  Rain  Speed High   Time    Dir
----------------------------------------------------------------------------------
 1  22,4  25,5   15:56  20,1   03:32   7,6  22,4   0,0   0,9  20,9   16:55    SE
 2  23,2  28,6   14:12  17,9   06:07   6,8  23,2   0,0   1,7  20,9   13:43    SE
 3  23,4  28,3   14:14  19,6   06:45   6,6  23,4   0,8   1,3  25,7   14:05    SE
 4  24,1  30,7   13:37  20,1   23:51   5,9  24,1   0,0   1,6  22,5   14:15   ESE
 5  22,8  29,4   14:33  17,0   07:08   7,2  22,8   0,0   1,5  22,5   15:14    SE
 6  21,6  26,8   14:24  17,3   23:54   8,2  21,1   2,6   1,4  20,9   13:19   ESE
 7  20,4  27,5   16:48  16,3   07:26   9,6  20,4  49,0   1,9  43,5   18:48   SSE
 8  21,5  26,7   12:54  16,6   07:19   8,5  21,5   0,4   0,9  19,3   13:56   SSE
 9  22,2  27,8   13:47  18,6   07:12   7,8  22,2   0,0   0,9  19,3   17:28   ESE
10  21,5  27,7   14:32  17,8   07:15   8,5  21,5   0,0   0,4  12,9   16:06     S
11  22,2  29,8   13:44  16,4   07:15   7,8  22,1   0,2   1,0  17,7   15:44   SSE
12  22,3  28,4   14:57  18,0   05:04   7,7  22,3   1,6   0,8  17,7   19:20    SE
13  22,2  29,3   14:06  17,1   06:28   7,8  22,2   0,2   1,3  24,1   16:48    SE
14  22,5  28,3   15:59  17,2   07:50   7,5  22,5   0,2   1,0  20,9   17:04   SSE
15  22,1  26,6   12:54  19,8   05:18   7,9  22,1   0,0   0,7  20,9   14:24    SE
16  22,1  28,2   14:29  18,7   07:22   7,9  22,1   1,4   1,0  22,5   17:36   SSE
17  22,1  27,7   13:25  17,4   07:53   7,9  22,1   0,0   1,1  19,3   16:25    SE
18  20,5  26,0   15:19  16,3   04:59   9,5  20,5   0,6   0,9  17,7   12:51    NE
19  21,8  28,9   13:45  16,2   07:36   8,2  21,8   0,2   1,1  20,9   14:36    SE
20  23,3  31,2   13:31  16,6   07:12   6,9  23,3   0,2   0,8  24,1   14:41   SSE
21  22,7  31,8   13:46  16,3   06:48   7,3  22,7   0,0   1,4  20,9   14:25    SE
22  22,9  30,2   14:43  17,8   06:39   7,0  22,5   0,0   1,3  22,5   16:05    SE
23  23,8  30,1   14:05  17,9   08:17   6,2  23,8   0,0   0,9  17,7   13:08   SSE
24  22,6  27,5   15:47  18,4   07:31   7,4  22,6   0,2   1,2  27,4   15:24   SSE
25  20,5  26,4   15:28  15,6   08:08   9,5  20,5   0,0   2,7  35,4   18:58   NNE
26  20,5  24,8   13:36  15,6   23:57   9,5  20,5   0,0   4,0  29,0   10:26    NE
27  17,3  25,7   14:32  10,9   07:40  12,7  17,3   0,2   0,8  17,7   15:07    SE
28  20,1  30,6   16:40  11,6   07:21   9,9  20,1   0,2   1,1  20,9   13:34     S
29  20,2  28,2   13:45  13,9   07:41   9,8  20,2   0,0   1,3  25,7   16:10   ESE
30  20,9  28,4   15:43  15,3   05:54   9,1  20,9   0,0   1,8  24,1   13:30     S
----------------------------------------------------------------------------------
    21,9  31,8    21    10,9    27   244,2 654,7  58,0   1,3  43,5     7      SE

Max >=  30,0:  6
Max <=  10,0:  0
Min <=   0,0:  0
Min <=  -5,0:  0
Max Rain: 49,0 on day 7
Days of Rain: 15 (>= 0,2 mm)  1 (>= 10,0 mm)  1 (>= 20,0 mm)
Heat Base: 30,0  Cool Base: 0,0  Method: Integration