Resums Climàtics NOAA

Selecciona un any o mes per veure el resum
2020: Gen Feb Mar abr Mai Jun jul Ago Set Oct Nov Des
2019: Gen Feb Mar abr Mai Jun jul Ago Set Oct Nov Des
2018: Gen Feb Mar abr Mai Jun jul Ago Set Oct Nov Des
2017: Gen Feb Mar abr Mai Jun jul Ago Set Oct Nov Des
2016: Gen Feb Mar abr Mai Jun jul Ago Set Oct Nov Des

Resum 2018 Octubre
                   Monthly Climatological Summary for oct. 2018

Name: Sant Baldiri   City: Lliçà d'Amunt   State: Barcelona
Elevation: 137 m  Lat: N 41° 36' 11"   Lon: E 002° 14' 24"

                  Temperature (°C), Rain (mm), Wind Speed (km/h)

                                      Heat  Cool        Avg
    Mean                              Deg   Deg         Wind                 Dom
Day Temp  High   Time   Low    Time   Days  Days  Rain  Speed High   Time    Dir
----------------------------------------------------------------------------------
 1  19,4  25,6   15:56  14,4   23:57  10,6  19,4   0,0   2,2  27,4   14:09     S
 2  17,0  26,4   15:31   9,2   07:32  13,0  17,0   0,0   0,8  16,1   11:53   SSE
 3  17,6  26,8   14:46  10,2   08:15  12,3  17,7   0,0   1,0  20,9   16:43   SSE
 4  18,0  27,1   15:20  11,0   08:05  12,0  18,0   0,0   0,6  19,3   16:57    SE
 5  18,2  26,1   13:46  11,7   07:41  11,8  18,2   0,0   0,9  16,1   14:31    SE
 6  18,6  24,7   16:04  12,5   08:10  11,4  18,6   0,2   1,1  24,1   14:44   SSE
 7  17,0  21,6   14:30  12,6   23:57  13,0  17,0  25,8   1,6  27,4   14:38    SE
 8  14,0  18,8   15:17  11,3   07:49  14,4  12,6   0,0   0,1   8,0   12:06   SSE
 9  17,7  23,2   15:10  12,3   00:16  12,3  17,7  15,0   3,2  27,4   23:49   NNE
10  18,4  23,1   16:27  15,7   08:07  11,5  18,4   4,0   2,6  25,7   00:10   NNE
11  19,0  26,1   16:13  13,3   08:33  11,0  19,0   0,4   1,0  22,5   14:16     S
12  19,1  25,2   16:17  14,3   07:53  10,9  19,1   0,2   0,4  14,5   14:06     S
13  19,6  21,6   17:12  17,8   23:37  10,4  19,6   5,2   0,0  12,9   13:47   SSO
14  19,1  21,8   13:13  17,1   07:44  10,9  19,1  21,2   3,5  43,5   22:44   ESE
15  18,1  21,9   13:52  13,9   23:56  10,1  15,4  43,2   2,4  59,5   00:46     E
16  16,2  22,6   14:56  11,3   06:54  13,8  16,1   0,2   0,6  16,1   18:01    NE
17  17,1  23,2   13:41  13,3   03:30  12,9  17,1   1,2   0,6  20,9   17:47   NNE
18  17,3  20,6   23:38  13,1   06:19  12,7  17,3   1,2   4,3  32,2   17:48   NNE
19  20,7  23,5   14:15  18,7   21:18   9,3  20,7   0,2   7,4  33,8   00:03   NNE
20  18,8  25,1   15:48  14,4   07:42  11,2  18,8   3,6   1,0  20,9   11:55   NNE
21  17,8  25,8   15:33  11,9   08:39  12,2  17,8   0,2   0,8  17,7   15:49   SSO
22  16,9  23,6   13:28  12,4   08:21  13,1  16,9   0,2   0,3  14,5   15:27    SE
23  15,1  22,1   16:14   9,8   08:35  14,9  15,1   0,4   0,6  14,5   15:17     S
24  16,4  26,3   16:44   9,8   05:54  13,6  16,4   0,2   0,6  12,9   13:57     S
25  15,9  24,6   15:24   9,3   08:18  13,6  15,3   0,2   0,2  11,3   15:36    SE
26  15,1  22,8   16:06   8,9   07:22  14,9  15,1   0,2   0,1   9,7   14:35   SSO
27  12,8  16,4   00:00   9,6   23:08  17,2  12,8  21,2   0,1  12,9   13:48     N
28   8,7  12,0   16:14   6,8   20:55  22,2   9,1   4,6   0,1   9,7   07:20   SSO
29   8,1  11,5   16:03   5,8   23:57  21,9   8,1   0,0   0,8  20,9   12:46     O
30   9,8  16,4   13:31   3,0   07:30  20,2   9,8   0,6   0,6  17,7   04:13    SO
31  11,3  15,4   13:54   8,2   23:54  18,7  11,3  44,2   1,6  30,6   07:55   ENE
----------------------------------------------------------------------------------
    16,4  27,1     4     3,0    30   418,0 504,5 193,6   1,3  59,5    15     ENE

Max >=  30,0:  0
Max <=  10,0:  0
Min <=   0,0:  0
Min <=  -5,0:  0
Max Rain: 44,2 on day 31
Days of Rain: 24 (>= 0,2 mm)  6 (>= 10,0 mm)  5 (>= 20,0 mm)
Heat Base: 30,0  Cool Base: 0,0  Method: Integration