Resums Climàtics NOAA

Selecciona un any o mes per veure el resum
2020: Gen Feb Mar abr Mai Jun jul Ago Set Oct Nov Des
2019: Gen Feb Mar abr Mai Jun jul Ago Set Oct Nov Des
2018: Gen Feb Mar abr Mai Jun jul Ago Set Oct Nov Des
2017: Gen Feb Mar abr Mai Jun jul Ago Set Oct Nov Des
2016: Gen Feb Mar abr Mai Jun jul Ago Set Oct Nov Des

Resum 2018 Novembre
                   Monthly Climatological Summary for nov. 2018

Name: Sant Baldiri   City: Lliçà d'Amunt   State: Barcelona
Elevation: 137 m  Lat: N 41° 36' 11"   Lon: E 002° 14' 24"

                  Temperature (°C), Rain (mm), Wind Speed (km/h)

                                      Heat  Cool        Avg
    Mean                              Deg   Deg         Wind                 Dom
Day Temp  High   Time   Low    Time   Days  Days  Rain  Speed High   Time    Dir
----------------------------------------------------------------------------------
 1  10,9  17,0   16:23   6,9   07:46  19,1  10,9   7,4   0,2  19,3   00:47   SSO
 2  10,1  18,0   15:43   6,2   05:28  19,9  10,1   0,2   0,1   9,7   12:40   SSO
 3  11,0  18,3   14:57   4,8   07:57  19,0  11,0   0,4   0,2   9,7   11:29     S
 4  12,7  20,3   16:05   6,3   07:06  17,3  12,7   0,4   0,0   9,7   11:53   SSE
 5  14,7  17,8   11:10  12,2   23:59  15,3  14,7  12,0   1,0  20,9   19:46   ESE
 6  11,3  15,5   15:36   7,7   07:50  18,7  11,3   0,4   1,3  19,3   13:11    SO
 7  11,8  19,4   13:57   6,2   06:30  18,2  11,8   0,0   0,7  24,1   12:56    SO
 8  12,1  17,3   14:48   8,3   04:55  17,9  12,1   0,0   0,0   6,4   11:41     N
 9  13,0  16,3   12:58   8,8   23:59  17,0  13,0  10,8   0,4  19,3   03:56     O
10  12,6  19,3   13:59   6,9   04:01  17,4  12,6   0,4   1,4  27,4   11:26   SSO
11  15,5  22,8   14:26  11,1   07:45  14,5  15,5   0,0   0,8  19,3   12:02   SSO
12  15,3  20,0   14:14  11,6   07:54  14,7  15,3   0,2   0,6  17,7   13:54   ENE
13  15,4  21,1   12:51  11,8   05:40  14,5  15,4   0,2   1,4  27,4   11:51   NNE
14  14,9  20,5   14:33  10,1   08:14  15,1  14,8   0,2   0,8  17,7   16:00     E
15  14,4  17,5   14:13  13,2   07:49  15,6  14,4  68,4   1,4  16,1   11:09     N
16  13,5  15,9   13:57   9,8   07:34  16,5  13,5   0,4   0,6  17,7   13:08   NNE
17  12,8  14,8   14:27  11,0   20:14  17,2  12,8   3,8   2,1  19,3   16:49   NNE
18  11,1  12,0   13:52   9,8   07:20  18,9  11,0  10,5   5,5  24,1   12:07   NNE
19  11,5  14,2   13:09   9,1   23:40  18,5  11,5   1,6   3,6  25,7   13:11   NNE
20  10,7  14,3   14:13   8,4   03:39  19,3  10,7   9,6   0,1  16,1   21:13    NO
21  10,1  17,8   15:31   5,7   07:07  19,9  10,1   0,4   0,3  14,5   13:53    SO
22   9,4  15,4   14:38   4,6   06:11  20,6   9,4   0,2   0,0   6,4   10:15   SSO
23   8,8  10,6   14:07   6,3   23:18  21,2   8,8   6,0   0,0  11,3   10:39   SSO
24   7,8  15,7   15:42   2,9   08:12  22,2   7,8   0,2   0,2  12,9   16:09    SO
25   7,5  15,4   14:45   2,7   06:40  20,1   6,7   0,4   0,2  20,9   14:52    SO
26   8,3  13,8   15:55   5,3   23:07  21,7   8,3   4,0   0,4  14,5   15:12   SSO
27   7,8  16,1   15:23   2,0   07:52  22,2   7,8   0,4   0,2  14,5   05:53   OSO
28   8,1  16,3   15:40   3,0   08:21  21,8   8,1   0,0   0,0   6,4   12:02   ---
29   7,8  14,2   14:26   3,1   07:35  22,2   7,8   0,2   0,0   6,4   11:35   ---
30   9,4  13,8   15:52   5,8   22:43  20,6   9,4   2,8   0,3  16,1   05:48   OSO
----------------------------------------------------------------------------------
    11,3  22,8    11     2,0    27   557,1 339,3 141,5   0,8  27,4    10     NNE

Max >=  30,0:  0
Max <=  10,0:  0
Min <=   0,0:  0
Min <=  -5,0:  0
Max Rain: 68,4 on day 15
Days of Rain: 26 (>= 0,2 mm)  4 (>= 10,0 mm)  1 (>= 20,0 mm)
Heat Base: 30,0  Cool Base: 0,0  Method: Integration