Resums Climàtics NOAA

Selecciona un any o mes per veure el resum
2020: Gen Feb Mar abr Mai Jun jul Ago Set Oct Nov Des
2019: Gen Feb Mar abr Mai Jun jul Ago Set Oct Nov Des
2018: Gen Feb Mar abr Mai Jun jul Ago Set Oct Nov Des
2017: Gen Feb Mar abr Mai Jun jul Ago Set Oct Nov Des
2016: Gen Feb Mar abr Mai Jun jul Ago Set Oct Nov Des

Resum 2018 Desembre
                   Monthly Climatological Summary for des. 2018

Name: Sant Baldiri   City: Lliçà d'Amunt   State: Barcelona
Elevation: 137 m  Lat: N 41° 36' 11"   Lon: E 002° 14' 24"

                  Temperature (°C), Rain (mm), Wind Speed (km/h)

                                      Heat  Cool        Avg
    Mean                              Deg   Deg         Wind                 Dom
Day Temp  High   Time   Low    Time   Days  Days  Rain  Speed High   Time    Dir
----------------------------------------------------------------------------------
 1   7,3  13,4   13:43   3,2   08:14  22,7   7,3   0,4   0,1  11,3   11:30     S
 2   9,9  18,2   14:30   3,7   01:28  20,1   9,9   0,2   0,3  14,5   21:39   SSO
 3  11,2  17,4   14:22   6,4   07:38  18,8  11,2   0,0   0,1  12,9   18:55     O
 4  10,7  18,2   14:03   5,8   06:52  19,3  10,7   0,2   0,1  11,3   12:58   SSE
 5  10,4  18,8   15:24   5,6   07:53  19,6  10,4   0,2   0,0   6,4   12:19     S
 6  10,4  16,3   15:11   6,8   23:26  19,6  10,4   0,2   0,0   9,7   14:05   SSO
 7   7,6  13,8   14:42   3,8   08:21  22,4   7,6   0,4   0,5  16,1   14:56   ONO
 8   8,2  14,5   14:43   4,7   00:52  21,8   8,2   0,2   0,3  17,7   15:19   NNO
 9   9,4  18,7   14:19   4,0   02:39  20,6   9,4   0,2   0,2  16,1   17:07   NNO
10   9,0  15,1   15:14   4,7   23:47  21,0   9,0   0,0   0,2  12,9   08:51   SSO
11   6,8  14,2   15:23   1,8   06:44  23,2   6,8   0,2   0,0   8,0   14:51   SSO
12   8,9  14,6   14:10   4,7   00:16  21,1   8,9   0,2   0,0   9,7   14:19   SSE
13   8,8  10,0   12:58   7,3   04:51  21,1   8,8   3,4   0,2  11,3   15:05   SSO
14   9,0  12,8   13:33   6,4   08:16  21,0   9,0   2,0   0,1  14,5   23:51   ONO
15   9,0  14,1   14:07   4,2   08:03  21,0   9,0   0,0   0,3  17,7   00:20   OSO
16  10,3  12,7   15:20   7,3   00:36  19,7  10,3   0,0   0,4  14,5   02:14    SO
17   8,9  15,1   14:37   3,7   07:28  21,1   8,9   0,0   0,5  16,1   02:44    SO
18   6,4  13,1   14:34   0,4   08:11  23,6   6,4   0,2   0,1  12,9   14:44   SSO
19   9,5  17,2   13:01   5,2   02:45  20,5   9,5   0,0   0,8  24,1   13:23   OSO
20   7,6  16,1   15:07   2,7   08:33  22,2   7,6   0,0   0,2  11,3   14:07   SSO
21   7,8  15,5   13:30   1,3   08:17  22,2   7,8   0,2   0,9  24,1   13:46    SO
22   9,5  18,1   15:13   4,2   08:21  20,5   9,5   0,2   0,0   6,4   13:20   SSE
23   9,8  18,5   15:50   4,6   08:28  20,2   9,8   0,2   0,1  11,3   17:52   OSO
24   9,3  17,7   15:08   4,1   08:41  20,6   9,4   0,2   0,0   4,8   13:11   ---
25   8,4  16,3   14:44   3,8   07:24  21,6   8,4   0,4   0,1  11,3   14:16   SSO
26   7,6  12,6   15:47   4,8   03:00  22,4   7,6   0,4   0,0   8,0   14:46   ---
27   7,7  14,2   13:56   3,7   08:55  22,3   7,6   0,2   0,4  14,5   14:25     S
28   5,8  13,3   15:08   1,8   08:20  24,2   5,8   0,2   0,0   6,4   14:00     S
29   4,6  13,0   15:45  -0,4   07:40  25,4   4,6   0,4   0,0   4,8   11:15     E
30   4,3  15,1   15:44  -1,5   08:32  25,7   4,5   0,2   0,1   9,7   16:43   SSE
31   5,9  17,1   15:40  -0,5   08:11  24,1   5,9   0,4   0,0   4,8   00:55    NO
----------------------------------------------------------------------------------
     8,4  18,8     5    -1,5    30   669,6 260,2  11,0   0,2  24,1    19      SO

Max >=  30,0:  0
Max <=  10,0:  1
Min <=   0,0:  3
Min <=  -5,0:  0
Max Rain: 3,4 on day 13
Days of Rain: 24 (>= 0,2 mm)  0 (>= 10,0 mm)  0 (>= 20,0 mm)
Heat Base: 30,0  Cool Base: 0,0  Method: Integration