Resums Climàtics NOAA

Selecciona un any o mes per veure el resum
2020: Gen Feb Mar abr Mai Jun jul Ago Set Oct Nov Des
2019: Gen Feb Mar abr Mai Jun jul Ago Set Oct Nov Des
2018: Gen Feb Mar abr Mai Jun jul Ago Set Oct Nov Des
2017: Gen Feb Mar abr Mai Jun jul Ago Set Oct Nov Des
2016: Gen Feb Mar abr Mai Jun jul Ago Set Oct Nov Des

Resum 2019
                   Annual Climatological Summary for 2019

Name: Sant Baldiri   City: Lliçà d'Amunt   State: Barcelona
Elevation: 137 m  Lat: N 41° 36' 11"   Lon: E 002° 14' 24"

                  Temperature (°C), Heat Base: 30,0  Cool Base: 0,0
                          Dep.  Heat  Cool                       Max  Max  Min  Min
        Mean  Mean        From  Deg   Deg                        >=   <=   <=   <=
 YR MO  Max   Min   Mean  Norm  Days  Days  Hi  Date  Low  Date 30,0 10,0  0,0  -5,0
------------------------------------------------------------------------------------
 19  1  13,5   0,3   5,9   0.0   746   186  18,1   6  -4,0   11    0    3   15    0
 19  2  17,6   2,0   8,8   0.0   594   245  24,4  27  -2,1    4    0    0    7    0
 19  3  19,3   4,7  11,3   0.0   576   350  24,7  25   1,6   21    0    0    0    0
 19  4  18,4   7,9  12,7   0.0   517   382  22,5  26   1,8    4    0    0    0    0
 19  5  21,2   9,7  15,3   0.0   455   472  25,9  31   5,6    6    0    0    0    0
 19  6  29,1  14,5  21,8   0.0   257   653  41,1  28   8,1   12   10    0    0    0
 19  7  31,5  18,7  24,9   0.0   166   770  34,7  23  14,9   28   25    0    0    0
 19  8  31,3  18,8  24,7   0.0   171   762  35,7   9  15,5   21   22    0    0    0
 19  9  27,8  15,7  21,3   0.0   262   637  32,7  24  13,4   12    6    0    0    0
 19 10  23,8  12,6  17,4   0.0   391   538  28,1   1   8,1   16    0    0    0    0
 19 11  17,0   5,6  10,7   0.0   579   320  25,1   2  -1,2   20    0    0    1    0
 19 12  15,9   5,7   9,9   0.0   619   306  19,8  13   1,2   28    0    0    0    0
------------------------------------------------------------------------------------
        22,2   9,7  15,4   0.0  5340  5626  41,1juny  -4,0 gen.   63    3   23    0

                                Precipitation (mm)

              Dep.   Max        Days of Rain
              From   Obs.           >=
 YR MO Total  Norm   Day Date  0,2 10,0 20,0
---------------------------------------------
 19  1  14,6   0.0   9,4  20    13    0    0
 19  2   4,6   0.0   1,2   1    15    0    0
 19  3   7,2   0.0   5,6  13     6    0    0
 19  4  50,0   0.0  13,0   3    17    1    0
 19  5  92,8   0.0  30,8   3    16    5    1
 19  6  23,2   0.0  22,6  11     3    1    1
 19  7  69,2   0.0  30,0  27    10    3    2
 19  8  24,4   0.0  12,8  27     3    2    0
 19  9  52,0   0.0  26,0  21    10    2    1
 19 10  84,4   0.0  32,4  23    15    4    1
 19 11  32,0   0.0  22,4  22    12    1    1
 19 12  81,6   0.0  47,0   4    18    3    1
---------------------------------------------
       536,0   0.0  47,0 des.  138   22    8

                                Wind Speed (km/h)
                          Dom
 YR MO   Avg.  Hi   Date  Dir
------------------------------
 19  1   0,7  37,0   28     O
 19  2   0,7  30,6   10     S
 19  3   1,4  32,2    4   SSE
 19  4   2,7  46,7   19    NE
 19  5   1,5  32,2   14    SE
 19  6   1,7  33,8    5    SE
 19  7   1,5  33,8   17    SE
 19  8   1,2  27,4   13    SE
 19  9   1,4  38,6   11     E
 19 10   0,8  59,5   22   ESE
 19 11   0,7  40,2    4   OSO
 19 12   1,2  56,3   21   NNO
------------------------------
         1,3  59,5 oct.   ESE