Resums Climàtics NOAA

Selecciona un any o mes per veure el resum
2020: Gen Feb Mar abr Mai Jun jul Ago Set Oct Nov Des
2019: Gen Feb Mar abr Mai Jun jul Ago Set Oct Nov Des
2018: Gen Feb Mar abr Mai Jun jul Ago Set Oct Nov Des
2017: Gen Feb Mar abr Mai Jun jul Ago Set Oct Nov Des
2016: Gen Feb Mar abr Mai Jun jul Ago Set Oct Nov Des

Resum 2019 Gener
                   Monthly Climatological Summary for gen. 2019

Name: Sant Baldiri   City: Lliçà d'Amunt   State: Barcelona
Elevation: 137 m  Lat: N 41° 36' 11"   Lon: E 002° 14' 24"

                  Temperature (°C), Rain (mm), Wind Speed (km/h)

                                      Heat  Cool        Avg
    Mean                              Deg   Deg         Wind                 Dom
Day Temp  High   Time   Low    Time   Days  Days  Rain  Speed High   Time    Dir
----------------------------------------------------------------------------------
 1   6,5  15,5   14:32   0,5   07:42  23,5   6,5   0,2   0,1   6,4   22:22     E
 2   4,7  13,6   15:11  -0,3   08:27  25,3   4,7   0,2   0,1   9,7   12:08     S
 3   3,5  13,2   14:37  -2,2   05:42  26,5   4,0   0,4   0,0  11,3   15:18   SSO
 4   3,9  12,1   13:56  -1,7   07:49  26,1   4,1   0,2   0,2  12,9   14:11     S
 5   4,5  12,9   14:20  -1,2   08:18  25,5   4,6   0,2   0,1   9,7   13:42   SSE
 6   6,4  18,1   15:23  -0,7   08:16  23,6   6,4   0,0   0,1  12,9   17:36     S
 7   5,5  14,4   14:40   0,4   02:19  24,5   5,5   0,0   0,5  17,7   13:42     S
 8   5,2  14,2   15:20  -0,6   07:41  24,8   5,2   0,0   0,1  11,3   04:37     S
 9   6,9  15,8   14:32   0,0   04:05  22,7   6,8   0,0   0,8  17,7   22:14     N
10   5,7  11,3   13:23  -1,7   23:59  24,3   5,7   0,0   1,0  20,9   01:58     S
11   1,6  10,0   14:42  -4,0   08:34  28,4   2,8   0,0   0,2   9,7   10:40   SSE
12   3,7  12,9   16:00  -2,6   07:07  26,3   4,4   0,0   0,4  14,5   13:56   SSO
13   6,4  15,2   14:36  -0,6   04:47  23,5   6,5   0,0   0,7  20,9   14:41   OSO
14  10,4  16,6   14:50   4,8   23:42  19,6  10,4   0,0   0,9  19,3   10:30   ONO
15   6,2  14,8   15:13   0,2   08:29  23,8   6,2   0,2   0,1   9,7   13:24     S
16   5,9  14,3   15:23  -0,3   08:11  24,1   5,9   0,2   0,4  19,3   15:56   SSO
17   8,5  14,6   13:27   4,2   08:17  21,5   8,5   0,0   0,3  12,9   15:55   SSE
18   5,9  10,5   14:42   3,1   23:59  24,1   5,9   1,4   0,3  12,9   05:50   SSO
19   4,9  12,1   14:08   0,1   08:02  25,1   4,8   0,0   0,3  14,5   14:29     S
20   6,1   8,9   14:45   1,7   23:55  23,9   6,1   9,4   1,3  17,7   11:16     N
21   4,4  12,2   14:45  -0,9   08:07  25,6   4,5   1,2   0,4  16,1   16:46    SE
22   4,0  10,7   14:04  -2,0   08:22  26,0   4,2   0,4   0,3  12,9   11:17    SO
23   5,6  11,1   14:05   1,6   03:00  24,4   5,6   0,4   1,5  32,2   21:12   NNO
24   6,7  13,6   15:15   0,6   04:12  23,3   6,7   0,0   2,7  30,6   10:39    NO
25   4,9  15,1   15:45  -2,1   06:10  25,1   5,3   0,0   0,2  16,1   16:49   SSE
26   7,6  17,3   15:58   1,0   04:09  22,4   7,6   0,0   0,4  16,1   13:38    SO
27   7,9  16,1   15:33   2,3   07:27  22,1   7,9   0,0   1,2  24,1   13:06   ONO
28   6,5  13,1   15:46   0,9   05:08  23,5   6,5   0,0   1,8  37,0   14:54   ONO
29   4,5   7,8   16:22   0,3   07:08  25,5   4,5   0,2   0,3  24,1   23:51     O
30   8,1  13,3   13:31   4,6   05:45  21,9   8,1   0,0   2,5  25,7   14:16     O
31  10,1  17,2   16:07   3,8   05:50  19,9  10,1   0,0   2,2  27,4   16:08    SO
----------------------------------------------------------------------------------
     5,9  18,1     6    -4,0    11   746,8 186,0  14,6   0,7  37,0    28       O

Max >=  30,0:  0
Max <=  10,0:  3
Min <=   0,0: 15
Min <=  -5,0:  0
Max Rain: 9,4 on day 20
Days of Rain: 13 (>= 0,2 mm)  0 (>= 10,0 mm)  0 (>= 20,0 mm)
Heat Base: 30,0  Cool Base: 0,0  Method: Integration