Resums Climàtics NOAA

Selecciona un any o mes per veure el resum
2020: Gen Feb Mar abr Mai Jun jul Ago Set Oct Nov Des
2019: Gen Feb Mar abr Mai Jun jul Ago Set Oct Nov Des
2018: Gen Feb Mar abr Mai Jun jul Ago Set Oct Nov Des
2017: Gen Feb Mar abr Mai Jun jul Ago Set Oct Nov Des
2016: Gen Feb Mar abr Mai Jun jul Ago Set Oct Nov Des

Resum 2019 Febrer
                   Monthly Climatological Summary for febr. 2019

Name: Sant Baldiri   City: Lliçà d'Amunt   State: Barcelona
Elevation: 137 m  Lat: N 41° 36' 11"   Lon: E 002° 14' 24"

                  Temperature (°C), Rain (mm), Wind Speed (km/h)

                                      Heat  Cool        Avg
    Mean                              Deg   Deg         Wind                 Dom
Day Temp  High   Time   Low    Time   Days  Days  Rain  Speed High   Time    Dir
----------------------------------------------------------------------------------
 1  11,0  17,0   14:42   5,4   21:53  19,0  11,0   1,2   1,7  25,7   14:42   OSO
 2   6,9  12,3   15:52   3,2   22:00  23,1   6,9   0,2   0,7  20,9   02:55     O
 3   6,4  13,6   14:06  -1,3   07:27  23,6   6,4   0,0   1,8  25,7   14:52    NO
 4   4,8  13,8   15:45  -2,1   06:19  25,2   5,2   0,0   0,7  14,5   16:16   SSE
 5   8,1  16,7   16:32   1,9   08:38  21,9   8,1   0,0   0,1   8,0   12:22   SSE
 6   8,6  18,1   15:28   2,1   08:15  21,4   8,6   0,0   0,2   9,7   14:37   SSE
 7   8,5  15,8   15:44   2,3   07:38  21,5   8,5   0,2   0,2  11,3   13:05     S
 8   9,7  17,3   15:49   4,9   08:08  20,3   9,7   0,2   1,0  24,1   14:30   SSO
 9   9,2  18,4   15:18   3,9   07:57  20,8   9,2   0,2   0,4  11,3   15:51     S
10  10,4  18,0   16:51   2,9   06:53  19,6  10,4   0,4   2,0  30,6   12:54   OSO
11  10,4  16,3   14:52   5,7   22:51  19,6  10,4   0,0   0,6  16,1   15:00     S
12   8,1  16,9   15:56   1,4   07:02  21,9   8,1   0,2   0,8  19,3   13:50   SSO
13   6,7  15,9   15:22  -0,7   07:26  23,3   6,7   0,0   0,4  14,5   17:31   SSE
14   6,2  16,4   15:34  -1,0   07:59  23,8   6,3   0,0   0,7  22,5   14:18     S
15   6,9  18,7   15:31  -1,4   07:38  23,1   7,0   0,2   0,4  17,7   14:29     S
16   7,4  19,1   14:44  -0,9   08:00  22,4   7,4   0,2   0,6  17,7   15:14     S
17   6,7  15,9   15:19  -0,8   07:46  23,3   6,7   0,0   0,5  14,5   16:17    SE
18   8,1  16,1   14:55   0,3   07:54  21,9   8,1   0,4   0,4  12,9   16:47    SE
19   9,5  14,8   12:33   4,1   06:31  20,5   9,5   0,0   0,7  16,1   12:40    SE
20   9,7  14,6   16:13   3,9   23:47  20,3   9,7   0,0   0,2   9,7   12:06   SSO
21   7,6  17,1   14:54   0,7   08:19  22,4   7,6   0,2   0,5  14,5   13:54   SSE
22  10,9  22,7   16:05   2,1   06:29  19,1  10,9   0,4   0,3  16,1   14:35   SSE
23  11,1  21,9   15:11   3,7   08:11  18,9  11,1   0,0   0,7  20,9   16:03   SSE
24   9,8  17,9   13:53   4,1   07:34  20,2   9,8   0,0   0,7  17,7   14:10    SE
25   9,3  18,9   15:33   1,7   06:47  20,7   9,3   0,2   0,5  11,3   11:22   SSE
26  10,2  21,2   13:57   3,2   07:31  19,8  10,2   0,2   0,5  16,1   15:39   SSE
27  11,5  24,4   15:21   2,4   06:50  18,5  11,5   0,2   0,5  16,1   16:01    SE
28  11,5  22,3   14:28   3,7   07:13  18,5  11,5   0,0   0,7  20,9   13:23    SE
----------------------------------------------------------------------------------
     8,8  24,4    27    -2,1     4   594,6 245,8   4,6   0,7  30,6    10       S

Max >=  30,0:  0
Max <=  10,0:  0
Min <=   0,0:  7
Min <=  -5,0:  0
Max Rain: 1,2 on day 1
Days of Rain: 15 (>= 0,2 mm)  0 (>= 10,0 mm)  0 (>= 20,0 mm)
Heat Base: 30,0  Cool Base: 0,0  Method: Integration