Resums Climàtics NOAA

Selecciona un any o mes per veure el resum
2020: Gen Feb Mar abr Mai Jun jul Ago Set Oct Nov Des
2019: Gen Feb Mar abr Mai Jun jul Ago Set Oct Nov Des
2018: Gen Feb Mar abr Mai Jun jul Ago Set Oct Nov Des
2017: Gen Feb Mar abr Mai Jun jul Ago Set Oct Nov Des
2016: Gen Feb Mar abr Mai Jun jul Ago Set Oct Nov Des

Resum 2019 Març
                   Monthly Climatological Summary for març 2019

Name: Sant Baldiri   City: Lliçà d'Amunt   State: Barcelona
Elevation: 137 m  Lat: N 41° 36' 11"   Lon: E 002° 14' 24"

                  Temperature (°C), Rain (mm), Wind Speed (km/h)

                                      Heat  Cool        Avg
    Mean                              Deg   Deg         Wind                 Dom
Day Temp  High   Time   Low    Time   Days  Days  Rain  Speed High   Time    Dir
----------------------------------------------------------------------------------
 1  10,0  17,8   13:03   3,9   07:29  20,0  10,0   0,2   0,9  25,7   13:46     S
 2  11,6  18,5   14:19   7,6   00:00  18,4  11,6   0,0   1,0  19,3   12:43    SE
 3  12,7  24,1   15:08   3,7   06:27  17,3  12,7   0,2   1,3  29,0   13:31   SSO
 4  12,9  23,0   15:07   6,0   06:05  17,1  12,9   0,0   1,7  32,2   12:27   SSO
 5  11,0  17,6   14:02   6,5   23:58  19,0  11,0   0,0   1,0  20,9   16:03   SSE
 6  10,4  15,4   16:09   5,2   07:34  19,6  10,4   0,8   0,1  11,3   17:03   SSE
 7  12,4  18,8   15:14   5,3   23:50  17,6  12,4   0,0   2,0  27,4   12:46    SO
 8   9,7  19,2   13:47   2,3   06:05  20,3   9,7   0,0   0,9  20,9   15:56    SE
 9  11,0  20,7   15:09   2,6   07:29  19,0  11,0   0,0   1,2  20,9   12:51     S
10  12,8  22,4   13:18   5,6   07:11  17,2  12,8   0,0   1,4  24,1   15:21   ESE
11  13,1  18,1   14:12   9,2   01:00  16,9  13,1   0,0   1,8  27,4   13:31   SSE
12  12,5  18,7   14:21   8,1   06:23  17,5  12,5   0,0   2,1  29,0   14:23   SSO
13  10,1  14,6   13:44   7,2   03:16  19,9  10,0   5,6   1,3  27,4   14:28   SSE
14  11,1  19,2   17:16   4,0   05:50  18,9  11,1   0,0   1,4  20,9   12:26    SO
15  13,0  21,0   14:47   7,4   05:57  17,0  13,0   0,0   1,1  19,3   09:21   SSE
16  12,4  23,1   14:34   3,8   07:30  17,6  12,4   0,0   1,0  17,7   12:25   SSE
17  12,2  19,9   11:15   5,3   06:55  17,8  12,1   0,0   1,7  29,0   12:04    SE
18  10,1  15,9   12:24   5,3   07:11  19,9  10,1   0,0   1,6  22,5   14:56    SE
19   9,3  14,5   13:35   4,7   23:59  20,7   9,3   0,2   0,7  17,7   11:30   SSE
20   8,7  16,4   13:09   2,0   07:27  21,1   8,6   0,2   1,4  24,1   16:40    SE
21   9,2  17,7   13:20   1,6   06:22  20,8   9,2   0,0   1,3  29,0   13:02   ESE
22  11,4  21,9   13:42   2,5   06:28  18,6  11,4   0,0   1,2  20,9   12:45     E
23  13,0  23,4   13:39   3,4   06:20  17,0  13,0   0,0   0,8  22,5   14:03   SSE
24  14,1  23,2   13:42   5,7   06:53  15,9  14,1   0,0   1,0  20,9   14:31   SSE
25  13,5  24,7   14:50   5,7   06:18  16,5  13,5   0,0   2,1  32,2   12:21     S
26  11,8  19,9   12:25   5,4   23:27  18,2  11,8   0,0   2,0  29,0   13:47     S
27   9,4  18,7   13:06   1,8   06:25  20,6   9,4   0,0   1,8  25,7   13:30    SE
28   9,9  18,5   13:26   2,7   06:31  19,9   9,8   0,0   1,6  22,5   14:07    SE
29  10,4  17,6   12:58   2,8   07:07  18,8  10,0   0,0   1,9  20,9   13:18   ESE
30  10,0  16,1   11:36   3,2   06:30  20,0  10,0   0,0   1,2  20,9   15:10    SE
31  11,6  18,3   16:16   5,8   04:04  17,7  11,1   0,0   2,2  25,7   17:16   ENE
----------------------------------------------------------------------------------
    11,3  24,7    25     1,6    21   576,8 350,0   7,2   1,4  32,2     4     SSE

Max >=  30,0:  0
Max <=  10,0:  0
Min <=   0,0:  0
Min <=  -5,0:  0
Max Rain: 5,6 on day 13
Days of Rain: 6 (>= 0,2 mm)  0 (>= 10,0 mm)  0 (>= 20,0 mm)
Heat Base: 30,0  Cool Base: 0,0  Method: Integration