Resums Climàtics NOAA

Selecciona un any o mes per veure el resum
2020: Gen Feb Mar abr Mai Jun jul Ago Set Oct Nov Des
2019: Gen Feb Mar abr Mai Jun jul Ago Set Oct Nov Des
2018: Gen Feb Mar abr Mai Jun jul Ago Set Oct Nov Des
2017: Gen Feb Mar abr Mai Jun jul Ago Set Oct Nov Des
2016: Gen Feb Mar abr Mai Jun jul Ago Set Oct Nov Des

Resum 2019 abril
                   Monthly Climatological Summary for abr. 2019

Name: Sant Baldiri   City: Lliçà d'Amunt   State: Barcelona
Elevation: 137 m  Lat: N 41° 36' 11"   Lon: E 002° 14' 24"

                  Temperature (°C), Rain (mm), Wind Speed (km/h)

                                      Heat  Cool        Avg
    Mean                              Deg   Deg         Wind                 Dom
Day Temp  High   Time   Low    Time   Days  Days  Rain  Speed High   Time    Dir
----------------------------------------------------------------------------------
 1  12,5  19,6   14:36   7,1   07:01  17,5  12,5   0,0   1,4  20,9   14:40    SE
 2  12,3  18,9   13:45   6,3   05:52  17,7  12,3   2,2   1,9  25,7   17:12     E
 3  11,7  16,9   13:17   6,8   23:52  18,3  11,7  13,0   0,4  17,7   17:57     S
 4   8,2  15,6   14:14   1,8   07:37  21,8   8,2   0,2   1,9  25,7   14:53    SE
 5   8,8  15,5   16:26   2,2   06:26  21,2   8,8   7,2   0,9  22,5   16:03    SE
 6  11,1  16,5   16:09   6,1   07:32  18,9  11,1   5,6   2,4  30,6   11:01    SO
 7   9,2  15,9   13:00   4,7   05:48  20,8   9,2   1,4   0,9  35,4   13:52   NNE
 8  11,4  21,3   16:54   4,2   07:44  18,6  11,4   0,2   1,1  20,9   14:04   SSO
 9  10,4  15,4   10:49   7,6   23:58  19,6  10,4   7,0   0,6  16,1   12:03   ENE
10  10,1  19,1   14:01   5,3   06:51  19,8  10,1   6,8   0,9  35,4   16:19     S
11  12,0  19,3   14:49   6,0   07:22  18,0  12,0   1,2   0,8  20,9   14:54    SE
12  12,5  18,7   12:30   7,3   07:16  17,5  12,5   0,0   2,5  30,6   13:41    SE
13  12,1  20,4   14:38   5,7   06:35  17,8  12,1   0,2   1,4  24,1   14:53    SE
14  11,9  18,2   16:41   5,3   05:55  18,1  11,9   0,0   1,5  20,9   15:22    SE
15  11,5  17,1   14:03   5,8   07:33  18,5  11,5   0,0   0,8  17,7   14:15   SSE
16  12,2  18,2   14:52   7,2   07:13  17,8  12,2   0,6   0,7  17,7   17:31    SE
17  12,6  18,3   14:10   6,6   07:20  17,4  12,6   0,2   0,9  19,3   15:14    SE
18  14,3  18,6   16:44  10,3   05:34  15,7  14,3   0,0   6,0  38,6   15:35   NNE
19  16,4  20,2   16:17  14,2   07:36  13,6  16,4   0,0  12,9  46,7   18:22   NNE
20  15,9  18,1   13:50  12,4   20:46  14,1  15,9   0,8   8,5  38,6   10:17   NNE
21  15,8  18,6   14:50  12,7   01:06  14,2  15,8   0,0  10,8  43,5   12:39   NNE
22  16,1  17,9   15:55  14,4   23:46  13,9  16,1   0,0   9,6  46,7   10:18   NNE
23  15,4  20,6   16:04  12,7   23:57  14,6  15,4   0,2   1,6  25,7   16:27   SSE
24  14,3  18,8   14:08  10,9   07:05  15,7  14,3   0,0   3,0  37,0   19:31     S
25  14,6  17,3   16:52  11,4   22:44  15,4  14,6   1,6   1,6  19,3   07:58     S
26  14,3  22,5   15:58   7,4   05:17  15,7  14,3   0,0   1,4  20,9   19:34     S
27  13,4  21,4   14:26   6,1   06:10  16,6  13,4   0,0   1,3  22,5   15:28    SE
28  11,9  15,9   14:43   7,1   06:50  18,1  11,9   0,0   0,9  17,7   16:38    SE
29  14,2  18,3   16:23  11,5   06:11  15,8  14,2   0,0   1,0  19,3   15:41   SSE
30  15,4  20,3   16:12  11,4   06:42  14,5  15,3   1,6   1,5  25,7   15:56    SE
----------------------------------------------------------------------------------
    12,7  22,5    26     1,8     4   517,2 382,4  50,0   2,7  46,7    19      NE

Max >=  30,0:  0
Max <=  10,0:  0
Min <=   0,0:  0
Min <=  -5,0:  0
Max Rain: 13,0 on day 3
Days of Rain: 17 (>= 0,2 mm)  1 (>= 10,0 mm)  0 (>= 20,0 mm)
Heat Base: 30,0  Cool Base: 0,0  Method: Integration