Resums Climàtics NOAA

Selecciona un any o mes per veure el resum
2020: Gen Feb Mar abr Mai Jun jul Ago Set Oct Nov Des
2019: Gen Feb Mar abr Mai Jun jul Ago Set Oct Nov Des
2018: Gen Feb Mar abr Mai Jun jul Ago Set Oct Nov Des
2017: Gen Feb Mar abr Mai Jun jul Ago Set Oct Nov Des
2016: Gen Feb Mar abr Mai Jun jul Ago Set Oct Nov Des

Resum 2019 Maig
                   Monthly Climatological Summary for maig 2019

Name: Sant Baldiri   City: Lliçà d'Amunt   State: Barcelona
Elevation: 137 m  Lat: N 41° 36' 11"   Lon: E 002° 14' 24"

                  Temperature (°C), Rain (mm), Wind Speed (km/h)

                                      Heat  Cool        Avg
    Mean                              Deg   Deg         Wind                 Dom
Day Temp  High   Time   Low    Time   Days  Days  Rain  Speed High   Time    Dir
----------------------------------------------------------------------------------
 1  16,2  22,5   13:51  11,1   07:03  13,8  16,2   0,0   1,8  24,1   14:11   SSE
 2  14,5  20,1   13:28  10,7   03:56  15,5  14,5   0,0   2,1  24,1   14:49   ESE
 3  11,9  13,8   09:12   9,7   23:58  17,0  11,2  30,8   0,3  17,7   17:42   NNE
 4  12,8  20,7   15:35   6,4   07:14  17,2  12,8   0,2   1,6  25,7   17:52    SE
 5  13,6  21,2   14:29   6,3   06:59  16,4  13,6   0,0   1,9  27,4   15:12     N
 6  12,1  17,8   13:22   5,6   06:56  17,9  12,1   0,0   2,2  30,6   13:13   SSE
 7  13,1  18,5   12:51   5,7   06:53  16,9  13,1   0,2   1,5  25,7   13:52     S
 8  19,0  24,8   15:18  14,5   06:33  11,0  19,0   0,8   2,3  27,4   12:46   SSO
 9  16,2  20,6   17:35   9,9   07:05  13,8  16,2   0,2   2,1  22,5   13:29    SE
10  18,0  23,8   16:43  10,8   06:17  12,0  18,0   0,0   1,3  17,7   12:55    SE
11  17,1  21,4   16:17  12,6   06:14  12,9  17,1   0,0   1,8  29,0   15:22     S
12  15,1  21,2   13:10   8,7   06:50  14,9  15,1   0,2   1,7  24,1   13:55    SE
13  14,9  20,9   15:08   7,2   06:40  15,1  14,9   0,0   1,6  27,4   15:46   SSE
14  14,9  22,2   12:35   7,6   06:19  15,1  14,9   0,0   2,2  32,2   14:04    SE
15  14,4  20,9   12:38   9,3   05:24  15,6  14,4   0,0   2,1  30,6   15:58   ESE
16  14,4  21,7   12:42   6,8   05:42  15,5  14,4   0,0   2,0  27,4   14:07   SSE
17  13,2  16,2   14:17  10,8   11:02  16,8  13,2  11,8   0,8  19,3   13:48     N
18  13,6  19,0   16:36  10,6   07:02  16,4  13,5   4,4   1,3  24,1   16:41     E
19  11,8  16,7   12:19   7,6   06:52  18,2  11,8  10,8   0,6  14,5   12:39   ESE
20  14,0  20,8   14:42   7,8   05:03  16,0  14,0   0,2   1,6  25,7   15:04    SE
21  15,0  22,8   13:49   7,7   06:35  15,0  15,0   1,0   1,3  22,5   14:15    SE
22  16,9  23,6   13:14  10,1   05:25  13,1  16,9   0,2   1,3  22,5   14:26    SE
23  17,3  25,2   13:20   9,8   06:42  12,7  17,3   0,2   1,4  24,1   14:16   SSE
24  14,8  16,7   12:55  13,3   23:17  15,2  14,8  18,8   0,3  17,7   15:28   NNE
25  15,4  22,8   15:57  13,1   02:51  14,6  15,4  11,8   0,2  11,3   16:16    SO
26  16,7  23,8   14:53  11,2   04:07  13,3  16,7   1,2   0,6  22,5   17:21   SSO
27  17,5  24,7   13:42  10,8   05:50  12,5  17,5   0,0   1,6  24,1   14:42    SE
28  16,4  20,1   11:06  13,0   05:40  13,6  16,4   0,0   1,9  22,5   15:53    SE
29  16,4  22,1   13:20  11,3   06:17  13,6  16,4   0,0   1,7  24,1   15:58    SE
30  16,8  23,7   14:54   9,3   05:52  13,2  16,8   0,0   1,3  20,9   15:21    SE
31  19,1  25,9   16:55  10,9   06:36  10,9  19,1   0,0   1,9  29,0   14:37   SSE
----------------------------------------------------------------------------------
    15,3  25,9    31     5,6     6   455,7 472,3  92,8   1,5  32,2    14      SE

Max >=  30,0:  0
Max <=  10,0:  0
Min <=   0,0:  0
Min <=  -5,0:  0
Max Rain: 30,8 on day 3
Days of Rain: 16 (>= 0,2 mm)  5 (>= 10,0 mm)  1 (>= 20,0 mm)
Heat Base: 30,0  Cool Base: 0,0  Method: Integration