Resums Climàtics NOAA

Selecciona un any o mes per veure el resum
2020: Gen Feb Mar abr Mai Jun jul Ago Set Oct Nov Des
2019: Gen Feb Mar abr Mai Jun jul Ago Set Oct Nov Des
2018: Gen Feb Mar abr Mai Jun jul Ago Set Oct Nov Des
2017: Gen Feb Mar abr Mai Jun jul Ago Set Oct Nov Des
2016: Gen Feb Mar abr Mai Jun jul Ago Set Oct Nov Des

Resum 2019 Juny
                   Monthly Climatological Summary for juny 2019

Name: Sant Baldiri   City: Lliçà d'Amunt   State: Barcelona
Elevation: 137 m  Lat: N 41° 36' 11"   Lon: E 002° 14' 24"

                  Temperature (°C), Rain (mm), Wind Speed (km/h)

                                      Heat  Cool        Avg
    Mean                              Deg   Deg         Wind                 Dom
Day Temp  High   Time   Low    Time   Days  Days  Rain  Speed High   Time    Dir
----------------------------------------------------------------------------------
 1  20,3  28,2   14:45  11,9   05:36   9,7  20,3   0,0   1,0  24,1   16:47    SE
 2  20,8  28,2   16:18  12,2   06:08   9,2  20,7   0,0   1,7  30,6   16:40   SSE
 3  21,2  29,1   15:43  11,8   06:38   8,8  21,2   0,0   1,8  27,4   14:25   SSO
 4  20,3  26,8   16:06  13,1   06:48   9,7  20,3   0,0   1,2  22,5   16:29   SSE
 5  19,3  25,7   15:15  12,6   06:13  10,7  19,3   0,0   1,9  33,8   16:09    SO
 6  16,8  21,7   15:59  11,6   04:32  13,2  16,8   0,0   1,7  27,4   13:38    SE
 7  21,0  28,7   16:26  13,9   00:08   9,0  20,9   0,0   2,1  27,4   12:34   SSO
 8  19,4  24,9   12:18  12,4   06:37  10,6  19,4   0,0   1,6  20,9   16:17    SE
 9  20,4  27,8   16:22  15,7   06:29   9,6  20,4   0,0   0,8  17,7   16:43   SSO
10  21,0  28,5   14:41  14,2   06:37   9,0  21,0   0,0   2,5  25,7   12:46   SSE
11  14,0  17,9   01:00  10,8   23:55  16,0  14,0  22,6   0,2  14,5   16:22   NNE
12  14,5  20,6   13:54   8,1   05:34  15,5  14,5   0,4   1,9  25,7   14:12   SSE
13  17,3  24,4   14:13   8,8   05:57  12,7  17,3   0,2   1,1  22,5   15:10   ESE
14  21,0  27,9   16:02  15,4   01:01   9,0  21,0   0,0   2,6  30,6   18:16   SSO
15  19,8  26,5   12:55  13,9   06:03  10,2  19,8   0,0   1,8  20,9   13:11    SE
16  19,9  26,2   16:15  13,2   06:51  10,1  19,8   0,0   1,5  24,1   17:10    SE
17  21,5  30,3   13:29  12,8   06:06   8,5  21,5   0,0   1,5  24,1   17:44    SE
18  22,0  29,8   14:38  13,3   05:21   8,0  22,0   0,0   1,8  30,6   13:33     S
19  21,0  29,4   13:19  13,9   06:37   9,0  21,0   0,0   1,6  25,7   14:16    SE
20  21,7  29,7   12:47  16,0   06:05   8,3  21,7   0,0   1,7  29,0   16:37   ESE
21  22,2  28,7   12:05  17,0   04:02   7,8  22,2   0,0   1,3  20,9   13:33    SE
22  22,5  30,5   14:18  15,7   06:39   7,5  22,5   0,0   2,4  30,6   14:01   SSE
23  23,5  32,6   15:45  15,8   06:55   6,7  23,5   0,0   1,9  29,0   12:02     S
24  24,1  32,9   15:39  15,9   06:40   6,2  24,1   0,0   2,0  27,4   16:55   ESE
25  24,9  31,4   13:32  17,7   04:45   5,2  24,9   0,0   3,1  25,7   09:03   ENE
26  28,3  36,0   12:53  20,6   04:48   3,3  28,3   0,0   4,0  30,6   14:56   ENE
27  27,8  36,9   15:54  18,1   06:39   4,1  27,8   0,0   1,2  22,5   16:31     S
28  30,1  41,1   15:11  18,4   06:20   3,7  30,1   0,0   1,4  22,5   14:47   SSE
29  29,6  36,9   13:29  20,8   06:10   2,8  29,6   0,0   1,6  20,9   14:37    SE
30  27,4  34,6   12:20  19,7   06:46   3,8  27,4   0,0   1,3  22,5   13:01   SSE
----------------------------------------------------------------------------------
    21,8  41,1    28     8,1    12   257,9 653,3  23,2   1,7  33,8     5      SE

Max >=  30,0: 10
Max <=  10,0:  0
Min <=   0,0:  0
Min <=  -5,0:  0
Max Rain: 22,6 on day 11
Days of Rain: 3 (>= 0,2 mm)  1 (>= 10,0 mm)  1 (>= 20,0 mm)
Heat Base: 30,0  Cool Base: 0,0  Method: Integration