Resums Climàtics NOAA

Selecciona un any o mes per veure el resum
2020: Gen Feb Mar abr Mai Jun jul Ago Set Oct Nov Des
2019: Gen Feb Mar abr Mai Jun jul Ago Set Oct Nov Des
2018: Gen Feb Mar abr Mai Jun jul Ago Set Oct Nov Des
2017: Gen Feb Mar abr Mai Jun jul Ago Set Oct Nov Des
2016: Gen Feb Mar abr Mai Jun jul Ago Set Oct Nov Des

Resum 2019 juliol
                   Monthly Climatological Summary for jul. 2019

Name: Sant Baldiri   City: Lliçà d'Amunt   State: Barcelona
Elevation: 137 m  Lat: N 41° 36' 11"   Lon: E 002° 14' 24"

                  Temperature (°C), Rain (mm), Wind Speed (km/h)

                                      Heat  Cool        Avg
    Mean                              Deg   Deg         Wind                 Dom
Day Temp  High   Time   Low    Time   Days  Days  Rain  Speed High   Time    Dir
----------------------------------------------------------------------------------
 1  26,1  32,7   14:06  18,8   06:44   4,4  26,1   0,0   1,5  19,3   15:38    SE
 2  26,1  31,8   15:23  20,0   06:41   4,2  26,1   0,0   1,5  25,7   16:06   SSE
 3  26,7  33,4   12:36  20,1   06:23   3,8  26,7   0,0   1,7  22,5   13:28    SE
 4  26,1  31,6   14:41  19,2   06:39   4,1  26,1   0,0   1,7  25,7   16:31    SE
 5  26,5  33,6   16:08  18,4   06:41   4,2  26,5   0,0   1,9  27,4   14:12   SSE
 6  26,4  33,7   12:43  19,1   06:09   4,2  26,4   0,2   1,5  20,9   13:16    SE
 7  26,7  33,4   14:26  20,7   06:26   3,8  26,7   0,2   1,6  25,7   21:15    SE
 8  24,5  30,8   13:39  20,1   23:56   5,5  24,1   5,6   0,8  24,1   15:04    SO
 9  22,0  30,0   12:24  18,8   02:35   8,0  22,0  10,0   1,1  24,1   14:55     N
10  24,3  31,9   15:41  17,4   05:42   5,9  24,3   0,0   1,4  27,4   15:11   SSE
11  25,9  33,7   16:15  17,8   06:34   5,0  25,9   0,0   1,9  27,4   13:54    SE
12  25,5  31,9   12:23  18,7   06:26   4,6  25,5   0,0   1,7  27,4   14:27    SE
13  25,5  31,6   12:56  19,4   06:48   4,5  25,1   0,0   1,9  24,1   14:36   SSE
14  24,0  30,9   12:16  19,6   05:18   6,0  24,0   0,2   0,9  19,3   13:08     S
15  23,6  28,4   14:25  19,1   05:20   6,4  23,6   0,0   1,9  25,7   15:58    SE
16  24,1  30,3   12:17  17,2   06:22   5,9  24,1   0,0   2,5  33,8   13:38   SSE
17  22,8  31,9   15:25  18,1   23:27   7,2  22,8  22,0   1,2  33,8   19:37    SE
18  23,1  30,7   14:05  17,7   06:26   6,9  23,0   0,2   1,5  24,1   14:49   ESE
19  23,7  28,4   15:46  17,7   06:48   6,3  23,7   0,0   1,3  25,7   15:10    SE
20  24,5  31,8   13:20  17,5   06:52   5,5  24,5   0,0   1,7  24,1   14:15    SE
21  25,6  32,2   16:36  18,9   06:32   4,7  25,6   0,0   1,1  20,9   14:55    SE
22  26,6  34,1   13:28  18,6   06:36   4,3  26,6   0,0   1,2  20,9   15:05    SE
23  26,6  34,7   14:55  18,6   06:21   4,4  26,6   0,0   1,4  25,7   16:55    SE
24  26,8  34,2   14:02  18,6   06:17   4,1  26,8   0,0   1,2  20,9   14:34    SE
25  26,5  32,8   13:58  19,2   06:51   4,1  26,5   0,0   1,4  22,5   15:58   ESE
26  26,6  34,2   13:29  19,3   06:51   4,2  26,6   0,4   1,3  27,4   13:38   SSE
27  22,1  26,2   17:39  19,2   11:30   7,8  22,1  30,0   0,6  22,5   11:18   ESE
28  21,7  27,5   15:46  14,9   06:12   8,3  21,7   0,4   1,4  20,9   15:01   ESE
29  23,4  30,3   16:24  16,5   06:41   6,5  23,3   0,0   1,9  25,7   15:27    SE
30  24,3  28,6   16:12  20,6   03:11   5,7  24,3   0,0   1,8  25,7   13:45    SE
31  23,7  28,7   12:41  20,4   04:47   6,3  23,7   0,0   1,2  25,7   13:05    SE
----------------------------------------------------------------------------------
    24,9  34,7    23    14,9    28   166,8 771,0  69,2   1,5  33,8    16      SE

Max >=  30,0: 25
Max <=  10,0:  0
Min <=   0,0:  0
Min <=  -5,0:  0
Max Rain: 30,0 on day 27
Days of Rain: 10 (>= 0,2 mm)  3 (>= 10,0 mm)  2 (>= 20,0 mm)
Heat Base: 30,0  Cool Base: 0,0  Method: Integration