Resums Climàtics NOAA

Selecciona un any o mes per veure el resum
2020: Gen Feb Mar abr Mai Jun jul Ago Set Oct Nov Des
2019: Gen Feb Mar abr Mai Jun jul Ago Set Oct Nov Des
2018: Gen Feb Mar abr Mai Jun jul Ago Set Oct Nov Des
2017: Gen Feb Mar abr Mai Jun jul Ago Set Oct Nov Des
2016: Gen Feb Mar abr Mai Jun jul Ago Set Oct Nov Des

Resum 2019 Agost
                   Monthly Climatological Summary for ag. 2019

Name: Sant Baldiri   City: Lliçà d'Amunt   State: Barcelona
Elevation: 137 m  Lat: N 41° 36' 11"   Lon: E 002° 14' 24"

                  Temperature (°C), Rain (mm), Wind Speed (km/h)

                                      Heat  Cool        Avg
    Mean                              Deg   Deg         Wind                 Dom
Day Temp  High   Time   Low    Time   Days  Days  Rain  Speed High   Time    Dir
----------------------------------------------------------------------------------
 1  24,8  32,2   16:07  18,6   05:30   5,4  24,8   0,0   1,3  22,5   14:57     E
 2  24,7  32,7   13:03  17,6   07:16   5,5  24,7   0,0   1,7  27,4   14:37    SE
 3  25,0  32,4   13:05  17,6   05:47   5,3  25,0   0,0   1,7  25,7   16:13   SSE
 4  26,0  33,7   13:20  18,0   07:19   4,6  26,0   0,0   1,5  27,4   14:36    SE
 5  26,5  34,2   13:49  19,6   05:24   4,3  26,5   0,0   1,3  22,5   14:40    SE
 6  26,2  33,7   15:45  19,1   06:28   3,9  24,4   0,0   1,1  22,5   12:30    SE
 7  26,0  30,8   12:19  22,9   07:05   4,0  26,0   0,0   1,0  24,1   15:16    SE
 8  27,1  32,4   12:41  21,3   07:23   3,4  27,1   0,0   1,6  24,1   13:07    SE
 9  27,4  35,7   14:27  19,8   07:14   3,7  27,2   0,0   1,3  22,5   12:10    SE
10  27,0  32,9   13:02  21,4   07:03   3,3  27,0   0,0   1,5  24,1   13:57   ESE
11  25,7  31,9   13:58  19,9   06:21   4,5  25,7   0,0   1,4  24,1   14:49    SE
12  23,4  28,8   15:39  20,2   06:47   6,6  23,4  11,4   1,4  22,5   16:59    SE
13  22,4  29,3   14:30  17,2   05:22   7,6  22,4   0,0   1,7  27,4   12:50   SSE
14  22,4  28,2   13:39  16,9   06:24   7,6  22,4   0,0   1,3  22,5   12:42    SE
15  23,3  30,0   15:25  17,6   05:46   6,7  23,1   0,2   1,7  24,1   12:52   ESE
16  24,3  28,9   18:14  21,6   04:21   5,7  24,3   0,0   0,8  20,9   14:05   SSE
17  24,7  31,8   13:10  17,9   06:52   5,5  24,7   0,0   1,5  25,7   16:41   SSE
18  25,1  32,7   13:24  17,9   07:02   5,2  25,1   0,0   1,4  25,7   15:14   SSE
19  25,0  30,2   14:24  20,6   07:32   5,0  25,0   0,0   1,5  22,5   13:41     E
20  24,6  29,9   16:50  20,6   23:59   5,4  24,6   0,0   1,0  20,9   17:38   ENE
21  22,3  28,9   13:08  15,5   07:16   7,7  22,3   0,0   1,5  24,1   13:56    SE
22  24,1  29,9   14:11  18,2   07:49   5,9  24,1   0,0   1,3  25,7   13:51    SE
23  23,4  29,8   13:09  16,6   07:33   6,6  23,4   0,0   1,2  22,5   13:38    SE
24  24,5  31,9   14:17  17,7   07:12   5,7  24,5   0,0   1,0  22,5   15:52    SE
25  25,0  33,2   13:22  18,2   07:08   5,2  25,0   0,0   1,3  25,7   14:02   ESE
26  23,9  32,6   13:18  16,6   07:27   6,3  23,9   0,0   0,8  24,1   15:38    SE
27  21,8  25,1   18:27  19,9   05:46   8,2  21,8  12,8   0,4  20,9   13:04   NNE
28  23,4  30,2   15:36  18,0   07:54   6,6  23,4   0,0   0,9  22,5   14:49   ESE
29  24,4  32,1   14:05  18,3   06:26   5,8  24,4   0,0   0,9  20,9   15:32    SE
30  25,2  32,2   13:06  18,6   07:31   5,1  25,2   0,0   0,9  22,5   14:38   ESE
31  25,0  32,9   13:19  18,9   06:54   5,2  24,9   0,0   0,7  20,9   14:48    SE
----------------------------------------------------------------------------------
    24,7  35,7     9    15,5    21   171,5 762,3  24,4   1,2  27,4     2      SE

Max >=  30,0: 22
Max <=  10,0:  0
Min <=   0,0:  0
Min <=  -5,0:  0
Max Rain: 12,8 on day 27
Days of Rain: 3 (>= 0,2 mm)  2 (>= 10,0 mm)  0 (>= 20,0 mm)
Heat Base: 30,0  Cool Base: 0,0  Method: Integration