Resums Climàtics NOAA

Selecciona un any o mes per veure el resum
2020: Gen Feb Mar abr Mai Jun jul Ago Set Oct Nov Des
2019: Gen Feb Mar abr Mai Jun jul Ago Set Oct Nov Des
2018: Gen Feb Mar abr Mai Jun jul Ago Set Oct Nov Des
2017: Gen Feb Mar abr Mai Jun jul Ago Set Oct Nov Des
2016: Gen Feb Mar abr Mai Jun jul Ago Set Oct Nov Des

Resum 2019 Setembre
                   Monthly Climatological Summary for set. 2019

Name: Sant Baldiri   City: Lliçà d'Amunt   State: Barcelona
Elevation: 137 m  Lat: N 41° 36' 11"   Lon: E 002° 14' 24"

                  Temperature (°C), Rain (mm), Wind Speed (km/h)

                                      Heat  Cool        Avg
    Mean                              Deg   Deg         Wind                 Dom
Day Temp  High   Time   Low    Time   Days  Days  Rain  Speed High   Time    Dir
----------------------------------------------------------------------------------
 1  23,6  30,7   15:32  17,4   07:00   6,4  23,6   0,0   1,1  22,5   17:55   SSE
 2  22,4  27,8   13:56  18,9   05:00   7,6  22,4   2,6   1,9  33,8   17:05   ESE
 3  22,3  28,7   13:43  16,2   07:19   7,7  22,3   0,2   1,1  24,1   15:22    SE
 4  22,5  29,8   13:16  16,1   07:46   7,5  22,5   0,0   1,0  24,1   11:51   SSE
 5  20,9  27,8   13:36  16,9   07:04   9,1  20,9   7,0   1,3  27,4   15:18    SE
 6  19,6  25,3   13:41  14,1   07:26  10,4  19,6   0,2   1,1  22,5   13:56    SE
 7  20,1  26,6   14:15  14,6   07:22   9,9  20,1   0,0   1,4  29,0   14:04   SSE
 8  19,8  25,3   12:10  14,8   07:31  10,2  19,8   0,0   1,8  25,7   17:43   ESE
 9  21,5  26,1   15:57  18,0   07:42   8,5  21,5   0,0   0,9  22,5   14:32   SSE
10  16,2  21,1   00:00  13,8   21:27  13,8  16,2  11,8   1,4  24,1   03:41   NNE
11  20,0  25,2   17:40  13,8   00:08  10,0  19,9   1,8   6,1  38,6   16:32   NNE
12  22,0  31,1   15:39  13,4   07:34   8,1  22,0   0,0   0,7  20,9   18:42    NE
13  21,4  28,9   16:09  14,1   07:19   8,6  21,4   0,0   1,7  22,5   16:20   NNE
14  23,8  29,6   13:48  17,9   02:15   6,2  23,8   0,6   2,7  27,4   12:13   NNE
15  23,4  30,8   15:13  16,9   08:13   6,6  23,4   0,0   2,7  29,0   16:27    NE
16  22,5  29,2   16:41  16,6   05:56   7,5  22,5   0,0   0,5  14,5   12:44    SE
17  22,0  29,8   13:13  15,2   07:18   8,0  22,0   0,0   0,7  24,1   13:48    SE
18  22,2  31,1   13:26  15,7   07:36   7,8  22,2   0,0   0,8  20,9   14:58   ESE
19  21,9  29,1   13:41  16,5   07:31   8,1  21,9   0,0   1,0  22,5   15:07    SE
20  21,1  28,2   13:39  14,8   07:24   8,9  20,9   0,0   1,2  24,1   17:29   ESE
21  19,8  22,2   17:35  17,2   23:46  10,2  19,8  26,0   1,4  30,6   12:52   NNE
22  21,5  28,7   15:53  16,1   06:38   8,5  21,4   1,6   0,9  24,1   12:52     S
23  20,0  25,9   13:56  15,0   07:28  10,0  20,0   0,0   1,3  30,6   13:50     S
24  22,3  32,7   17:01  13,9   07:21   8,1  22,3   0,0   1,3  25,7   15:58    SO
25  20,1  25,2   13:00  16,5   08:07   9,9  20,1   0,0   0,5  20,9   13:37    SE
26  20,9  26,6   13:54  15,6   07:35   9,1  20,9   0,0   0,5  24,1   15:53   SSE
27  21,1  26,8   16:37  15,7   06:10   8,9  21,1   0,0   0,8  24,1   12:53   SSE
28  21,4  26,1   14:59  16,8   23:55   8,6  21,4   0,0   0,7  22,5   15:52     S
29  21,5  31,0   15:11  14,0   08:06   8,5  21,5   0,2   1,0  33,8   15:01     S
30  20,5  27,1   14:37  15,3   07:32   9,5  20,5   0,0   1,0  24,1   15:44   SSE
----------------------------------------------------------------------------------
    21,3  32,7    24    13,4    12   262,2 637,9  52,0   1,4  38,6    11       E

Max >=  30,0:  6
Max <=  10,0:  0
Min <=   0,0:  0
Min <=  -5,0:  0
Max Rain: 26,0 on day 21
Days of Rain: 10 (>= 0,2 mm)  2 (>= 10,0 mm)  1 (>= 20,0 mm)
Heat Base: 30,0  Cool Base: 0,0  Method: Integration