Resums Climàtics NOAA

Selecciona un any o mes per veure el resum
2020: Gen Feb Mar abr Mai Jun jul Ago Set Oct Nov Des
2019: Gen Feb Mar abr Mai Jun jul Ago Set Oct Nov Des
2018: Gen Feb Mar abr Mai Jun jul Ago Set Oct Nov Des
2017: Gen Feb Mar abr Mai Jun jul Ago Set Oct Nov Des
2016: Gen Feb Mar abr Mai Jun jul Ago Set Oct Nov Des

Resum 2019 Octubre
                   Monthly Climatological Summary for oct. 2019

Name: Sant Baldiri   City: Lliçà d'Amunt   State: Barcelona
Elevation: 137 m  Lat: N 41° 36' 11"   Lon: E 002° 14' 24"

                  Temperature (°C), Rain (mm), Wind Speed (km/h)

                                      Heat  Cool        Avg
    Mean                              Deg   Deg         Wind                 Dom
Day Temp  High   Time   Low    Time   Days  Days  Rain  Speed High   Time    Dir
----------------------------------------------------------------------------------
 1  20,8  28,1   14:05  14,3   06:55   9,2  20,8   0,2   0,5  19,3   13:18    SE
 2  20,0  26,7   15:21  15,1   07:29  10,0  20,0   0,0   0,9  20,9   15:42    SE
 3  18,3  25,7   14:49  13,6   07:49  11,7  18,3   0,0   0,7  17,7   16:16    SE
 4  18,5  26,1   16:54  12,3   04:54  11,5  18,4   0,0   0,3  22,5   17:22    SE
 5  18,5  23,3   15:06  14,4   04:00  11,5  18,5   0,0   0,6  20,9   14:13     S
 6  18,3  22,2   15:30  14,9   04:32  11,7  18,3   0,0   0,5  17,7   14:36    SE
 7  18,8  26,8   15:35  14,0   08:59  11,2  18,8   0,0   0,5  17,7   12:10   SSE
 8  19,4  26,9   15:46  13,6   07:43  10,6  19,4   0,0   1,4  24,1   13:30   SSO
 9  17,9  23,3   16:34  14,2   07:21  12,1  17,9   0,2   0,3  22,5   17:28   NNE
10  18,2  21,2   15:40  16,2   04:06  11,8  18,2   0,0   0,5  20,9   14:12   SSO
11  19,8  24,3   16:18  17,4   00:00  10,2  19,8   0,0   0,6  20,9   14:21   SSO
12  19,5  25,6   13:48  16,1   06:45  10,5  19,5   0,2   0,6  16,1   14:18    SE
13  20,6  25,9   13:54  16,9   04:45   9,4  20,6   0,0   0,9  20,9   16:05   ESE
14  19,7  26,8   15:05  15,2   07:36  10,3  19,7   2,8   0,6  14,5   13:47   ENE
15  16,5  22,2   16:13  11,5   23:59  13,4  16,4  10,6   1,2  24,1   02:08     O
16  15,5  24,8   15:40   8,1   08:23  14,5  15,4   0,0   1,3  25,7   13:47    SO
17  16,3  25,2   14:42   8,6   08:17  13,7  16,3   0,0   0,7  22,5   15:24    SE
18  16,8  25,2   16:02  10,8   06:25  13,2  16,8   0,0   0,2  19,3   16:47   SSE
19  18,2  24,9   14:10  12,4   07:41  11,8  18,2   0,0   0,8  25,7   13:57   SSE
20  19,0  25,1   12:53  14,8   23:56  11,0  19,0  16,8   0,6  19,3   06:30    SO
21  14,3  17,3   15:19  11,9   06:43  15,7  14,3   0,2   0,2  12,9   17:12    NE
22  16,5  19,6   22:02  13,3   00:56  13,5  16,4  19,4   8,3  59,5   23:52   NNE
23  15,9  20,2   14:24  11,7   23:08  14,1  15,9  32,4   1,2  25,7   02:05     S
24  14,0  20,6   14:32   9,1   08:02  16,0  14,0   0,2   0,5  24,1   17:54   OSO
25  14,9  22,7   16:14   8,9   07:43  15,0  14,8   0,2   0,2  14,5   15:10   SSO
26  14,5  23,7   15:46   8,1   08:34  15,5  14,5   0,0   0,0   9,7   15:05   SSE
27  15,3  24,5   14:37   9,6   06:54  15,3  15,9   0,4   0,2  12,9   16:10     S
28  14,8  19,8   15:16  10,2   04:51  15,2  14,8   0,2   0,2  14,5   12:43    SO
29  15,4  22,4   15:22  10,0   07:31  14,6  15,4   0,2   0,0   8,0   13:14    SE
30  16,1  24,4   15:06  10,6   07:44  13,9  16,1   0,4   0,2  16,1   15:13     S
31  16,2  21,7   14:50  12,4   23:39  13,8  16,2   0,0   0,2  20,9   15:42   SSO
----------------------------------------------------------------------------------
    17,4  28,1     1     8,1    16   391,9 538,6  84,4   0,8  59,5    22     ESE

Max >=  30,0:  0
Max <=  10,0:  0
Min <=   0,0:  0
Min <=  -5,0:  0
Max Rain: 32,4 on day 23
Days of Rain: 15 (>= 0,2 mm)  4 (>= 10,0 mm)  1 (>= 20,0 mm)
Heat Base: 30,0  Cool Base: 0,0  Method: Integration